{"id":63433,"date":"2022-05-26T13:17:22","date_gmt":"2022-05-26T11:17:22","guid":{"rendered":"\/?post_type=territorio&#038;p=63433"},"modified":"2022-05-26T14:14:17","modified_gmt":"2022-05-26T12:14:17","slug":"que-es-un-runrun-quien-ha-puesto-la-pancarta","status":"publish","type":"territorio","link":"https:\/\/ivam.es\/es\/territori\/que-es-un-runrun-quien-ha-puesto-la-pancarta\/","title":{"rendered":"\u00bfQu\u00e9 es un runr\u00fan? \u00bfQui\u00e9n ha puesto la pancarta?"},"content":{"rendered":"\n<h1 class=\"text-left\">\u00bfQu\u00e9 es un runr\u00fan? \u00bfQui\u00e9n ha puesto la pancarta?<\/h1>\n\n\n\n<figure class=\"wp-block-image size-large\"><a href=\"\/wp-content\/uploads\/e55.jpg\"><img loading=\"lazy\" decoding=\"async\" width=\"1024\" height=\"750\" src=\"\/wp-content\/uploads\/e55.jpg\" alt=\"\" class=\"wp-image-63434\" srcset=\"https:\/\/ivam.es\/wp-content\/uploads\/e55.jpg 1024w, https:\/\/ivam.es\/wp-content\/uploads\/e55-300x220.jpg 300w, https:\/\/ivam.es\/wp-content\/uploads\/e55-768x563.jpg 768w, https:\/\/ivam.es\/wp-content\/uploads\/e55-377x277.jpg 377w, https:\/\/ivam.es\/wp-content\/uploads\/e55-280x205.jpg 280w, https:\/\/ivam.es\/wp-content\/uploads\/e55-467x342.jpg 467w, https:\/\/ivam.es\/wp-content\/uploads\/e55-231x169.jpg 231w, https:\/\/ivam.es\/wp-content\/uploads\/e55-500x366.jpg 500w\" sizes=\"auto, (max-width: 1024px) 100vw, 1024px\" \/><\/a><\/figure>\n\n\n\n<hr class=\"wp-block-separator has-text-color has-background\" style=\"background-color:#ffffff;color:#ffffff\"\/>\n\n\n\n<h4 class=\"text-left\">[CRA El Pinar: 14\/09\/2021]<\/h4>\n\n\n\n<p>Ha aparecido una pancarta misteriosa en los aularios del CRA El Pinar en Alcublas e Higueruelas, en la que pone \u201cEl runr\u00fan ser\u00e1 memorable\u201d y una fecha. Las profesoras de la escuela dicen que no han sido ellas y no tenemos claro qu\u00e9 significa lo del runr\u00fan&#8230; Algunas de las primeras suposiciones son:\u00bbAlgo memorable es que es s\u00faper\u00bb (piensa Lauty de 6\u00ba de primaria); \u00abYo creo que es una moto\u00bb (dice Marei de Infantil); \u00abEs una moto seguro, porque hace runr\u00fan\u00bb (asegura Edurne, tambi\u00e9n de Infantil).<\/p>\n\n\n\n<p>Pero, \u00bfqui\u00e9n ha sido? Un d\u00eda despu\u00e9s nos llegan unas invitaciones de parte del IVAM, \u00bfpor qu\u00e9 han llegado estas invitaciones al cole? \u00bfQu\u00e9 ideas tenemos de qu\u00e9 es un museo? \u00bfQui\u00e9n est\u00e1 realizando todas estas acciones misteriosas? \u201cHan podido ser las de la limpieza, que est\u00e1n por las tardes en el cole y tienen llaves.\u201d (dice \u00c1ngela de 3\u00ba de primaria); \u201cHa podido ser el pastor o las ovejas que estaban ese d\u00eda por el pueblo\u201d piensa (Migue de 3\u00ba de primaria); \u201c\u00a1Ha sido un graffitero! Por la letra de la pancarta\u201d (exclama Enzo de 2\u00ba de primaria).<\/p>\n\n\n\n<p>Sobre todo, ocurre algo muy extra\u00f1o en la escuela que no pasa siempre\u2026 \u201cSi no lo han puesto los profes\u2026 \u00bfpara qu\u00e9 van a ponerlo en el cole?\u201d (se preguntan diferentes alumnos).<\/p>\n\n\n\n<p>Y es que\u2026 el runr\u00fan ha llegado y ha inundado de dudas a la comunidad escolar\u2026 parece que nadie sabe la respuesta\u2026 \u00a1habr\u00e1 que seguir esperando!<\/p>\n","protected":false},"featured_media":63434,"template":"","cat_territorio":[436],"class_list":["post-63433","territorio","type-territorio","status-publish","has-post-thumbnail","hentry","cat_territorio-contexto"],"yoast_head":"<!-- This site is optimized with the Yoast SEO plugin v26.0 - https:\/\/yoast.com\/wordpress\/plugins\/seo\/ -->\n<title>\u00bfQu\u00e9 es un runr\u00fan? \u00bfQui\u00e9n ha puesto la pancarta? - IVAM<\/title>\n<meta name=\"robots\" content=\"index, follow, max-snippet:-1, max-image-preview:large, max-video-preview:-1\" \/>\n<link rel=\"canonical\" href=\"https:\/\/ivam.es\/es\/territori\/que-es-un-runrun-quien-ha-puesto-la-pancarta\/\" \/>\n<meta property=\"og:locale\" content=\"es_ES\" \/>\n<meta property=\"og:type\" content=\"article\" \/>\n<meta property=\"og:title\" content=\"\u00bfQu\u00e9 es un runr\u00fan? \u00bfQui\u00e9n ha puesto la pancarta? - IVAM\" \/>\n<meta property=\"og:description\" content=\"\u00bfQu\u00e9 es un runr\u00fan? \u00bfQui\u00e9n ha puesto la pancarta? [CRA El Pinar: 14\/09\/2021] Ha aparecido una pancarta misteriosa en los aularios del CRA El Pinar en Alcublas e Higueruelas, en la que pone \u201cEl runr\u00fan ser\u00e1 memorable\u201d y una fecha. Las profesoras de la escuela dicen que no han sido ellas y no tenemos claro [&hellip;]\" \/>\n<meta property=\"og:url\" content=\"https:\/\/ivam.es\/es\/territori\/que-es-un-runrun-quien-ha-puesto-la-pancarta\/\" \/>\n<meta property=\"og:site_name\" content=\"IVAM\" \/>\n<meta property=\"article:modified_time\" content=\"2022-05-26T12:14:17+00:00\" \/>\n<meta property=\"og:image\" content=\"https:\/\/ivam.es\/wp-content\/uploads\/e55.jpg\" \/>\n\t<meta property=\"og:image:width\" content=\"1024\" \/>\n\t<meta property=\"og:image:height\" content=\"750\" \/>\n\t<meta property=\"og:image:type\" content=\"image\/jpeg\" \/>\n<meta name=\"twitter:card\" content=\"summary_large_image\" \/>\n<meta name=\"twitter:label1\" content=\"Tiempo de lectura\" \/>\n\t<meta name=\"twitter:data1\" content=\"1 minuto\" \/>\n<script type=\"application\/ld+json\" class=\"yoast-schema-graph\">{\"@context\":\"https:\/\/schema.org\",\"@graph\":[{\"@type\":\"WebPage\",\"@id\":\"https:\/\/ivam.es\/es\/territori\/que-es-un-runrun-quien-ha-puesto-la-pancarta\/\",\"url\":\"https:\/\/ivam.es\/es\/territori\/que-es-un-runrun-quien-ha-puesto-la-pancarta\/\",\"name\":\"\u00bfQu\u00e9 es un runr\u00fan? \u00bfQui\u00e9n ha puesto la pancarta? - IVAM\",\"isPartOf\":{\"@id\":\"https:\/\/ivam.es\/es\/#website\"},\"primaryImageOfPage\":{\"@id\":\"https:\/\/ivam.es\/es\/territori\/que-es-un-runrun-quien-ha-puesto-la-pancarta\/#primaryimage\"},\"image\":{\"@id\":\"https:\/\/ivam.es\/es\/territori\/que-es-un-runrun-quien-ha-puesto-la-pancarta\/#primaryimage\"},\"thumbnailUrl\":\"https:\/\/ivam.es\/wp-content\/uploads\/e55.jpg\",\"datePublished\":\"2022-05-26T11:17:22+00:00\",\"dateModified\":\"2022-05-26T12:14:17+00:00\",\"breadcrumb\":{\"@id\":\"https:\/\/ivam.es\/es\/territori\/que-es-un-runrun-quien-ha-puesto-la-pancarta\/#breadcrumb\"},\"inLanguage\":\"es\",\"potentialAction\":[{\"@type\":\"ReadAction\",\"target\":[\"https:\/\/ivam.es\/es\/territori\/que-es-un-runrun-quien-ha-puesto-la-pancarta\/\"]}]},{\"@type\":\"ImageObject\",\"inLanguage\":\"es\",\"@id\":\"https:\/\/ivam.es\/es\/territori\/que-es-un-runrun-quien-ha-puesto-la-pancarta\/#primaryimage\",\"url\":\"https:\/\/ivam.es\/wp-content\/uploads\/e55.jpg\",\"contentUrl\":\"https:\/\/ivam.es\/wp-content\/uploads\/e55.jpg\",\"width\":1024,\"height\":750},{\"@type\":\"BreadcrumbList\",\"@id\":\"https:\/\/ivam.es\/es\/territori\/que-es-un-runrun-quien-ha-puesto-la-pancarta\/#breadcrumb\",\"itemListElement\":[{\"@type\":\"ListItem\",\"position\":1,\"name\":\"Home\",\"item\":\"https:\/\/ivam.es\/es\/\"},{\"@type\":\"ListItem\",\"position\":2,\"name\":\"\u00bfQu\u00e9 es un runr\u00fan? \u00bfQui\u00e9n ha puesto la pancarta?\"}]},{\"@type\":\"WebSite\",\"@id\":\"https:\/\/ivam.es\/es\/#website\",\"url\":\"https:\/\/ivam.es\/es\/\",\"name\":\"IVAM\",\"description\":\"Institut Valenci\u00e0 d&#039;Art Modern\",\"publisher\":{\"@id\":\"https:\/\/ivam.es\/es\/#organization\"},\"potentialAction\":[{\"@type\":\"SearchAction\",\"target\":{\"@type\":\"EntryPoint\",\"urlTemplate\":\"https:\/\/ivam.es\/es\/?s={search_term_string}\"},\"query-input\":{\"@type\":\"PropertyValueSpecification\",\"valueRequired\":true,\"valueName\":\"search_term_string\"}}],\"inLanguage\":\"es\"},{\"@type\":\"Organization\",\"@id\":\"https:\/\/ivam.es\/es\/#organization\",\"name\":\"IVAM\",\"url\":\"https:\/\/ivam.es\/es\/\",\"logo\":{\"@type\":\"ImageObject\",\"inLanguage\":\"es\",\"@id\":\"https:\/\/ivam.es\/es\/#\/schema\/logo\/image\/\",\"url\":\"https:\/\/ivam.es\/wp-content\/uploads\/logo-ok-512.png\",\"contentUrl\":\"https:\/\/ivam.es\/wp-content\/uploads\/logo-ok-512.png\",\"width\":512,\"height\":512,\"caption\":\"IVAM\"},\"image\":{\"@id\":\"https:\/\/ivam.es\/es\/#\/schema\/logo\/image\/\"}}]}<\/script>\n<!-- \/ Yoast SEO plugin. -->","yoast_head_json":{"title":"\u00bfQu\u00e9 es un runr\u00fan? \u00bfQui\u00e9n ha puesto la pancarta? - IVAM","robots":{"index":"index","follow":"follow","max-snippet":"max-snippet:-1","max-image-preview":"max-image-preview:large","max-video-preview":"max-video-preview:-1"},"canonical":"https:\/\/ivam.es\/es\/territori\/que-es-un-runrun-quien-ha-puesto-la-pancarta\/","og_locale":"es_ES","og_type":"article","og_title":"\u00bfQu\u00e9 es un runr\u00fan? \u00bfQui\u00e9n ha puesto la pancarta? - IVAM","og_description":"\u00bfQu\u00e9 es un runr\u00fan? \u00bfQui\u00e9n ha puesto la pancarta? [CRA El Pinar: 14\/09\/2021] Ha aparecido una pancarta misteriosa en los aularios del CRA El Pinar en Alcublas e Higueruelas, en la que pone \u201cEl runr\u00fan ser\u00e1 memorable\u201d y una fecha. Las profesoras de la escuela dicen que no han sido ellas y no tenemos claro [&hellip;]","og_url":"https:\/\/ivam.es\/es\/territori\/que-es-un-runrun-quien-ha-puesto-la-pancarta\/","og_site_name":"IVAM","article_modified_time":"2022-05-26T12:14:17+00:00","og_image":[{"width":1024,"height":750,"url":"https:\/\/ivam.es\/wp-content\/uploads\/e55.jpg","type":"image\/jpeg"}],"twitter_card":"summary_large_image","twitter_misc":{"Tiempo de lectura":"1 minuto"},"schema":{"@context":"https:\/\/schema.org","@graph":[{"@type":"WebPage","@id":"https:\/\/ivam.es\/es\/territori\/que-es-un-runrun-quien-ha-puesto-la-pancarta\/","url":"https:\/\/ivam.es\/es\/territori\/que-es-un-runrun-quien-ha-puesto-la-pancarta\/","name":"\u00bfQu\u00e9 es un runr\u00fan? \u00bfQui\u00e9n ha puesto la pancarta? - IVAM","isPartOf":{"@id":"https:\/\/ivam.es\/es\/#website"},"primaryImageOfPage":{"@id":"https:\/\/ivam.es\/es\/territori\/que-es-un-runrun-quien-ha-puesto-la-pancarta\/#primaryimage"},"image":{"@id":"https:\/\/ivam.es\/es\/territori\/que-es-un-runrun-quien-ha-puesto-la-pancarta\/#primaryimage"},"thumbnailUrl":"https:\/\/ivam.es\/wp-content\/uploads\/e55.jpg","datePublished":"2022-05-26T11:17:22+00:00","dateModified":"2022-05-26T12:14:17+00:00","breadcrumb":{"@id":"https:\/\/ivam.es\/es\/territori\/que-es-un-runrun-quien-ha-puesto-la-pancarta\/#breadcrumb"},"inLanguage":"es","potentialAction":[{"@type":"ReadAction","target":["https:\/\/ivam.es\/es\/territori\/que-es-un-runrun-quien-ha-puesto-la-pancarta\/"]}]},{"@type":"ImageObject","inLanguage":"es","@id":"https:\/\/ivam.es\/es\/territori\/que-es-un-runrun-quien-ha-puesto-la-pancarta\/#primaryimage","url":"https:\/\/ivam.es\/wp-content\/uploads\/e55.jpg","contentUrl":"https:\/\/ivam.es\/wp-content\/uploads\/e55.jpg","width":1024,"height":750},{"@type":"BreadcrumbList","@id":"https:\/\/ivam.es\/es\/territori\/que-es-un-runrun-quien-ha-puesto-la-pancarta\/#breadcrumb","itemListElement":[{"@type":"ListItem","position":1,"name":"Home","item":"https:\/\/ivam.es\/es\/"},{"@type":"ListItem","position":2,"name":"\u00bfQu\u00e9 es un runr\u00fan? \u00bfQui\u00e9n ha puesto la pancarta?"}]},{"@type":"WebSite","@id":"https:\/\/ivam.es\/es\/#website","url":"https:\/\/ivam.es\/es\/","name":"IVAM","description":"Institut Valenci\u00e0 d&#039;Art Modern","publisher":{"@id":"https:\/\/ivam.es\/es\/#organization"},"potentialAction":[{"@type":"SearchAction","target":{"@type":"EntryPoint","urlTemplate":"https:\/\/ivam.es\/es\/?s={search_term_string}"},"query-input":{"@type":"PropertyValueSpecification","valueRequired":true,"valueName":"search_term_string"}}],"inLanguage":"es"},{"@type":"Organization","@id":"https:\/\/ivam.es\/es\/#organization","name":"IVAM","url":"https:\/\/ivam.es\/es\/","logo":{"@type":"ImageObject","inLanguage":"es","@id":"https:\/\/ivam.es\/es\/#\/schema\/logo\/image\/","url":"https:\/\/ivam.es\/wp-content\/uploads\/logo-ok-512.png","contentUrl":"https:\/\/ivam.es\/wp-content\/uploads\/logo-ok-512.png","width":512,"height":512,"caption":"IVAM"},"image":{"@id":"https:\/\/ivam.es\/es\/#\/schema\/logo\/image\/"}}]}},"_links":{"self":[{"href":"https:\/\/ivam.es\/es\/wp-json\/wp\/v2\/territorio\/63433","targetHints":{"allow":["GET"]}}],"collection":[{"href":"https:\/\/ivam.es\/es\/wp-json\/wp\/v2\/territorio"}],"about":[{"href":"https:\/\/ivam.es\/es\/wp-json\/wp\/v2\/types\/territorio"}],"wp:featuredmedia":[{"embeddable":true,"href":"https:\/\/ivam.es\/es\/wp-json\/wp\/v2\/media\/63434"}],"wp:attachment":[{"href":"https:\/\/ivam.es\/es\/wp-json\/wp\/v2\/media?parent=63433"}],"wp:term":[{"taxonomy":"cat_territorio","embeddable":true,"href":"https:\/\/ivam.es\/es\/wp-json\/wp\/v2\/cat_territorio?post=63433"}],"curies":[{"name":"wp","href":"https:\/\/api.w.org\/{rel}","templated":true}]}}

¿Qué es un runrún? ¿Quién ha puesto la pancarta?

<h1 class="text-left">¿Qué es un runrún? ¿Quién ha puesto la pancarta?</h1>



<figure class="wp-block-image size-large"><a href="/wp-content/uploads/e55.jpg"><img loading="lazy" decoding="async" width="1024" height="750" src="/wp-content/uploads/e55.jpg" alt="" class="wp-image-63434" srcset="https://ivam.es/wp-content/uploads/e55.jpg 1024w, https://ivam.es/wp-content/uploads/e55-300x220.jpg 300w, https://ivam.es/wp-content/uploads/e55-768x563.jpg 768w, https://ivam.es/wp-content/uploads/e55-377x277.jpg 377w, https://ivam.es/wp-content/uploads/e55-280x205.jpg 280w, https://ivam.es/wp-content/uploads/e55-467x342.jpg 467w, https://ivam.es/wp-content/uploads/e55-231x169.jpg 231w, https://ivam.es/wp-content/uploads/e55-500x366.jpg 500w" sizes="auto, (max-width: 1024px) 100vw, 1024px" /></a></figure>



<hr class="wp-block-separator has-text-color has-background" style="background-color:#ffffff;color:#ffffff"/>



<h4 class="text-left">[CRA El Pinar: 14/09/2021]</h4>



<p>Ha aparecido una pancarta misteriosa en los aularios del CRA El Pinar en Alcublas e Higueruelas, en la que pone “El runrún será memorable” y una fecha. Las profesoras de la escuela dicen que no han sido ellas y no tenemos claro qué significa lo del runrún&#8230; Algunas de las primeras suposiciones son:»Algo memorable es que es súper» (piensa Lauty de 6º de primaria); «Yo creo que es una moto» (dice Marei de Infantil); «Es una moto seguro, porque hace runrún» (asegura Edurne, también de Infantil).</p>



<p>Pero, ¿quién ha sido? Un día después nos llegan unas invitaciones de parte del IVAM, ¿por qué han llegado estas invitaciones al cole? ¿Qué ideas tenemos de qué es un museo? ¿Quién está realizando todas estas acciones misteriosas? “Han podido ser las de la limpieza, que están por las tardes en el cole y tienen llaves.” (dice Ángela de 3º de primaria); “Ha podido ser el pastor o las ovejas que estaban ese día por el pueblo” piensa (Migue de 3º de primaria); “¡Ha sido un graffitero! Por la letra de la pancarta” (exclama Enzo de 2º de primaria).</p>



<p>Sobre todo, ocurre algo muy extraño en la escuela que no pasa siempre… “Si no lo han puesto los profes… ¿para qué van a ponerlo en el cole?” (se preguntan diferentes alumnos).</p>



<p>Y es que… el runrún ha llegado y ha inundado de dudas a la comunidad escolar… parece que nadie sabe la respuesta… ¡habrá que seguir esperando!</p>

<!-- This site is optimized with the Yoast SEO plugin v26.0 - https://yoast.com/wordpress/plugins/seo/ -->
<title>¿Qué es un runrún? ¿Quién ha puesto la pancarta? - IVAM</title>
<meta name="robots" content="index, follow, max-snippet:-1, max-image-preview:large, max-video-preview:-1" />
<link rel="canonical" href="https://ivam.es/es/territori/que-es-un-runrun-quien-ha-puesto-la-pancarta/" />
<meta property="og:locale" content="es_ES" />
<meta property="og:type" content="article" />
<meta property="og:title" content="¿Qué es un runrún? ¿Quién ha puesto la pancarta? - IVAM" />
<meta property="og:description" content="¿Qué es un runrún? ¿Quién ha puesto la pancarta? [CRA El Pinar: 14/09/2021] Ha aparecido una pancarta misteriosa en los aularios del CRA El Pinar en Alcublas e Higueruelas, en la que pone “El runrún será memorable” y una fecha. Las profesoras de la escuela dicen que no han sido ellas y no tenemos claro [&hellip;]" />
<meta property="og:url" content="https://ivam.es/es/territori/que-es-un-runrun-quien-ha-puesto-la-pancarta/" />
<meta property="og:site_name" content="IVAM" />
<meta property="article:modified_time" content="2022-05-26T12:14:17+00:00" />
<meta property="og:image" content="https://ivam.es/wp-content/uploads/e55.jpg" />
	<meta property="og:image:width" content="1024" />
	<meta property="og:image:height" content="750" />
	<meta property="og:image:type" content="image/jpeg" />
<meta name="twitter:card" content="summary_large_image" />
<meta name="twitter:label1" content="Tiempo de lectura" />
	<meta name="twitter:data1" content="1 minuto" />
<script type="application/ld+json" class="yoast-schema-graph">{"@context":"https://schema.org","@graph":[{"@type":"WebPage","@id":"https://ivam.es/es/territori/que-es-un-runrun-quien-ha-puesto-la-pancarta/","url":"https://ivam.es/es/territori/que-es-un-runrun-quien-ha-puesto-la-pancarta/","name":"¿Qué es un runrún? ¿Quién ha puesto la pancarta? - IVAM","isPartOf":{"@id":"https://ivam.es/es/#website"},"primaryImageOfPage":{"@id":"https://ivam.es/es/territori/que-es-un-runrun-quien-ha-puesto-la-pancarta/#primaryimage"},"image":{"@id":"https://ivam.es/es/territori/que-es-un-runrun-quien-ha-puesto-la-pancarta/#primaryimage"},"thumbnailUrl":"https://ivam.es/wp-content/uploads/e55.jpg","datePublished":"2022-05-26T11:17:22+00:00","dateModified":"2022-05-26T12:14:17+00:00","breadcrumb":{"@id":"https://ivam.es/es/territori/que-es-un-runrun-quien-ha-puesto-la-pancarta/#breadcrumb"},"inLanguage":"es","potentialAction":[{"@type":"ReadAction","target":["https://ivam.es/es/territori/que-es-un-runrun-quien-ha-puesto-la-pancarta/"]}]},{"@type":"ImageObject","inLanguage":"es","@id":"https://ivam.es/es/territori/que-es-un-runrun-quien-ha-puesto-la-pancarta/#primaryimage","url":"https://ivam.es/wp-content/uploads/e55.jpg","contentUrl":"https://ivam.es/wp-content/uploads/e55.jpg","width":1024,"height":750},{"@type":"BreadcrumbList","@id":"https://ivam.es/es/territori/que-es-un-runrun-quien-ha-puesto-la-pancarta/#breadcrumb","itemListElement":[{"@type":"ListItem","position":1,"name":"Home","item":"https://ivam.es/es/"},{"@type":"ListItem","position":2,"name":"¿Qué es un runrún? ¿Quién ha puesto la pancarta?"}]},{"@type":"WebSite","@id":"https://ivam.es/es/#website","url":"https://ivam.es/es/","name":"IVAM","description":"Institut Valencià d&#039;Art Modern","publisher":{"@id":"https://ivam.es/es/#organization"},"potentialAction":[{"@type":"SearchAction","target":{"@type":"EntryPoint","urlTemplate":"https://ivam.es/es/?s={search_term_string}"},"query-input":{"@type":"PropertyValueSpecification","valueRequired":true,"valueName":"search_term_string"}}],"inLanguage":"es"},{"@type":"Organization","@id":"https://ivam.es/es/#organization","name":"IVAM","url":"https://ivam.es/es/","logo":{"@type":"ImageObject","inLanguage":"es","@id":"https://ivam.es/es/#/schema/logo/image/","url":"https://ivam.es/wp-content/uploads/logo-ok-512.png","contentUrl":"https://ivam.es/wp-content/uploads/logo-ok-512.png","width":512,"height":512,"caption":"IVAM"},"image":{"@id":"https://ivam.es/es/#/schema/logo/image/"}}]}</script>
<!-- / Yoast SEO plugin. -->

¿Qué es un runrún? ¿Quién ha puesto la pancarta? - IVAM

¿Qué es un runrún? ¿Quién ha puesto la pancarta? [CRA El Pinar: 14/09/2021] Ha aparecido una pancarta misteriosa en los aularios del CRA El Pinar en Alcublas e Higueruelas, en la que pone “El runrún será memorable” y una fecha. Las profesoras de la escuela dicen que no han sido ellas y no tenemos claro [&hellip;]

Institut Valencià d&#039;Art Modern
