{"id":87710,"date":"2024-05-22T14:36:54","date_gmt":"2024-05-22T12:36:54","guid":{"rendered":"https:\/\/ivam.es\/?page_id=87710"},"modified":"2024-05-22T14:38:20","modified_gmt":"2024-05-22T12:38:20","slug":"sandra-mar","status":"publish","type":"page","link":"https:\/\/ivam.es\/es\/sandra-mar\/","title":{"rendered":"Sandra Mar"},"content":{"rendered":"\n<div style=\"height:30px\" aria-hidden=\"true\" class=\"wp-block-spacer\"><\/div>\n\n\n\n<p class=\"has-text-align-center\"><a href=\"https:\/\/ivam.es\/pac-arxiu\/\">TORNAR<\/a><\/p>\n\n\n\n<div style=\"height:37px\" aria-hidden=\"true\" class=\"wp-block-spacer\"><\/div>\n\n\n\n<div class=\"wp-block-columns is-layout-flex wp-container-core-columns-is-layout-9d6595d7 wp-block-columns-is-layout-flex\">\n<div class=\"wp-block-column is-layout-flow wp-block-column-is-layout-flow\">\n<figure class=\"wp-block-image size-large\"><a href=\"https:\/\/ivam.es\/wp-content\/uploads\/page\/marco-henri\/Sandra-Mar.jpg\"><img loading=\"lazy\" decoding=\"async\" width=\"731\" height=\"1024\" src=\"https:\/\/ivam.es\/wp-content\/uploads\/page\/marco-henri\/Sandra-Mar-731x1024.jpg\" alt=\"\" class=\"wp-image-87711\" srcset=\"https:\/\/ivam.es\/wp-content\/uploads\/page\/marco-henri\/Sandra-Mar-731x1024.jpg 731w, https:\/\/ivam.es\/wp-content\/uploads\/page\/marco-henri\/Sandra-Mar-214x300.jpg 214w, https:\/\/ivam.es\/wp-content\/uploads\/page\/marco-henri\/Sandra-Mar-768x1076.jpg 768w, https:\/\/ivam.es\/wp-content\/uploads\/page\/marco-henri\/Sandra-Mar-1097x1536.jpg 1097w, https:\/\/ivam.es\/wp-content\/uploads\/page\/marco-henri\/Sandra-Mar-1462x2048.jpg 1462w, https:\/\/ivam.es\/wp-content\/uploads\/page\/marco-henri\/Sandra-Mar-280x392.jpg 280w, https:\/\/ivam.es\/wp-content\/uploads\/page\/marco-henri\/Sandra-Mar-467x654.jpg 467w, https:\/\/ivam.es\/wp-content\/uploads\/page\/marco-henri\/Sandra-Mar-231x324.jpg 231w, https:\/\/ivam.es\/wp-content\/uploads\/page\/marco-henri\/Sandra-Mar-500x700.jpg 500w, https:\/\/ivam.es\/wp-content\/uploads\/page\/marco-henri\/Sandra-Mar.jpg 1485w\" sizes=\"auto, (max-width: 731px) 100vw, 731px\" \/><\/a><\/figure>\n\n\n\n<div class=\"wp-block-columns is-layout-flex wp-container-core-columns-is-layout-9d6595d7 wp-block-columns-is-layout-flex\">\n<div class=\"wp-block-column is-layout-flow wp-block-column-is-layout-flow\"><\/div>\n<\/div>\n<\/div>\n\n\n\n<div class=\"wp-block-column is-vertically-aligned-top is-layout-flow wp-block-column-is-layout-flow\">\n<p><strong>Sandra Mar<\/strong> (Val\u00e8ncia, 1995) se form\u00f3 en Bellas Artes y cer\u00e1mica en Val\u00e8ncia. Entendiendo el barro como un lienzo, este material acab\u00f3 convirti\u00e9ndose en un soporte m\u00e1s para sus dibujos y escritos. El elemento central de su obra es la poes\u00eda, especialmente aquella que se pregunta acerca del amor, el deseo y los afectos. Sus piezas son una forma de plasmar su experiencia f\u00edsica y emocional, a trav\u00e9s de diferentes s\u00edmbolos que constituyen su imaginario. <\/p>\n\n\n\n<p>Durante su proceso de trabajo surge un di\u00e1logo entre su cuerpo y el material, que es forzado hasta sus l\u00edmites. Su trabajo se ha mostrado en exposiciones colectivas como Hard Counter Club (Zape, Alboraya, 2021) o Panorama #6 (Galer\u00eda Fran Reus, Mallorca, 2023). La sangre, los ojos o el ramillete (Galer\u00eda Rosa Santos, Val\u00e8ncia, 2023) es su primera exposici\u00f3n individual.<\/p>\n<\/div>\n<\/div>\n","protected":false},"excerpt":{"rendered":"<p>TORNAR Sandra Mar (Val\u00e8ncia, 1995) se form\u00f3 en Bellas Artes y cer\u00e1mica en Val\u00e8ncia. Entendiendo el barro como un lienzo, este material acab\u00f3 convirti\u00e9ndose en un soporte m\u00e1s para sus dibujos y escritos. El elemento central de su obra es la poes\u00eda, especialmente aquella que se pregunta acerca del amor, el deseo y los afectos. [&hellip;]<\/p>\n","protected":false},"author":291,"featured_media":0,"parent":0,"menu_order":0,"comment_status":"closed","ping_status":"closed","template":"","meta":{"footnotes":""},"class_list":["post-87710","page","type-page","status-publish","hentry"],"yoast_head":"<!-- This site is optimized with the Yoast SEO plugin v26.0 - https:\/\/yoast.com\/wordpress\/plugins\/seo\/ -->\n<title>Sandra Mar - IVAM<\/title>\n<meta name=\"robots\" content=\"index, follow, max-snippet:-1, max-image-preview:large, max-video-preview:-1\" \/>\n<link rel=\"canonical\" href=\"https:\/\/ivam.es\/es\/sandra-mar\/\" \/>\n<meta property=\"og:locale\" content=\"es_ES\" \/>\n<meta property=\"og:type\" content=\"article\" \/>\n<meta property=\"og:title\" content=\"Sandra Mar - IVAM\" \/>\n<meta property=\"og:description\" content=\"TORNAR Sandra Mar (Val\u00e8ncia, 1995) se form\u00f3 en Bellas Artes y cer\u00e1mica en Val\u00e8ncia. Entendiendo el barro como un lienzo, este material acab\u00f3 convirti\u00e9ndose en un soporte m\u00e1s para sus dibujos y escritos. El elemento central de su obra es la poes\u00eda, especialmente aquella que se pregunta acerca del amor, el deseo y los afectos. [&hellip;]\" \/>\n<meta property=\"og:url\" content=\"https:\/\/ivam.es\/es\/sandra-mar\/\" \/>\n<meta property=\"og:site_name\" content=\"IVAM\" \/>\n<meta property=\"article:modified_time\" content=\"2024-05-22T12:38:20+00:00\" \/>\n<meta property=\"og:image\" content=\"https:\/\/ivam.es\/wp-content\/uploads\/page\/marco-henri\/Sandra-Mar.jpg\" \/>\n\t<meta property=\"og:image:width\" content=\"1485\" \/>\n\t<meta property=\"og:image:height\" content=\"2080\" \/>\n\t<meta property=\"og:image:type\" content=\"image\/jpeg\" \/>\n<meta name=\"twitter:card\" content=\"summary_large_image\" \/>\n<meta name=\"twitter:label1\" content=\"Tiempo de lectura\" \/>\n\t<meta name=\"twitter:data1\" content=\"1 minuto\" \/>\n<script type=\"application\/ld+json\" class=\"yoast-schema-graph\">{\"@context\":\"https:\/\/schema.org\",\"@graph\":[{\"@type\":\"WebPage\",\"@id\":\"https:\/\/ivam.es\/es\/sandra-mar\/\",\"url\":\"https:\/\/ivam.es\/es\/sandra-mar\/\",\"name\":\"Sandra Mar - IVAM\",\"isPartOf\":{\"@id\":\"https:\/\/ivam.es\/es\/#website\"},\"primaryImageOfPage\":{\"@id\":\"https:\/\/ivam.es\/es\/sandra-mar\/#primaryimage\"},\"image\":{\"@id\":\"https:\/\/ivam.es\/es\/sandra-mar\/#primaryimage\"},\"thumbnailUrl\":\"https:\/\/ivam.es\/wp-content\/uploads\/page\/marco-henri\/Sandra-Mar-731x1024.jpg\",\"datePublished\":\"2024-05-22T12:36:54+00:00\",\"dateModified\":\"2024-05-22T12:38:20+00:00\",\"breadcrumb\":{\"@id\":\"https:\/\/ivam.es\/es\/sandra-mar\/#breadcrumb\"},\"inLanguage\":\"es\",\"potentialAction\":[{\"@type\":\"ReadAction\",\"target\":[\"https:\/\/ivam.es\/es\/sandra-mar\/\"]}]},{\"@type\":\"ImageObject\",\"inLanguage\":\"es\",\"@id\":\"https:\/\/ivam.es\/es\/sandra-mar\/#primaryimage\",\"url\":\"https:\/\/ivam.es\/wp-content\/uploads\/page\/marco-henri\/Sandra-Mar-731x1024.jpg\",\"contentUrl\":\"https:\/\/ivam.es\/wp-content\/uploads\/page\/marco-henri\/Sandra-Mar-731x1024.jpg\"},{\"@type\":\"BreadcrumbList\",\"@id\":\"https:\/\/ivam.es\/es\/sandra-mar\/#breadcrumb\",\"itemListElement\":[{\"@type\":\"ListItem\",\"position\":1,\"name\":\"Home\",\"item\":\"https:\/\/ivam.es\/es\/\"},{\"@type\":\"ListItem\",\"position\":2,\"name\":\"Sandra Mar\"}]},{\"@type\":\"WebSite\",\"@id\":\"https:\/\/ivam.es\/es\/#website\",\"url\":\"https:\/\/ivam.es\/es\/\",\"name\":\"IVAM\",\"description\":\"Institut Valenci\u00e0 d&#039;Art Modern\",\"publisher\":{\"@id\":\"https:\/\/ivam.es\/es\/#organization\"},\"potentialAction\":[{\"@type\":\"SearchAction\",\"target\":{\"@type\":\"EntryPoint\",\"urlTemplate\":\"https:\/\/ivam.es\/es\/?s={search_term_string}\"},\"query-input\":{\"@type\":\"PropertyValueSpecification\",\"valueRequired\":true,\"valueName\":\"search_term_string\"}}],\"inLanguage\":\"es\"},{\"@type\":\"Organization\",\"@id\":\"https:\/\/ivam.es\/es\/#organization\",\"name\":\"IVAM\",\"url\":\"https:\/\/ivam.es\/es\/\",\"logo\":{\"@type\":\"ImageObject\",\"inLanguage\":\"es\",\"@id\":\"https:\/\/ivam.es\/es\/#\/schema\/logo\/image\/\",\"url\":\"https:\/\/ivam.es\/wp-content\/uploads\/logo-ok-512.png\",\"contentUrl\":\"https:\/\/ivam.es\/wp-content\/uploads\/logo-ok-512.png\",\"width\":512,\"height\":512,\"caption\":\"IVAM\"},\"image\":{\"@id\":\"https:\/\/ivam.es\/es\/#\/schema\/logo\/image\/\"}}]}<\/script>\n<!-- \/ Yoast SEO plugin. -->","yoast_head_json":{"title":"Sandra Mar - IVAM","robots":{"index":"index","follow":"follow","max-snippet":"max-snippet:-1","max-image-preview":"max-image-preview:large","max-video-preview":"max-video-preview:-1"},"canonical":"https:\/\/ivam.es\/es\/sandra-mar\/","og_locale":"es_ES","og_type":"article","og_title":"Sandra Mar - IVAM","og_description":"TORNAR Sandra Mar (Val\u00e8ncia, 1995) se form\u00f3 en Bellas Artes y cer\u00e1mica en Val\u00e8ncia. Entendiendo el barro como un lienzo, este material acab\u00f3 convirti\u00e9ndose en un soporte m\u00e1s para sus dibujos y escritos. El elemento central de su obra es la poes\u00eda, especialmente aquella que se pregunta acerca del amor, el deseo y los afectos. [&hellip;]","og_url":"https:\/\/ivam.es\/es\/sandra-mar\/","og_site_name":"IVAM","article_modified_time":"2024-05-22T12:38:20+00:00","og_image":[{"width":1485,"height":2080,"url":"https:\/\/ivam.es\/wp-content\/uploads\/page\/marco-henri\/Sandra-Mar.jpg","type":"image\/jpeg"}],"twitter_card":"summary_large_image","twitter_misc":{"Tiempo de lectura":"1 minuto"},"schema":{"@context":"https:\/\/schema.org","@graph":[{"@type":"WebPage","@id":"https:\/\/ivam.es\/es\/sandra-mar\/","url":"https:\/\/ivam.es\/es\/sandra-mar\/","name":"Sandra Mar - IVAM","isPartOf":{"@id":"https:\/\/ivam.es\/es\/#website"},"primaryImageOfPage":{"@id":"https:\/\/ivam.es\/es\/sandra-mar\/#primaryimage"},"image":{"@id":"https:\/\/ivam.es\/es\/sandra-mar\/#primaryimage"},"thumbnailUrl":"https:\/\/ivam.es\/wp-content\/uploads\/page\/marco-henri\/Sandra-Mar-731x1024.jpg","datePublished":"2024-05-22T12:36:54+00:00","dateModified":"2024-05-22T12:38:20+00:00","breadcrumb":{"@id":"https:\/\/ivam.es\/es\/sandra-mar\/#breadcrumb"},"inLanguage":"es","potentialAction":[{"@type":"ReadAction","target":["https:\/\/ivam.es\/es\/sandra-mar\/"]}]},{"@type":"ImageObject","inLanguage":"es","@id":"https:\/\/ivam.es\/es\/sandra-mar\/#primaryimage","url":"https:\/\/ivam.es\/wp-content\/uploads\/page\/marco-henri\/Sandra-Mar-731x1024.jpg","contentUrl":"https:\/\/ivam.es\/wp-content\/uploads\/page\/marco-henri\/Sandra-Mar-731x1024.jpg"},{"@type":"BreadcrumbList","@id":"https:\/\/ivam.es\/es\/sandra-mar\/#breadcrumb","itemListElement":[{"@type":"ListItem","position":1,"name":"Home","item":"https:\/\/ivam.es\/es\/"},{"@type":"ListItem","position":2,"name":"Sandra Mar"}]},{"@type":"WebSite","@id":"https:\/\/ivam.es\/es\/#website","url":"https:\/\/ivam.es\/es\/","name":"IVAM","description":"Institut Valenci\u00e0 d&#039;Art Modern","publisher":{"@id":"https:\/\/ivam.es\/es\/#organization"},"potentialAction":[{"@type":"SearchAction","target":{"@type":"EntryPoint","urlTemplate":"https:\/\/ivam.es\/es\/?s={search_term_string}"},"query-input":{"@type":"PropertyValueSpecification","valueRequired":true,"valueName":"search_term_string"}}],"inLanguage":"es"},{"@type":"Organization","@id":"https:\/\/ivam.es\/es\/#organization","name":"IVAM","url":"https:\/\/ivam.es\/es\/","logo":{"@type":"ImageObject","inLanguage":"es","@id":"https:\/\/ivam.es\/es\/#\/schema\/logo\/image\/","url":"https:\/\/ivam.es\/wp-content\/uploads\/logo-ok-512.png","contentUrl":"https:\/\/ivam.es\/wp-content\/uploads\/logo-ok-512.png","width":512,"height":512,"caption":"IVAM"},"image":{"@id":"https:\/\/ivam.es\/es\/#\/schema\/logo\/image\/"}}]}},"_links":{"self":[{"href":"https:\/\/ivam.es\/es\/wp-json\/wp\/v2\/pages\/87710","targetHints":{"allow":["GET"]}}],"collection":[{"href":"https:\/\/ivam.es\/es\/wp-json\/wp\/v2\/pages"}],"about":[{"href":"https:\/\/ivam.es\/es\/wp-json\/wp\/v2\/types\/page"}],"author":[{"embeddable":true,"href":"https:\/\/ivam.es\/es\/wp-json\/wp\/v2\/users\/291"}],"replies":[{"embeddable":true,"href":"https:\/\/ivam.es\/es\/wp-json\/wp\/v2\/comments?post=87710"}],"version-history":[{"count":3,"href":"https:\/\/ivam.es\/es\/wp-json\/wp\/v2\/pages\/87710\/revisions"}],"predecessor-version":[{"id":87717,"href":"https:\/\/ivam.es\/es\/wp-json\/wp\/v2\/pages\/87710\/revisions\/87717"}],"wp:attachment":[{"href":"https:\/\/ivam.es\/es\/wp-json\/wp\/v2\/media?parent=87710"}],"curies":[{"name":"wp","href":"https:\/\/api.w.org\/{rel}","templated":true}]}}

<div style="height:30px" aria-hidden="true" class="wp-block-spacer"></div>



<p class="has-text-align-center"><a href="https://ivam.es/pac-arxiu/">TORNAR</a></p>



<div style="height:37px" aria-hidden="true" class="wp-block-spacer"></div>



<div class="wp-block-columns is-layout-flex wp-container-core-columns-is-layout-9d6595d7 wp-block-columns-is-layout-flex">
<div class="wp-block-column is-layout-flow wp-block-column-is-layout-flow">
<figure class="wp-block-image size-large"><a href="https://ivam.es/wp-content/uploads/page/marco-henri/Sandra-Mar.jpg"><img loading="lazy" decoding="async" width="731" height="1024" src="https://ivam.es/wp-content/uploads/page/marco-henri/Sandra-Mar-731x1024.jpg" alt="" class="wp-image-87711" srcset="https://ivam.es/wp-content/uploads/page/marco-henri/Sandra-Mar-731x1024.jpg 731w, https://ivam.es/wp-content/uploads/page/marco-henri/Sandra-Mar-214x300.jpg 214w, https://ivam.es/wp-content/uploads/page/marco-henri/Sandra-Mar-768x1076.jpg 768w, https://ivam.es/wp-content/uploads/page/marco-henri/Sandra-Mar-1097x1536.jpg 1097w, https://ivam.es/wp-content/uploads/page/marco-henri/Sandra-Mar-1462x2048.jpg 1462w, https://ivam.es/wp-content/uploads/page/marco-henri/Sandra-Mar-280x392.jpg 280w, https://ivam.es/wp-content/uploads/page/marco-henri/Sandra-Mar-467x654.jpg 467w, https://ivam.es/wp-content/uploads/page/marco-henri/Sandra-Mar-231x324.jpg 231w, https://ivam.es/wp-content/uploads/page/marco-henri/Sandra-Mar-500x700.jpg 500w, https://ivam.es/wp-content/uploads/page/marco-henri/Sandra-Mar.jpg 1485w" sizes="auto, (max-width: 731px) 100vw, 731px" /></a></figure>



<div class="wp-block-columns is-layout-flex wp-container-core-columns-is-layout-9d6595d7 wp-block-columns-is-layout-flex">
<div class="wp-block-column is-layout-flow wp-block-column-is-layout-flow"></div>
</div>
</div>



<div class="wp-block-column is-vertically-aligned-top is-layout-flow wp-block-column-is-layout-flow">
<p><strong>Sandra Mar</strong> (València, 1995) se formó en Bellas Artes y cerámica en València. Entendiendo el barro como un lienzo, este material acabó convirtiéndose en un soporte más para sus dibujos y escritos. El elemento central de su obra es la poesía, especialmente aquella que se pregunta acerca del amor, el deseo y los afectos. Sus piezas son una forma de plasmar su experiencia física y emocional, a través de diferentes símbolos que constituyen su imaginario. </p>



<p>Durante su proceso de trabajo surge un diálogo entre su cuerpo y el material, que es forzado hasta sus límites. Su trabajo se ha mostrado en exposiciones colectivas como Hard Counter Club (Zape, Alboraya, 2021) o Panorama #6 (Galería Fran Reus, Mallorca, 2023). La sangre, los ojos o el ramillete (Galería Rosa Santos, València, 2023) es su primera exposición individual.</p>
</div>
</div>

<p>TORNAR Sandra Mar (València, 1995) se formó en Bellas Artes y cerámica en València. Entendiendo el barro como un lienzo, este material acabó convirtiéndose en un soporte más para sus dibujos y escritos. El elemento central de su obra es la poesía, especialmente aquella que se pregunta acerca del amor, el deseo y los afectos. [&hellip;]</p>

<!-- This site is optimized with the Yoast SEO plugin v26.0 - https://yoast.com/wordpress/plugins/seo/ -->
<title>Sandra Mar - IVAM</title>
<meta name="robots" content="index, follow, max-snippet:-1, max-image-preview:large, max-video-preview:-1" />
<link rel="canonical" href="https://ivam.es/es/sandra-mar/" />
<meta property="og:locale" content="es_ES" />
<meta property="og:type" content="article" />
<meta property="og:title" content="Sandra Mar - IVAM" />
<meta property="og:description" content="TORNAR Sandra Mar (València, 1995) se formó en Bellas Artes y cerámica en València. Entendiendo el barro como un lienzo, este material acabó convirtiéndose en un soporte más para sus dibujos y escritos. El elemento central de su obra es la poesía, especialmente aquella que se pregunta acerca del amor, el deseo y los afectos. [&hellip;]" />
<meta property="og:url" content="https://ivam.es/es/sandra-mar/" />
<meta property="og:site_name" content="IVAM" />
<meta property="article:modified_time" content="2024-05-22T12:38:20+00:00" />
<meta property="og:image" content="https://ivam.es/wp-content/uploads/page/marco-henri/Sandra-Mar.jpg" />
	<meta property="og:image:width" content="1485" />
	<meta property="og:image:height" content="2080" />
	<meta property="og:image:type" content="image/jpeg" />
<meta name="twitter:card" content="summary_large_image" />
<meta name="twitter:label1" content="Tiempo de lectura" />
	<meta name="twitter:data1" content="1 minuto" />
<script type="application/ld+json" class="yoast-schema-graph">{"@context":"https://schema.org","@graph":[{"@type":"WebPage","@id":"https://ivam.es/es/sandra-mar/","url":"https://ivam.es/es/sandra-mar/","name":"Sandra Mar - IVAM","isPartOf":{"@id":"https://ivam.es/es/#website"},"primaryImageOfPage":{"@id":"https://ivam.es/es/sandra-mar/#primaryimage"},"image":{"@id":"https://ivam.es/es/sandra-mar/#primaryimage"},"thumbnailUrl":"https://ivam.es/wp-content/uploads/page/marco-henri/Sandra-Mar-731x1024.jpg","datePublished":"2024-05-22T12:36:54+00:00","dateModified":"2024-05-22T12:38:20+00:00","breadcrumb":{"@id":"https://ivam.es/es/sandra-mar/#breadcrumb"},"inLanguage":"es","potentialAction":[{"@type":"ReadAction","target":["https://ivam.es/es/sandra-mar/"]}]},{"@type":"ImageObject","inLanguage":"es","@id":"https://ivam.es/es/sandra-mar/#primaryimage","url":"https://ivam.es/wp-content/uploads/page/marco-henri/Sandra-Mar-731x1024.jpg","contentUrl":"https://ivam.es/wp-content/uploads/page/marco-henri/Sandra-Mar-731x1024.jpg"},{"@type":"BreadcrumbList","@id":"https://ivam.es/es/sandra-mar/#breadcrumb","itemListElement":[{"@type":"ListItem","position":1,"name":"Home","item":"https://ivam.es/es/"},{"@type":"ListItem","position":2,"name":"Sandra Mar"}]},{"@type":"WebSite","@id":"https://ivam.es/es/#website","url":"https://ivam.es/es/","name":"IVAM","description":"Institut Valencià d&#039;Art Modern","publisher":{"@id":"https://ivam.es/es/#organization"},"potentialAction":[{"@type":"SearchAction","target":{"@type":"EntryPoint","urlTemplate":"https://ivam.es/es/?s={search_term_string}"},"query-input":{"@type":"PropertyValueSpecification","valueRequired":true,"valueName":"search_term_string"}}],"inLanguage":"es"},{"@type":"Organization","@id":"https://ivam.es/es/#organization","name":"IVAM","url":"https://ivam.es/es/","logo":{"@type":"ImageObject","inLanguage":"es","@id":"https://ivam.es/es/#/schema/logo/image/","url":"https://ivam.es/wp-content/uploads/logo-ok-512.png","contentUrl":"https://ivam.es/wp-content/uploads/logo-ok-512.png","width":512,"height":512,"caption":"IVAM"},"image":{"@id":"https://ivam.es/es/#/schema/logo/image/"}}]}</script>
<!-- / Yoast SEO plugin. -->

TORNAR Sandra Mar (València, 1995) se formó en Bellas Artes y cerámica en València. Entendiendo el barro como un lienzo, este material acabó convirtiéndose en un soporte más para sus dibujos y escritos. El elemento central de su obra es la poesía, especialmente aquella que se pregunta acerca del amor, el deseo y los afectos. [&hellip;]

Institut Valencià d&#039;Art Modern
