{"id":83919,"date":"2023-11-08T15:02:54","date_gmt":"2023-11-08T13:02:54","guid":{"rendered":"https:\/\/ivam.es\/?page_id=83919"},"modified":"2023-11-13T13:31:23","modified_gmt":"2023-11-13T11:31:23","slug":"entrada-gratuita","status":"publish","type":"page","link":"https:\/\/ivam.es\/es\/entrada-gratuita\/","title":{"rendered":""},"content":{"rendered":"\n<p><strong>Entrada gratuita<\/strong><\/p>\n\n\n\n<ul class=\"wp-block-list\"><li>Amics i amigues de l\u2019IVAM<\/li><li>Valencia Card 7 d\u00edas<\/li><li>Estudiantes<\/li><li>Jubilados<\/li><li>Menores de 16 a\u00f1os<\/li><li>Familias numerosas<\/li><li>Familias monoparentales<\/li><li>V\u00edctimas de actos terroristas o v\u00edctimas de actos de violencia sobre la mujer<\/li><li>Personas desempleadas acreditadas legalmente<\/li><li>Personas con discapacidad y acompa\u00f1ante<\/li><li>Miembros del Consejo Rector del IVAM<\/li><li>Periodistas acreditados<\/li><li>Personal docente<\/li><li>Miembros ICOM<\/li><li>Miembros CIMAM<\/li><li>Asociaciones Gu\u00edas Profesionales de Val\u00e8ncia<\/li><li>Fundaci\u00f3n ARCO<\/li><li>UNI\u00d3N \u2013 AC<\/li><\/ul>\n","protected":false},"excerpt":{"rendered":"<p>Entrada gratuita Amics i amigues de l\u2019IVAM Valencia Card 7 d\u00edas Estudiantes Jubilados Menores de 16 a\u00f1os Familias numerosas Familias monoparentales V\u00edctimas de actos terroristas o v\u00edctimas de actos de violencia sobre la mujer Personas desempleadas acreditadas legalmente Personas con discapacidad y acompa\u00f1ante Miembros del Consejo Rector del IVAM Periodistas acreditados Personal docente Miembros ICOM [&hellip;]<\/p>\n","protected":false},"author":291,"featured_media":0,"parent":0,"menu_order":0,"comment_status":"closed","ping_status":"closed","template":"","meta":{"footnotes":""},"class_list":["post-83919","page","type-page","status-publish","hentry"],"yoast_head":"<!-- This site is optimized with the Yoast SEO plugin v26.0 - https:\/\/yoast.com\/wordpress\/plugins\/seo\/ -->\n<title>- IVAM<\/title>\n<meta name=\"robots\" content=\"index, follow, max-snippet:-1, max-image-preview:large, max-video-preview:-1\" \/>\n<link rel=\"canonical\" href=\"https:\/\/ivam.es\/es\/entrada-gratuita\/\" \/>\n<meta property=\"og:locale\" content=\"es_ES\" \/>\n<meta property=\"og:type\" content=\"article\" \/>\n<meta property=\"og:title\" content=\"- IVAM\" \/>\n<meta property=\"og:description\" content=\"Entrada gratuita Amics i amigues de l\u2019IVAM Valencia Card 7 d\u00edas Estudiantes Jubilados Menores de 16 a\u00f1os Familias numerosas Familias monoparentales V\u00edctimas de actos terroristas o v\u00edctimas de actos de violencia sobre la mujer Personas desempleadas acreditadas legalmente Personas con discapacidad y acompa\u00f1ante Miembros del Consejo Rector del IVAM Periodistas acreditados Personal docente Miembros ICOM [&hellip;]\" \/>\n<meta property=\"og:url\" content=\"https:\/\/ivam.es\/es\/entrada-gratuita\/\" \/>\n<meta property=\"og:site_name\" content=\"IVAM\" \/>\n<meta property=\"article:modified_time\" content=\"2023-11-13T11:31:23+00:00\" \/>\n<meta name=\"twitter:card\" content=\"summary_large_image\" \/>\n<script type=\"application\/ld+json\" class=\"yoast-schema-graph\">{\"@context\":\"https:\/\/schema.org\",\"@graph\":[{\"@type\":\"WebPage\",\"@id\":\"https:\/\/ivam.es\/es\/entrada-gratuita\/\",\"url\":\"https:\/\/ivam.es\/es\/entrada-gratuita\/\",\"name\":\"- IVAM\",\"isPartOf\":{\"@id\":\"https:\/\/ivam.es\/es\/#website\"},\"datePublished\":\"2023-11-08T13:02:54+00:00\",\"dateModified\":\"2023-11-13T11:31:23+00:00\",\"inLanguage\":\"es\",\"potentialAction\":[{\"@type\":\"ReadAction\",\"target\":[\"https:\/\/ivam.es\/es\/entrada-gratuita\/\"]}]},{\"@type\":\"WebSite\",\"@id\":\"https:\/\/ivam.es\/es\/#website\",\"url\":\"https:\/\/ivam.es\/es\/\",\"name\":\"IVAM\",\"description\":\"Institut Valenci\u00e0 d&#039;Art Modern\",\"publisher\":{\"@id\":\"https:\/\/ivam.es\/es\/#organization\"},\"potentialAction\":[{\"@type\":\"SearchAction\",\"target\":{\"@type\":\"EntryPoint\",\"urlTemplate\":\"https:\/\/ivam.es\/es\/?s={search_term_string}\"},\"query-input\":{\"@type\":\"PropertyValueSpecification\",\"valueRequired\":true,\"valueName\":\"search_term_string\"}}],\"inLanguage\":\"es\"},{\"@type\":\"Organization\",\"@id\":\"https:\/\/ivam.es\/es\/#organization\",\"name\":\"IVAM\",\"url\":\"https:\/\/ivam.es\/es\/\",\"logo\":{\"@type\":\"ImageObject\",\"inLanguage\":\"es\",\"@id\":\"https:\/\/ivam.es\/es\/#\/schema\/logo\/image\/\",\"url\":\"https:\/\/ivam.es\/wp-content\/uploads\/logo-ok-512.png\",\"contentUrl\":\"https:\/\/ivam.es\/wp-content\/uploads\/logo-ok-512.png\",\"width\":512,\"height\":512,\"caption\":\"IVAM\"},\"image\":{\"@id\":\"https:\/\/ivam.es\/es\/#\/schema\/logo\/image\/\"}}]}<\/script>\n<!-- \/ Yoast SEO plugin. -->","yoast_head_json":{"title":"- IVAM","robots":{"index":"index","follow":"follow","max-snippet":"max-snippet:-1","max-image-preview":"max-image-preview:large","max-video-preview":"max-video-preview:-1"},"canonical":"https:\/\/ivam.es\/es\/entrada-gratuita\/","og_locale":"es_ES","og_type":"article","og_title":"- IVAM","og_description":"Entrada gratuita Amics i amigues de l\u2019IVAM Valencia Card 7 d\u00edas Estudiantes Jubilados Menores de 16 a\u00f1os Familias numerosas Familias monoparentales V\u00edctimas de actos terroristas o v\u00edctimas de actos de violencia sobre la mujer Personas desempleadas acreditadas legalmente Personas con discapacidad y acompa\u00f1ante Miembros del Consejo Rector del IVAM Periodistas acreditados Personal docente Miembros ICOM [&hellip;]","og_url":"https:\/\/ivam.es\/es\/entrada-gratuita\/","og_site_name":"IVAM","article_modified_time":"2023-11-13T11:31:23+00:00","twitter_card":"summary_large_image","schema":{"@context":"https:\/\/schema.org","@graph":[{"@type":"WebPage","@id":"https:\/\/ivam.es\/es\/entrada-gratuita\/","url":"https:\/\/ivam.es\/es\/entrada-gratuita\/","name":"- IVAM","isPartOf":{"@id":"https:\/\/ivam.es\/es\/#website"},"datePublished":"2023-11-08T13:02:54+00:00","dateModified":"2023-11-13T11:31:23+00:00","inLanguage":"es","potentialAction":[{"@type":"ReadAction","target":["https:\/\/ivam.es\/es\/entrada-gratuita\/"]}]},{"@type":"WebSite","@id":"https:\/\/ivam.es\/es\/#website","url":"https:\/\/ivam.es\/es\/","name":"IVAM","description":"Institut Valenci\u00e0 d&#039;Art Modern","publisher":{"@id":"https:\/\/ivam.es\/es\/#organization"},"potentialAction":[{"@type":"SearchAction","target":{"@type":"EntryPoint","urlTemplate":"https:\/\/ivam.es\/es\/?s={search_term_string}"},"query-input":{"@type":"PropertyValueSpecification","valueRequired":true,"valueName":"search_term_string"}}],"inLanguage":"es"},{"@type":"Organization","@id":"https:\/\/ivam.es\/es\/#organization","name":"IVAM","url":"https:\/\/ivam.es\/es\/","logo":{"@type":"ImageObject","inLanguage":"es","@id":"https:\/\/ivam.es\/es\/#\/schema\/logo\/image\/","url":"https:\/\/ivam.es\/wp-content\/uploads\/logo-ok-512.png","contentUrl":"https:\/\/ivam.es\/wp-content\/uploads\/logo-ok-512.png","width":512,"height":512,"caption":"IVAM"},"image":{"@id":"https:\/\/ivam.es\/es\/#\/schema\/logo\/image\/"}}]}},"_links":{"self":[{"href":"https:\/\/ivam.es\/es\/wp-json\/wp\/v2\/pages\/83919","targetHints":{"allow":["GET"]}}],"collection":[{"href":"https:\/\/ivam.es\/es\/wp-json\/wp\/v2\/pages"}],"about":[{"href":"https:\/\/ivam.es\/es\/wp-json\/wp\/v2\/types\/page"}],"author":[{"embeddable":true,"href":"https:\/\/ivam.es\/es\/wp-json\/wp\/v2\/users\/291"}],"replies":[{"embeddable":true,"href":"https:\/\/ivam.es\/es\/wp-json\/wp\/v2\/comments?post=83919"}],"version-history":[{"count":10,"href":"https:\/\/ivam.es\/es\/wp-json\/wp\/v2\/pages\/83919\/revisions"}],"predecessor-version":[{"id":83989,"href":"https:\/\/ivam.es\/es\/wp-json\/wp\/v2\/pages\/83919\/revisions\/83989"}],"wp:attachment":[{"href":"https:\/\/ivam.es\/es\/wp-json\/wp\/v2\/media?parent=83919"}],"curies":[{"name":"wp","href":"https:\/\/api.w.org\/{rel}","templated":true}]}}

<p><strong>Entrada gratuita</strong></p>



<ul class="wp-block-list"><li>Amics i amigues de l’IVAM</li><li>Valencia Card 7 días</li><li>Estudiantes</li><li>Jubilados</li><li>Menores de 16 años</li><li>Familias numerosas</li><li>Familias monoparentales</li><li>Víctimas de actos terroristas o víctimas de actos de violencia sobre la mujer</li><li>Personas desempleadas acreditadas legalmente</li><li>Personas con discapacidad y acompañante</li><li>Miembros del Consejo Rector del IVAM</li><li>Periodistas acreditados</li><li>Personal docente</li><li>Miembros ICOM</li><li>Miembros CIMAM</li><li>Asociaciones Guías Profesionales de València</li><li>Fundación ARCO</li><li>UNIÓN – AC</li></ul>

<p>Entrada gratuita Amics i amigues de l’IVAM Valencia Card 7 días Estudiantes Jubilados Menores de 16 años Familias numerosas Familias monoparentales Víctimas de actos terroristas o víctimas de actos de violencia sobre la mujer Personas desempleadas acreditadas legalmente Personas con discapacidad y acompañante Miembros del Consejo Rector del IVAM Periodistas acreditados Personal docente Miembros ICOM [&hellip;]</p>

<!-- This site is optimized with the Yoast SEO plugin v26.0 - https://yoast.com/wordpress/plugins/seo/ -->
<title>- IVAM</title>
<meta name="robots" content="index, follow, max-snippet:-1, max-image-preview:large, max-video-preview:-1" />
<link rel="canonical" href="https://ivam.es/es/entrada-gratuita/" />
<meta property="og:locale" content="es_ES" />
<meta property="og:type" content="article" />
<meta property="og:title" content="- IVAM" />
<meta property="og:description" content="Entrada gratuita Amics i amigues de l’IVAM Valencia Card 7 días Estudiantes Jubilados Menores de 16 años Familias numerosas Familias monoparentales Víctimas de actos terroristas o víctimas de actos de violencia sobre la mujer Personas desempleadas acreditadas legalmente Personas con discapacidad y acompañante Miembros del Consejo Rector del IVAM Periodistas acreditados Personal docente Miembros ICOM [&hellip;]" />
<meta property="og:url" content="https://ivam.es/es/entrada-gratuita/" />
<meta property="og:site_name" content="IVAM" />
<meta property="article:modified_time" content="2023-11-13T11:31:23+00:00" />
<meta name="twitter:card" content="summary_large_image" />
<script type="application/ld+json" class="yoast-schema-graph">{"@context":"https://schema.org","@graph":[{"@type":"WebPage","@id":"https://ivam.es/es/entrada-gratuita/","url":"https://ivam.es/es/entrada-gratuita/","name":"- IVAM","isPartOf":{"@id":"https://ivam.es/es/#website"},"datePublished":"2023-11-08T13:02:54+00:00","dateModified":"2023-11-13T11:31:23+00:00","inLanguage":"es","potentialAction":[{"@type":"ReadAction","target":["https://ivam.es/es/entrada-gratuita/"]}]},{"@type":"WebSite","@id":"https://ivam.es/es/#website","url":"https://ivam.es/es/","name":"IVAM","description":"Institut Valencià d&#039;Art Modern","publisher":{"@id":"https://ivam.es/es/#organization"},"potentialAction":[{"@type":"SearchAction","target":{"@type":"EntryPoint","urlTemplate":"https://ivam.es/es/?s={search_term_string}"},"query-input":{"@type":"PropertyValueSpecification","valueRequired":true,"valueName":"search_term_string"}}],"inLanguage":"es"},{"@type":"Organization","@id":"https://ivam.es/es/#organization","name":"IVAM","url":"https://ivam.es/es/","logo":{"@type":"ImageObject","inLanguage":"es","@id":"https://ivam.es/es/#/schema/logo/image/","url":"https://ivam.es/wp-content/uploads/logo-ok-512.png","contentUrl":"https://ivam.es/wp-content/uploads/logo-ok-512.png","width":512,"height":512,"caption":"IVAM"},"image":{"@id":"https://ivam.es/es/#/schema/logo/image/"}}]}</script>
<!-- / Yoast SEO plugin. -->

Entrada gratuita Amics i amigues de l’IVAM Valencia Card 7 días Estudiantes Jubilados Menores de 16 años Familias numerosas Familias monoparentales Víctimas de actos terroristas o víctimas de actos de violencia sobre la mujer Personas desempleadas acreditadas legalmente Personas con discapacidad y acompañante Miembros del Consejo Rector del IVAM Periodistas acreditados Personal docente Miembros ICOM [&hellip;]

Institut Valencià d&#039;Art Modern
