{"id":83134,"date":"2023-10-02T19:40:31","date_gmt":"2023-10-02T17:40:31","guid":{"rendered":"https:\/\/ivam.es\/?page_id=83134"},"modified":"2023-10-23T13:02:48","modified_gmt":"2023-10-23T11:02:48","slug":"zelenka_728","status":"publish","type":"page","link":"https:\/\/ivam.es\/es\/zelenka_728\/","title":{"rendered":""},"content":{"rendered":"\n<figure class=\"wp-block-audio\"><audio controls controlslist=\"nodownload\" src=\"https:\/\/ivam.es\/wp-content\/audios\/prodam-tango.mp3\"><\/audio><\/figure>\n\n\n\n<p>Prod\u00e1m Srdce (tango) &#8211; Ji\u0159\u00ed Voskovec, Jan Werich<\/p>\n\n\n<div class=\"wp-block-image\">\n<figure class=\"aligncenter size-large\"><a class=\"https:\/\/ivam.es\/es\/actividades\/recorrido-sonoro-de-popular\/\" href=\"https:\/\/ivam.es\/es\/exposiciones\/recorrido-sonoro-de-popular\/\" rel=\"https:\/\/ivam.es\/es\/actividades\/recorrido-sonoro-de-popular\/\"><img loading=\"lazy\" decoding=\"async\" width=\"826\" height=\"1024\" src=\"https:\/\/ivam.es\/wp-content\/uploads\/page\/zelenka_728\/00728-826x1024.jpg\" alt=\"\" class=\"wp-image-83136\" srcset=\"https:\/\/ivam.es\/wp-content\/uploads\/page\/zelenka_728\/00728-826x1024.jpg 826w, https:\/\/ivam.es\/wp-content\/uploads\/page\/zelenka_728\/00728-242x300.jpg 242w, https:\/\/ivam.es\/wp-content\/uploads\/page\/zelenka_728\/00728-768x952.jpg 768w, https:\/\/ivam.es\/wp-content\/uploads\/page\/zelenka_728\/00728-1239x1536.jpg 1239w, https:\/\/ivam.es\/wp-content\/uploads\/page\/zelenka_728\/00728-1652x2048.jpg 1652w, https:\/\/ivam.es\/wp-content\/uploads\/page\/zelenka_728\/00728-280x347.jpg 280w, https:\/\/ivam.es\/wp-content\/uploads\/page\/zelenka_728\/00728-467x579.jpg 467w, https:\/\/ivam.es\/wp-content\/uploads\/page\/zelenka_728\/00728-231x286.jpg 231w, https:\/\/ivam.es\/wp-content\/uploads\/page\/zelenka_728\/00728-500x620.jpg 500w\" sizes=\"auto, (max-width: 826px) 100vw, 826px\" \/><\/a><\/figure>\n<\/div>\n\n\n<p>Partitura musical de Jaroslav Jezek <em>\u00abProdam Srdce (tango)\u00bb<\/em>, 1931. Coberta de Frantisek Zelenka<\/p>\n","protected":false},"excerpt":{"rendered":"<p>Prod\u00e1m Srdce (tango) &#8211; Ji\u0159\u00ed Voskovec, Jan Werich Partitura musical de Jaroslav Jezek \u00abProdam Srdce (tango)\u00bb, 1931. Coberta de Frantisek Zelenka<\/p>\n","protected":false},"author":291,"featured_media":0,"parent":0,"menu_order":0,"comment_status":"closed","ping_status":"closed","template":"","meta":{"footnotes":""},"class_list":["post-83134","page","type-page","status-publish","hentry"],"yoast_head":"<!-- This site is optimized with the Yoast SEO plugin v26.0 - https:\/\/yoast.com\/wordpress\/plugins\/seo\/ -->\n<title>- IVAM<\/title>\n<meta name=\"robots\" content=\"index, follow, max-snippet:-1, max-image-preview:large, max-video-preview:-1\" \/>\n<link rel=\"canonical\" href=\"https:\/\/ivam.es\/es\/zelenka_728\/\" \/>\n<meta property=\"og:locale\" content=\"es_ES\" \/>\n<meta property=\"og:type\" content=\"article\" \/>\n<meta property=\"og:title\" content=\"- IVAM\" \/>\n<meta property=\"og:description\" content=\"Prod\u00e1m Srdce (tango) &#8211; Ji\u0159\u00ed Voskovec, Jan Werich Partitura musical de Jaroslav Jezek \u00abProdam Srdce (tango)\u00bb, 1931. Coberta de Frantisek Zelenka\" \/>\n<meta property=\"og:url\" content=\"https:\/\/ivam.es\/es\/zelenka_728\/\" \/>\n<meta property=\"og:site_name\" content=\"IVAM\" \/>\n<meta property=\"article:modified_time\" content=\"2023-10-23T11:02:48+00:00\" \/>\n<meta property=\"og:image\" content=\"https:\/\/ivam.es\/wp-content\/uploads\/page\/zelenka_728\/00728-scaled.jpg\" \/>\n\t<meta property=\"og:image:width\" content=\"2065\" \/>\n\t<meta property=\"og:image:height\" content=\"2560\" \/>\n\t<meta property=\"og:image:type\" content=\"image\/jpeg\" \/>\n<meta name=\"twitter:card\" content=\"summary_large_image\" \/>\n<script type=\"application\/ld+json\" class=\"yoast-schema-graph\">{\"@context\":\"https:\/\/schema.org\",\"@graph\":[{\"@type\":\"WebPage\",\"@id\":\"https:\/\/ivam.es\/es\/zelenka_728\/\",\"url\":\"https:\/\/ivam.es\/es\/zelenka_728\/\",\"name\":\"- IVAM\",\"isPartOf\":{\"@id\":\"https:\/\/ivam.es\/es\/#website\"},\"primaryImageOfPage\":{\"@id\":\"https:\/\/ivam.es\/es\/zelenka_728\/#primaryimage\"},\"image\":{\"@id\":\"https:\/\/ivam.es\/es\/zelenka_728\/#primaryimage\"},\"thumbnailUrl\":\"https:\/\/ivam.es\/wp-content\/uploads\/page\/zelenka_728\/00728-826x1024.jpg\",\"datePublished\":\"2023-10-02T17:40:31+00:00\",\"dateModified\":\"2023-10-23T11:02:48+00:00\",\"inLanguage\":\"es\",\"potentialAction\":[{\"@type\":\"ReadAction\",\"target\":[\"https:\/\/ivam.es\/es\/zelenka_728\/\"]}]},{\"@type\":\"ImageObject\",\"inLanguage\":\"es\",\"@id\":\"https:\/\/ivam.es\/es\/zelenka_728\/#primaryimage\",\"url\":\"https:\/\/ivam.es\/wp-content\/uploads\/page\/zelenka_728\/00728-826x1024.jpg\",\"contentUrl\":\"https:\/\/ivam.es\/wp-content\/uploads\/page\/zelenka_728\/00728-826x1024.jpg\"},{\"@type\":\"WebSite\",\"@id\":\"https:\/\/ivam.es\/es\/#website\",\"url\":\"https:\/\/ivam.es\/es\/\",\"name\":\"IVAM\",\"description\":\"Institut Valenci\u00e0 d&#039;Art Modern\",\"publisher\":{\"@id\":\"https:\/\/ivam.es\/es\/#organization\"},\"potentialAction\":[{\"@type\":\"SearchAction\",\"target\":{\"@type\":\"EntryPoint\",\"urlTemplate\":\"https:\/\/ivam.es\/es\/?s={search_term_string}\"},\"query-input\":{\"@type\":\"PropertyValueSpecification\",\"valueRequired\":true,\"valueName\":\"search_term_string\"}}],\"inLanguage\":\"es\"},{\"@type\":\"Organization\",\"@id\":\"https:\/\/ivam.es\/es\/#organization\",\"name\":\"IVAM\",\"url\":\"https:\/\/ivam.es\/es\/\",\"logo\":{\"@type\":\"ImageObject\",\"inLanguage\":\"es\",\"@id\":\"https:\/\/ivam.es\/es\/#\/schema\/logo\/image\/\",\"url\":\"https:\/\/ivam.es\/wp-content\/uploads\/logo-ok-512.png\",\"contentUrl\":\"https:\/\/ivam.es\/wp-content\/uploads\/logo-ok-512.png\",\"width\":512,\"height\":512,\"caption\":\"IVAM\"},\"image\":{\"@id\":\"https:\/\/ivam.es\/es\/#\/schema\/logo\/image\/\"}}]}<\/script>\n<!-- \/ Yoast SEO plugin. -->","yoast_head_json":{"title":"- IVAM","robots":{"index":"index","follow":"follow","max-snippet":"max-snippet:-1","max-image-preview":"max-image-preview:large","max-video-preview":"max-video-preview:-1"},"canonical":"https:\/\/ivam.es\/es\/zelenka_728\/","og_locale":"es_ES","og_type":"article","og_title":"- IVAM","og_description":"Prod\u00e1m Srdce (tango) &#8211; Ji\u0159\u00ed Voskovec, Jan Werich Partitura musical de Jaroslav Jezek \u00abProdam Srdce (tango)\u00bb, 1931. Coberta de Frantisek Zelenka","og_url":"https:\/\/ivam.es\/es\/zelenka_728\/","og_site_name":"IVAM","article_modified_time":"2023-10-23T11:02:48+00:00","og_image":[{"width":2065,"height":2560,"url":"https:\/\/ivam.es\/wp-content\/uploads\/page\/zelenka_728\/00728-scaled.jpg","type":"image\/jpeg"}],"twitter_card":"summary_large_image","schema":{"@context":"https:\/\/schema.org","@graph":[{"@type":"WebPage","@id":"https:\/\/ivam.es\/es\/zelenka_728\/","url":"https:\/\/ivam.es\/es\/zelenka_728\/","name":"- IVAM","isPartOf":{"@id":"https:\/\/ivam.es\/es\/#website"},"primaryImageOfPage":{"@id":"https:\/\/ivam.es\/es\/zelenka_728\/#primaryimage"},"image":{"@id":"https:\/\/ivam.es\/es\/zelenka_728\/#primaryimage"},"thumbnailUrl":"https:\/\/ivam.es\/wp-content\/uploads\/page\/zelenka_728\/00728-826x1024.jpg","datePublished":"2023-10-02T17:40:31+00:00","dateModified":"2023-10-23T11:02:48+00:00","inLanguage":"es","potentialAction":[{"@type":"ReadAction","target":["https:\/\/ivam.es\/es\/zelenka_728\/"]}]},{"@type":"ImageObject","inLanguage":"es","@id":"https:\/\/ivam.es\/es\/zelenka_728\/#primaryimage","url":"https:\/\/ivam.es\/wp-content\/uploads\/page\/zelenka_728\/00728-826x1024.jpg","contentUrl":"https:\/\/ivam.es\/wp-content\/uploads\/page\/zelenka_728\/00728-826x1024.jpg"},{"@type":"WebSite","@id":"https:\/\/ivam.es\/es\/#website","url":"https:\/\/ivam.es\/es\/","name":"IVAM","description":"Institut Valenci\u00e0 d&#039;Art Modern","publisher":{"@id":"https:\/\/ivam.es\/es\/#organization"},"potentialAction":[{"@type":"SearchAction","target":{"@type":"EntryPoint","urlTemplate":"https:\/\/ivam.es\/es\/?s={search_term_string}"},"query-input":{"@type":"PropertyValueSpecification","valueRequired":true,"valueName":"search_term_string"}}],"inLanguage":"es"},{"@type":"Organization","@id":"https:\/\/ivam.es\/es\/#organization","name":"IVAM","url":"https:\/\/ivam.es\/es\/","logo":{"@type":"ImageObject","inLanguage":"es","@id":"https:\/\/ivam.es\/es\/#\/schema\/logo\/image\/","url":"https:\/\/ivam.es\/wp-content\/uploads\/logo-ok-512.png","contentUrl":"https:\/\/ivam.es\/wp-content\/uploads\/logo-ok-512.png","width":512,"height":512,"caption":"IVAM"},"image":{"@id":"https:\/\/ivam.es\/es\/#\/schema\/logo\/image\/"}}]}},"_links":{"self":[{"href":"https:\/\/ivam.es\/es\/wp-json\/wp\/v2\/pages\/83134","targetHints":{"allow":["GET"]}}],"collection":[{"href":"https:\/\/ivam.es\/es\/wp-json\/wp\/v2\/pages"}],"about":[{"href":"https:\/\/ivam.es\/es\/wp-json\/wp\/v2\/types\/page"}],"author":[{"embeddable":true,"href":"https:\/\/ivam.es\/es\/wp-json\/wp\/v2\/users\/291"}],"replies":[{"embeddable":true,"href":"https:\/\/ivam.es\/es\/wp-json\/wp\/v2\/comments?post=83134"}],"version-history":[{"count":5,"href":"https:\/\/ivam.es\/es\/wp-json\/wp\/v2\/pages\/83134\/revisions"}],"predecessor-version":[{"id":83585,"href":"https:\/\/ivam.es\/es\/wp-json\/wp\/v2\/pages\/83134\/revisions\/83585"}],"wp:attachment":[{"href":"https:\/\/ivam.es\/es\/wp-json\/wp\/v2\/media?parent=83134"}],"curies":[{"name":"wp","href":"https:\/\/api.w.org\/{rel}","templated":true}]}}

<figure class="wp-block-audio"><audio controls controlslist="nodownload" src="https://ivam.es/wp-content/audios/prodam-tango.mp3"></audio></figure>



<p>Prodám Srdce (tango) &#8211; Jiří Voskovec, Jan Werich</p>


<div class="wp-block-image">
<figure class="aligncenter size-large"><a class="https://ivam.es/es/actividades/recorrido-sonoro-de-popular/" href="https://ivam.es/es/exposiciones/recorrido-sonoro-de-popular/" rel="https://ivam.es/es/actividades/recorrido-sonoro-de-popular/"><img loading="lazy" decoding="async" width="826" height="1024" src="https://ivam.es/wp-content/uploads/page/zelenka_728/00728-826x1024.jpg" alt="" class="wp-image-83136" srcset="https://ivam.es/wp-content/uploads/page/zelenka_728/00728-826x1024.jpg 826w, https://ivam.es/wp-content/uploads/page/zelenka_728/00728-242x300.jpg 242w, https://ivam.es/wp-content/uploads/page/zelenka_728/00728-768x952.jpg 768w, https://ivam.es/wp-content/uploads/page/zelenka_728/00728-1239x1536.jpg 1239w, https://ivam.es/wp-content/uploads/page/zelenka_728/00728-1652x2048.jpg 1652w, https://ivam.es/wp-content/uploads/page/zelenka_728/00728-280x347.jpg 280w, https://ivam.es/wp-content/uploads/page/zelenka_728/00728-467x579.jpg 467w, https://ivam.es/wp-content/uploads/page/zelenka_728/00728-231x286.jpg 231w, https://ivam.es/wp-content/uploads/page/zelenka_728/00728-500x620.jpg 500w" sizes="auto, (max-width: 826px) 100vw, 826px" /></a></figure>
</div>


<p>Partitura musical de Jaroslav Jezek <em>«Prodam Srdce (tango)»</em>, 1931. Coberta de Frantisek Zelenka</p>

<p>Prodám Srdce (tango) &#8211; Jiří Voskovec, Jan Werich Partitura musical de Jaroslav Jezek «Prodam Srdce (tango)», 1931. Coberta de Frantisek Zelenka</p>

<!-- This site is optimized with the Yoast SEO plugin v26.0 - https://yoast.com/wordpress/plugins/seo/ -->
<title>- IVAM</title>
<meta name="robots" content="index, follow, max-snippet:-1, max-image-preview:large, max-video-preview:-1" />
<link rel="canonical" href="https://ivam.es/es/zelenka_728/" />
<meta property="og:locale" content="es_ES" />
<meta property="og:type" content="article" />
<meta property="og:title" content="- IVAM" />
<meta property="og:description" content="Prodám Srdce (tango) &#8211; Jiří Voskovec, Jan Werich Partitura musical de Jaroslav Jezek «Prodam Srdce (tango)», 1931. Coberta de Frantisek Zelenka" />
<meta property="og:url" content="https://ivam.es/es/zelenka_728/" />
<meta property="og:site_name" content="IVAM" />
<meta property="article:modified_time" content="2023-10-23T11:02:48+00:00" />
<meta property="og:image" content="https://ivam.es/wp-content/uploads/page/zelenka_728/00728-scaled.jpg" />
	<meta property="og:image:width" content="2065" />
	<meta property="og:image:height" content="2560" />
	<meta property="og:image:type" content="image/jpeg" />
<meta name="twitter:card" content="summary_large_image" />
<script type="application/ld+json" class="yoast-schema-graph">{"@context":"https://schema.org","@graph":[{"@type":"WebPage","@id":"https://ivam.es/es/zelenka_728/","url":"https://ivam.es/es/zelenka_728/","name":"- IVAM","isPartOf":{"@id":"https://ivam.es/es/#website"},"primaryImageOfPage":{"@id":"https://ivam.es/es/zelenka_728/#primaryimage"},"image":{"@id":"https://ivam.es/es/zelenka_728/#primaryimage"},"thumbnailUrl":"https://ivam.es/wp-content/uploads/page/zelenka_728/00728-826x1024.jpg","datePublished":"2023-10-02T17:40:31+00:00","dateModified":"2023-10-23T11:02:48+00:00","inLanguage":"es","potentialAction":[{"@type":"ReadAction","target":["https://ivam.es/es/zelenka_728/"]}]},{"@type":"ImageObject","inLanguage":"es","@id":"https://ivam.es/es/zelenka_728/#primaryimage","url":"https://ivam.es/wp-content/uploads/page/zelenka_728/00728-826x1024.jpg","contentUrl":"https://ivam.es/wp-content/uploads/page/zelenka_728/00728-826x1024.jpg"},{"@type":"WebSite","@id":"https://ivam.es/es/#website","url":"https://ivam.es/es/","name":"IVAM","description":"Institut Valencià d&#039;Art Modern","publisher":{"@id":"https://ivam.es/es/#organization"},"potentialAction":[{"@type":"SearchAction","target":{"@type":"EntryPoint","urlTemplate":"https://ivam.es/es/?s={search_term_string}"},"query-input":{"@type":"PropertyValueSpecification","valueRequired":true,"valueName":"search_term_string"}}],"inLanguage":"es"},{"@type":"Organization","@id":"https://ivam.es/es/#organization","name":"IVAM","url":"https://ivam.es/es/","logo":{"@type":"ImageObject","inLanguage":"es","@id":"https://ivam.es/es/#/schema/logo/image/","url":"https://ivam.es/wp-content/uploads/logo-ok-512.png","contentUrl":"https://ivam.es/wp-content/uploads/logo-ok-512.png","width":512,"height":512,"caption":"IVAM"},"image":{"@id":"https://ivam.es/es/#/schema/logo/image/"}}]}</script>
<!-- / Yoast SEO plugin. -->

Prodám Srdce (tango) &#8211; Jiří Voskovec, Jan Werich Partitura musical de Jaroslav Jezek «Prodam Srdce (tango)», 1931. Coberta de Frantisek Zelenka

Institut Valencià d&#039;Art Modern
