{"id":79740,"date":"2023-06-08T14:39:01","date_gmt":"2023-06-08T12:39:01","guid":{"rendered":"https:\/\/ivam.es\/?page_id=79740"},"modified":"2023-12-01T12:59:57","modified_gmt":"2023-12-01T10:59:57","slug":"articulacions-programa-destudis-ivam-uv-upv","status":"publish","type":"page","link":"https:\/\/ivam.es\/es\/articulacions-programa-destudis-ivam-uv-upv\/","title":{"rendered":"Articulacions &#8211; programa d&#8217;estudis IVAM \u00b7 UV \u00b7 UPV"},"content":{"rendered":"\n<p>El IVAM, junto a la Universitat de Val\u00e8ncia y la Universitat Polit\u00e8cnica de Val\u00e8ncia, atentos a las urgencias e incertidumbres de un presente global herido, proponen ARTICULACIONS como un contexto de investigaci\u00f3n y aprendizaje h\u00edbrido. Un espacio de experimentaci\u00f3n que conjuga y participa del arte y la creaci\u00f3n contempor\u00e1nea pero tambi\u00e9n de otras disciplinas del saber y pr\u00e1cticas culturales, as\u00ed como cuestiones de inter\u00e9s social y espacio p\u00fablico.<\/p>\n\n\n\n<p>Como programa internacional, aunque anclado a un territorio, requiere y ensaya nuevos m\u00e9todos de trabajo y formas de estar en el mundo. Da importancia al trabajo colaborativo con la voluntad de aprender de las personas que nos rodean, desarrollar ideas y dar forma a nuevos conocimientos. Los feminismos posidentitarios, las pr\u00e1cticas populares y decoloniales, los procesos de mundializaci\u00f3n y virtualidad, las narrativas especulativas y colectivas o los cuidados del planeta son los marcos que definen la organizaci\u00f3n de los cuatro m\u00f3dulos del programa: <em>Pr\u00e1cticas metab\u00f3licas contempor\u00e1neas<\/em>, <em>Quiebres y remediaciones del discurso<\/em>, <em>Caminando con la cabeza, pensando con los pies<\/em> y, en \u00faltima instancia, <em>Singular\/Plural<\/em>.<\/p>\n\n\n\n<p>Los y las participantes del programa formar\u00e1n parte de un proyecto institucional heterodoxo, centrado en atender con cuidado a los procesos de creaci\u00f3n y pensamiento. Para \u2018hacer-con\u2019 una comunidad de estudiantes, docentes con perfiles acad\u00e9micos distintos y profesionales del sector, procedentes de diversas geograf\u00edas cuyas pr\u00e1cticas moldean, de forma incisiva y cr\u00edtica, c\u00f3mo se entiende, ensaya y piensa el devenir contempor\u00e1neo.<\/p>\n\n\n\n<p>Si te unes al programa, adquirir\u00e1s unas habilidades cr\u00edticas transdisciplinares que te permitir\u00e1n analizar, dise\u00f1ar y crear proyectos culturales de diversa naturaleza, tanto de forma individual como colectiva. Los proyectos finales del programa se materializar\u00e1n en el IVAM y organizaciones asociadas, ofreciendo la posibilidad de llevar a cabo una pr\u00e1ctica program\u00e1tica real.<\/p>\n\n\n\n<p><strong><a href=\"https:\/\/ivam.es\/es\/articulacions-programa-destudis-ivam-uv-upv-23-24\/\">2\u00aa EDICI\u00d3N del 4 de octubre 2023 al 28 junio 2024<\/a><\/strong><\/p>\n\n\n\n<p><strong><a href=\"https:\/\/ivam.es\/wp-content\/uploads\/FAQS-articulacions-23-24_OK_cast.pdf\">Preguntas frecuentes<\/a><\/strong><\/p>\n\n\n\n<p><strong><a href=\"https:\/\/ivam.es\/es\/articulacions-programa-destudis-ivam-uv-upv-22-23\/\">1\u00aa EDICI\u00d3N del 6 de octubre 2022 al 30 junio 2023<\/a> <\/strong><\/p>\n\n\n\n<p><span data-ccp-props=\"{&quot;335551550&quot;:6,&quot;335551620&quot;:6}\">&nbsp;<\/span><\/p>\n","protected":false},"excerpt":{"rendered":"<p>El IVAM, junto a la Universitat de Val\u00e8ncia y la Universitat Polit\u00e8cnica de Val\u00e8ncia, atentos a las urgencias e incertidumbres de un presente global herido, proponen ARTICULACIONS como un contexto de investigaci\u00f3n y aprendizaje h\u00edbrido. Un espacio de experimentaci\u00f3n que conjuga y participa del arte y la creaci\u00f3n contempor\u00e1nea pero tambi\u00e9n de otras disciplinas del [&hellip;]<\/p>\n","protected":false},"author":291,"featured_media":0,"parent":0,"menu_order":0,"comment_status":"closed","ping_status":"closed","template":"","meta":{"footnotes":""},"class_list":["post-79740","page","type-page","status-publish","hentry"],"yoast_head":"<!-- This site is optimized with the Yoast SEO plugin v26.0 - https:\/\/yoast.com\/wordpress\/plugins\/seo\/ -->\n<title>Articulacions - programa d&#039;estudis IVAM \u00b7 UV \u00b7 UPV - IVAM<\/title>\n<meta name=\"robots\" content=\"index, follow, max-snippet:-1, max-image-preview:large, max-video-preview:-1\" \/>\n<link rel=\"canonical\" href=\"https:\/\/ivam.es\/es\/articulacions-programa-destudis-ivam-uv-upv\/\" \/>\n<meta property=\"og:locale\" content=\"es_ES\" \/>\n<meta property=\"og:type\" content=\"article\" \/>\n<meta property=\"og:title\" content=\"Articulacions - programa d&#039;estudis IVAM \u00b7 UV \u00b7 UPV - IVAM\" \/>\n<meta property=\"og:description\" content=\"El IVAM, junto a la Universitat de Val\u00e8ncia y la Universitat Polit\u00e8cnica de Val\u00e8ncia, atentos a las urgencias e incertidumbres de un presente global herido, proponen ARTICULACIONS como un contexto de investigaci\u00f3n y aprendizaje h\u00edbrido. Un espacio de experimentaci\u00f3n que conjuga y participa del arte y la creaci\u00f3n contempor\u00e1nea pero tambi\u00e9n de otras disciplinas del [&hellip;]\" \/>\n<meta property=\"og:url\" content=\"https:\/\/ivam.es\/es\/articulacions-programa-destudis-ivam-uv-upv\/\" \/>\n<meta property=\"og:site_name\" content=\"IVAM\" \/>\n<meta property=\"article:modified_time\" content=\"2023-12-01T10:59:57+00:00\" \/>\n<meta name=\"twitter:card\" content=\"summary_large_image\" \/>\n<meta name=\"twitter:label1\" content=\"Tiempo de lectura\" \/>\n\t<meta name=\"twitter:data1\" content=\"2 minutos\" \/>\n<script type=\"application\/ld+json\" class=\"yoast-schema-graph\">{\"@context\":\"https:\/\/schema.org\",\"@graph\":[{\"@type\":\"WebPage\",\"@id\":\"https:\/\/ivam.es\/es\/articulacions-programa-destudis-ivam-uv-upv\/\",\"url\":\"https:\/\/ivam.es\/es\/articulacions-programa-destudis-ivam-uv-upv\/\",\"name\":\"Articulacions - programa d'estudis IVAM \u00b7 UV \u00b7 UPV - IVAM\",\"isPartOf\":{\"@id\":\"https:\/\/ivam.es\/es\/#website\"},\"datePublished\":\"2023-06-08T12:39:01+00:00\",\"dateModified\":\"2023-12-01T10:59:57+00:00\",\"breadcrumb\":{\"@id\":\"https:\/\/ivam.es\/es\/articulacions-programa-destudis-ivam-uv-upv\/#breadcrumb\"},\"inLanguage\":\"es\",\"potentialAction\":[{\"@type\":\"ReadAction\",\"target\":[\"https:\/\/ivam.es\/es\/articulacions-programa-destudis-ivam-uv-upv\/\"]}]},{\"@type\":\"BreadcrumbList\",\"@id\":\"https:\/\/ivam.es\/es\/articulacions-programa-destudis-ivam-uv-upv\/#breadcrumb\",\"itemListElement\":[{\"@type\":\"ListItem\",\"position\":1,\"name\":\"Home\",\"item\":\"https:\/\/ivam.es\/es\/\"},{\"@type\":\"ListItem\",\"position\":2,\"name\":\"Articulacions &#8211; programa d&#8217;estudis IVAM \u00b7 UV \u00b7 UPV\"}]},{\"@type\":\"WebSite\",\"@id\":\"https:\/\/ivam.es\/es\/#website\",\"url\":\"https:\/\/ivam.es\/es\/\",\"name\":\"IVAM\",\"description\":\"Institut Valenci\u00e0 d&#039;Art Modern\",\"publisher\":{\"@id\":\"https:\/\/ivam.es\/es\/#organization\"},\"potentialAction\":[{\"@type\":\"SearchAction\",\"target\":{\"@type\":\"EntryPoint\",\"urlTemplate\":\"https:\/\/ivam.es\/es\/?s={search_term_string}\"},\"query-input\":{\"@type\":\"PropertyValueSpecification\",\"valueRequired\":true,\"valueName\":\"search_term_string\"}}],\"inLanguage\":\"es\"},{\"@type\":\"Organization\",\"@id\":\"https:\/\/ivam.es\/es\/#organization\",\"name\":\"IVAM\",\"url\":\"https:\/\/ivam.es\/es\/\",\"logo\":{\"@type\":\"ImageObject\",\"inLanguage\":\"es\",\"@id\":\"https:\/\/ivam.es\/es\/#\/schema\/logo\/image\/\",\"url\":\"https:\/\/ivam.es\/wp-content\/uploads\/logo-ok-512.png\",\"contentUrl\":\"https:\/\/ivam.es\/wp-content\/uploads\/logo-ok-512.png\",\"width\":512,\"height\":512,\"caption\":\"IVAM\"},\"image\":{\"@id\":\"https:\/\/ivam.es\/es\/#\/schema\/logo\/image\/\"}}]}<\/script>\n<!-- \/ Yoast SEO plugin. -->","yoast_head_json":{"title":"Articulacions - programa d'estudis IVAM \u00b7 UV \u00b7 UPV - IVAM","robots":{"index":"index","follow":"follow","max-snippet":"max-snippet:-1","max-image-preview":"max-image-preview:large","max-video-preview":"max-video-preview:-1"},"canonical":"https:\/\/ivam.es\/es\/articulacions-programa-destudis-ivam-uv-upv\/","og_locale":"es_ES","og_type":"article","og_title":"Articulacions - programa d'estudis IVAM \u00b7 UV \u00b7 UPV - IVAM","og_description":"El IVAM, junto a la Universitat de Val\u00e8ncia y la Universitat Polit\u00e8cnica de Val\u00e8ncia, atentos a las urgencias e incertidumbres de un presente global herido, proponen ARTICULACIONS como un contexto de investigaci\u00f3n y aprendizaje h\u00edbrido. Un espacio de experimentaci\u00f3n que conjuga y participa del arte y la creaci\u00f3n contempor\u00e1nea pero tambi\u00e9n de otras disciplinas del [&hellip;]","og_url":"https:\/\/ivam.es\/es\/articulacions-programa-destudis-ivam-uv-upv\/","og_site_name":"IVAM","article_modified_time":"2023-12-01T10:59:57+00:00","twitter_card":"summary_large_image","twitter_misc":{"Tiempo de lectura":"2 minutos"},"schema":{"@context":"https:\/\/schema.org","@graph":[{"@type":"WebPage","@id":"https:\/\/ivam.es\/es\/articulacions-programa-destudis-ivam-uv-upv\/","url":"https:\/\/ivam.es\/es\/articulacions-programa-destudis-ivam-uv-upv\/","name":"Articulacions - programa d'estudis IVAM \u00b7 UV \u00b7 UPV - IVAM","isPartOf":{"@id":"https:\/\/ivam.es\/es\/#website"},"datePublished":"2023-06-08T12:39:01+00:00","dateModified":"2023-12-01T10:59:57+00:00","breadcrumb":{"@id":"https:\/\/ivam.es\/es\/articulacions-programa-destudis-ivam-uv-upv\/#breadcrumb"},"inLanguage":"es","potentialAction":[{"@type":"ReadAction","target":["https:\/\/ivam.es\/es\/articulacions-programa-destudis-ivam-uv-upv\/"]}]},{"@type":"BreadcrumbList","@id":"https:\/\/ivam.es\/es\/articulacions-programa-destudis-ivam-uv-upv\/#breadcrumb","itemListElement":[{"@type":"ListItem","position":1,"name":"Home","item":"https:\/\/ivam.es\/es\/"},{"@type":"ListItem","position":2,"name":"Articulacions &#8211; programa d&#8217;estudis IVAM \u00b7 UV \u00b7 UPV"}]},{"@type":"WebSite","@id":"https:\/\/ivam.es\/es\/#website","url":"https:\/\/ivam.es\/es\/","name":"IVAM","description":"Institut Valenci\u00e0 d&#039;Art Modern","publisher":{"@id":"https:\/\/ivam.es\/es\/#organization"},"potentialAction":[{"@type":"SearchAction","target":{"@type":"EntryPoint","urlTemplate":"https:\/\/ivam.es\/es\/?s={search_term_string}"},"query-input":{"@type":"PropertyValueSpecification","valueRequired":true,"valueName":"search_term_string"}}],"inLanguage":"es"},{"@type":"Organization","@id":"https:\/\/ivam.es\/es\/#organization","name":"IVAM","url":"https:\/\/ivam.es\/es\/","logo":{"@type":"ImageObject","inLanguage":"es","@id":"https:\/\/ivam.es\/es\/#\/schema\/logo\/image\/","url":"https:\/\/ivam.es\/wp-content\/uploads\/logo-ok-512.png","contentUrl":"https:\/\/ivam.es\/wp-content\/uploads\/logo-ok-512.png","width":512,"height":512,"caption":"IVAM"},"image":{"@id":"https:\/\/ivam.es\/es\/#\/schema\/logo\/image\/"}}]}},"_links":{"self":[{"href":"https:\/\/ivam.es\/es\/wp-json\/wp\/v2\/pages\/79740","targetHints":{"allow":["GET"]}}],"collection":[{"href":"https:\/\/ivam.es\/es\/wp-json\/wp\/v2\/pages"}],"about":[{"href":"https:\/\/ivam.es\/es\/wp-json\/wp\/v2\/types\/page"}],"author":[{"embeddable":true,"href":"https:\/\/ivam.es\/es\/wp-json\/wp\/v2\/users\/291"}],"replies":[{"embeddable":true,"href":"https:\/\/ivam.es\/es\/wp-json\/wp\/v2\/comments?post=79740"}],"version-history":[{"count":11,"href":"https:\/\/ivam.es\/es\/wp-json\/wp\/v2\/pages\/79740\/revisions"}],"predecessor-version":[{"id":84061,"href":"https:\/\/ivam.es\/es\/wp-json\/wp\/v2\/pages\/79740\/revisions\/84061"}],"wp:attachment":[{"href":"https:\/\/ivam.es\/es\/wp-json\/wp\/v2\/media?parent=79740"}],"curies":[{"name":"wp","href":"https:\/\/api.w.org\/{rel}","templated":true}]}}

<p>El IVAM, junto a la Universitat de València y la Universitat Politècnica de València, atentos a las urgencias e incertidumbres de un presente global herido, proponen ARTICULACIONS como un contexto de investigación y aprendizaje híbrido. Un espacio de experimentación que conjuga y participa del arte y la creación contemporánea pero también de otras disciplinas del saber y prácticas culturales, así como cuestiones de interés social y espacio público.</p>



<p>Como programa internacional, aunque anclado a un territorio, requiere y ensaya nuevos métodos de trabajo y formas de estar en el mundo. Da importancia al trabajo colaborativo con la voluntad de aprender de las personas que nos rodean, desarrollar ideas y dar forma a nuevos conocimientos. Los feminismos posidentitarios, las prácticas populares y decoloniales, los procesos de mundialización y virtualidad, las narrativas especulativas y colectivas o los cuidados del planeta son los marcos que definen la organización de los cuatro módulos del programa: <em>Prácticas metabólicas contemporáneas</em>, <em>Quiebres y remediaciones del discurso</em>, <em>Caminando con la cabeza, pensando con los pies</em> y, en última instancia, <em>Singular/Plural</em>.</p>



<p>Los y las participantes del programa formarán parte de un proyecto institucional heterodoxo, centrado en atender con cuidado a los procesos de creación y pensamiento. Para ‘hacer-con’ una comunidad de estudiantes, docentes con perfiles académicos distintos y profesionales del sector, procedentes de diversas geografías cuyas prácticas moldean, de forma incisiva y crítica, cómo se entiende, ensaya y piensa el devenir contemporáneo.</p>



<p>Si te unes al programa, adquirirás unas habilidades críticas transdisciplinares que te permitirán analizar, diseñar y crear proyectos culturales de diversa naturaleza, tanto de forma individual como colectiva. Los proyectos finales del programa se materializarán en el IVAM y organizaciones asociadas, ofreciendo la posibilidad de llevar a cabo una práctica programática real.</p>



<p><strong><a href="https://ivam.es/es/articulacions-programa-destudis-ivam-uv-upv-23-24/">2ª EDICIÓN del 4 de octubre 2023 al 28 junio 2024</a></strong></p>



<p><strong><a href="https://ivam.es/wp-content/uploads/FAQS-articulacions-23-24_OK_cast.pdf">Preguntas frecuentes</a></strong></p>



<p><strong><a href="https://ivam.es/es/articulacions-programa-destudis-ivam-uv-upv-22-23/">1ª EDICIÓN del 6 de octubre 2022 al 30 junio 2023</a> </strong></p>



<p><span data-ccp-props="{&quot;335551550&quot;:6,&quot;335551620&quot;:6}">&nbsp;</span></p>

<p>El IVAM, junto a la Universitat de València y la Universitat Politècnica de València, atentos a las urgencias e incertidumbres de un presente global herido, proponen ARTICULACIONS como un contexto de investigación y aprendizaje híbrido. Un espacio de experimentación que conjuga y participa del arte y la creación contemporánea pero también de otras disciplinas del [&hellip;]</p>

<!-- This site is optimized with the Yoast SEO plugin v26.0 - https://yoast.com/wordpress/plugins/seo/ -->
<title>Articulacions - programa d&#039;estudis IVAM · UV · UPV - IVAM</title>
<meta name="robots" content="index, follow, max-snippet:-1, max-image-preview:large, max-video-preview:-1" />
<link rel="canonical" href="https://ivam.es/es/articulacions-programa-destudis-ivam-uv-upv/" />
<meta property="og:locale" content="es_ES" />
<meta property="og:type" content="article" />
<meta property="og:title" content="Articulacions - programa d&#039;estudis IVAM · UV · UPV - IVAM" />
<meta property="og:description" content="El IVAM, junto a la Universitat de València y la Universitat Politècnica de València, atentos a las urgencias e incertidumbres de un presente global herido, proponen ARTICULACIONS como un contexto de investigación y aprendizaje híbrido. Un espacio de experimentación que conjuga y participa del arte y la creación contemporánea pero también de otras disciplinas del [&hellip;]" />
<meta property="og:url" content="https://ivam.es/es/articulacions-programa-destudis-ivam-uv-upv/" />
<meta property="og:site_name" content="IVAM" />
<meta property="article:modified_time" content="2023-12-01T10:59:57+00:00" />
<meta name="twitter:card" content="summary_large_image" />
<meta name="twitter:label1" content="Tiempo de lectura" />
	<meta name="twitter:data1" content="2 minutos" />
<script type="application/ld+json" class="yoast-schema-graph">{"@context":"https://schema.org","@graph":[{"@type":"WebPage","@id":"https://ivam.es/es/articulacions-programa-destudis-ivam-uv-upv/","url":"https://ivam.es/es/articulacions-programa-destudis-ivam-uv-upv/","name":"Articulacions - programa d'estudis IVAM · UV · UPV - IVAM","isPartOf":{"@id":"https://ivam.es/es/#website"},"datePublished":"2023-06-08T12:39:01+00:00","dateModified":"2023-12-01T10:59:57+00:00","breadcrumb":{"@id":"https://ivam.es/es/articulacions-programa-destudis-ivam-uv-upv/#breadcrumb"},"inLanguage":"es","potentialAction":[{"@type":"ReadAction","target":["https://ivam.es/es/articulacions-programa-destudis-ivam-uv-upv/"]}]},{"@type":"BreadcrumbList","@id":"https://ivam.es/es/articulacions-programa-destudis-ivam-uv-upv/#breadcrumb","itemListElement":[{"@type":"ListItem","position":1,"name":"Home","item":"https://ivam.es/es/"},{"@type":"ListItem","position":2,"name":"Articulacions &#8211; programa d&#8217;estudis IVAM · UV · UPV"}]},{"@type":"WebSite","@id":"https://ivam.es/es/#website","url":"https://ivam.es/es/","name":"IVAM","description":"Institut Valencià d&#039;Art Modern","publisher":{"@id":"https://ivam.es/es/#organization"},"potentialAction":[{"@type":"SearchAction","target":{"@type":"EntryPoint","urlTemplate":"https://ivam.es/es/?s={search_term_string}"},"query-input":{"@type":"PropertyValueSpecification","valueRequired":true,"valueName":"search_term_string"}}],"inLanguage":"es"},{"@type":"Organization","@id":"https://ivam.es/es/#organization","name":"IVAM","url":"https://ivam.es/es/","logo":{"@type":"ImageObject","inLanguage":"es","@id":"https://ivam.es/es/#/schema/logo/image/","url":"https://ivam.es/wp-content/uploads/logo-ok-512.png","contentUrl":"https://ivam.es/wp-content/uploads/logo-ok-512.png","width":512,"height":512,"caption":"IVAM"},"image":{"@id":"https://ivam.es/es/#/schema/logo/image/"}}]}</script>
<!-- / Yoast SEO plugin. -->

El IVAM, junto a la Universitat de València y la Universitat Politècnica de València, atentos a las urgencias e incertidumbres de un presente global herido, proponen ARTICULACIONS como un contexto de investigación y aprendizaje híbrido. Un espacio de experimentación que conjuga y participa del arte y la creación contemporánea pero también de otras disciplinas del [&hellip;]

Institut Valencià d&#039;Art Modern
