{"id":76057,"date":"2023-01-25T13:55:52","date_gmt":"2023-01-25T11:55:52","guid":{"rendered":"https:\/\/ivam.es\/?page_id=76057"},"modified":"2026-02-04T13:11:30","modified_gmt":"2026-02-04T11:11:30","slug":"indicaciones-de-visita","status":"publish","type":"page","link":"https:\/\/ivam.es\/es\/indicaciones-de-visita\/","title":{"rendered":"Indicaciones de visita"},"content":{"rendered":"\n<p>Con el fin de garantizar una visita amable y segura al IVAM, a continuaci\u00f3n, se detalla un conjunto de recomendaciones para la visita individual, en grupo o mediante actividad organizada.<\/p>\n\n\n\n<p><strong>Acceso<\/strong><\/p>\n\n\n\n<p>Para acceder a las exposiciones del Centre Julio Gonz\u00e1lez del IVAM se requiere la posesi\u00f3n de una entrada, que ser\u00e1 expedida por el personal de atenci\u00f3n al p\u00fablico en el mostrador de recepci\u00f3n. Asimismo, puede adquirirse a trav\u00e9s de la p\u00e1gina web. Cuando sea solicitada, la entrada deber\u00e1 mostrarse al personal de seguridad o de acceso en las salas.<\/p>\n\n\n\n<p>Para las visitas en grupo se realizar\u00e1 la compra de entradas con una antelaci\u00f3n m\u00ednima de 24 horas, a trav\u00e9s de la p\u00e1gina web del museo y se\u00f1alando fecha y hora de la visita. El IVAM ofrecer\u00e1 una taquilla especial para los enseres personales de cada grupo.<\/p>\n\n\n\n<p>Para el buen funcionamiento de la visita, los grupos estar\u00e1n conformados por un m\u00e1ximo de 30 personas, una de las cuales ser\u00e1 la persona a cargo del grupo. En el caso de grupos educativos, el aforo m\u00e1ximo ser\u00e1 de 35 personas o el indicado espec\u00edficamente para cada actividad.<\/p>\n\n\n\n<p>Al amparo del art\u00edculo 23 de la ley 4\/2003 de la Generalitat Valenciana, el museo tiene reservado el derecho de admisi\u00f3n.<\/p>\n\n\n\n<p><strong>Horarios<\/strong><\/p>\n\n\n\n<p>Con el fin de poder cerrar el centro a la hora prevista, se comenzar\u00e1 a desalojar las salas quince minutos antes de la hora de cierre, excepto para las visitas y actividades programadas fuera del horario del museo.<\/p>\n\n\n\n<p><strong>Menores de edad<\/strong><\/p>\n\n\n\n<p>Las personas menores de 12 a\u00f1os que accedan al museo en visita libre, sin formar parte de un grupo o actividad espec\u00edfica, deber\u00e1n ir acompa\u00f1adas por una persona adulta responsable.<\/p>\n\n\n\n<p><strong>Beb\u00e9s<\/strong><\/p>\n\n\n\n<p>Se puede acceder a las salas de exposiciones con carrito portabeb\u00e9s. <\/p>\n\n\n\n<p><strong>Objetos permitidos<\/strong><\/p>\n\n\n\n<p>Por motivos de seguridad, los paraguas, bolsas, mochilas o similares enseres, deben guardarse en las taquillas del guardarropa, que es de uso gratuito para los visitantes. Las dimensiones son: peque\u00f1as (35 \u00d7 45 \u00d7 48,50 cm) y grandes (35 \u00d7 66 \u00d7 48,50 cm). Los objetos depositados deber\u00e1n ser retirados antes del cierre del museo. El IVAM no se hace responsable de los objetos guardados en las taquillas.<\/p>\n\n\n\n<p>En caso de extrav\u00edo de la ficha de la taquilla, el visitante deber\u00e1 demostrar la propiedad de los objetos personales depositados en consigna mediante una descripci\u00f3n detallada.<\/p>\n\n\n\n<p>Para garantizar una visita segura para los p\u00fablicos del museo y para las obras de arte expuestas, no se podr\u00e1 acceder a las salas con objetos cortantes o punzantes ni hacer uso de punteros l\u00e1ser.<\/p>\n\n\n\n<p><strong>Patinetes<\/strong><\/p>\n\n\n\n<p>Se permite depositar patinetes, monopatines y patinetes el\u00e9ctricos en las consignas siempre que sus dimensiones sean compatibles con el espacio disponible en las mismas.<\/p>\n\n\n\n<p><strong>Bicicletas<\/strong><\/p>\n\n\n\n<p>Existen aparcamientos p\u00fablicos para bicicletas en el exterior del Centre Julio Gonz\u00e1lez del IVAM.<\/p>\n\n\n\n<p>Delante del Centre Julio Gonz\u00e1lez del IVAM se encuentra una estaci\u00f3n de Valenbisi y a 200 metros pueden encontrar otra situada en la Calle Corona.<\/p>\n\n\n\n<p><strong>Fotograf\u00edas, video y dibujo<\/strong><\/p>\n\n\n\n<p>Est\u00e1 permitido realizar fotograf\u00edas sin flash, sin tr\u00edpode, sin palo selfie o cualquier otro elemento de estabilizaci\u00f3n de c\u00e1maras fotogr\u00e1ficas, salvo en los lugares en los que se indiquen lo contrario.<\/p>\n\n\n\n<p>Las filmaciones con fines informativos y\/o comerciales requerir\u00e1n la autorizaci\u00f3n expresa del departamento de comunicaci\u00f3n del IVAM, previo env\u00edo de un correo electr\u00f3nico a comunicacion@ivam.es.<\/p>\n\n\n\n<p>Se permite hacer bocetos de las obras de arte expuestas utilizando blocs de dibujo peque\u00f1os y l\u00e1pices de colores. El uso de caballetes no est\u00e1 permitido.<\/p>\n\n\n\n<p><strong>Temperatura en salas<\/strong><\/p>\n\n\n\n<p>Las salas de exposici\u00f3n se mantienen a una temperatura constante de 21-22\u00baC, necesaria para la conservaci\u00f3n de las obras de arte.<\/p>\n\n\n\n<p><strong>Animales<\/strong><\/p>\n\n\n\n<p>Por motivos de conservaci\u00f3n de los bienes culturales, no se admite la entrada de animales excepto perros de asistencia y perros de soporte emocional (debidamente justificado).<\/p>\n\n\n\n<p><strong>WiFi<\/strong><\/p>\n\n\n\n<p>El IVAM dispone de una red WiFi para uso p\u00fablico.<\/p>\n\n\n\n<p><strong>Accesibilidad<\/strong><\/p>\n\n\n\n<p>Consulta las recomendaciones y servicios espec\u00edficos en la secci\u00f3n de accesibilidad.<\/p>\n\n\n\n<p><strong>Descanso, comida y bebidas<\/strong><\/p>\n\n\n\n<p>El IVAM dispone de zonas de descanso en el hall principal y en los vest\u00edbulos de las plantas primera y segunda.<\/p>\n\n\n\n<p>Para comer o beber se aconseja usar la cafeter\u00eda del IVAM o la terraza, ya que no es posible hacerlo en las galer\u00edas o en las zonas de acceso a estas. Quedan exentos de esta limitaci\u00f3n los ni\u00f1os y ni\u00f1as lactantes y menores de 2 a\u00f1os.<\/p>\n\n\n\n<p><strong>Espacio de convivencia<\/strong><\/p>\n\n\n\n<p>Dentro de las galer\u00edas de exposici\u00f3n, y durante el tiempo de visita, se facilitar\u00e1 en todo momento el paso de otros visitantes, as\u00ed como de grupos educativos o culturales o que est\u00e9n realizando una actividad.<\/p>\n\n\n\n<p>Para conseguir que la visita al IVAM sea un momento de \u00f3ptima convivencia y un espacio de intercambio cultural, se pide que:<\/p>\n\n\n\n<p>\u00b7 Mantenga una distancia adecuada con las obras expuestas<\/p>\n\n\n\n<p>\u00b7 Hable en voz baja<\/p>\n\n\n\n<p>\u00b7 Ponga el m\u00f3vil en silencio<\/p>\n\n\n\n<p>\u00b7 Atienda las llamadas fuera de las salas<\/p>\n\n\n\n<p><strong>Punto de informaci\u00f3n<\/strong><\/p>\n\n\n\n<p>El IVAM dispone de un equipo profesional que proporciona informaci\u00f3n personalizada a los visitantes acerca de los contenidos de la programaci\u00f3n y de los servicios que ofrece el Museo.<\/p>\n\n\n\n<p>Quejas y sugerencias Las quejas y sugerencias se pueden realizar a trav\u00e9s de la sede electr\u00f3nica del IVAM.<\/p>\n","protected":false},"excerpt":{"rendered":"<p>Con el fin de garantizar una visita amable y segura al IVAM, a continuaci\u00f3n, se detalla un conjunto de recomendaciones para la visita individual, en grupo o mediante actividad organizada. Acceso Para acceder a las exposiciones del Centre Julio Gonz\u00e1lez del IVAM se requiere la posesi\u00f3n de una entrada, que ser\u00e1 expedida por el personal [&hellip;]<\/p>\n","protected":false},"author":291,"featured_media":0,"parent":0,"menu_order":0,"comment_status":"closed","ping_status":"closed","template":"","meta":{"footnotes":""},"class_list":["post-76057","page","type-page","status-publish","hentry"],"yoast_head":"<!-- This site is optimized with the Yoast SEO plugin v26.0 - https:\/\/yoast.com\/wordpress\/plugins\/seo\/ -->\n<title>Indicaciones de visita - IVAM<\/title>\n<meta name=\"robots\" content=\"index, follow, max-snippet:-1, max-image-preview:large, max-video-preview:-1\" \/>\n<link rel=\"canonical\" href=\"https:\/\/ivam.es\/es\/indicaciones-de-visita\/\" \/>\n<meta property=\"og:locale\" content=\"es_ES\" \/>\n<meta property=\"og:type\" content=\"article\" \/>\n<meta property=\"og:title\" content=\"Indicaciones de visita - IVAM\" \/>\n<meta property=\"og:description\" content=\"Con el fin de garantizar una visita amable y segura al IVAM, a continuaci\u00f3n, se detalla un conjunto de recomendaciones para la visita individual, en grupo o mediante actividad organizada. Acceso Para acceder a las exposiciones del Centre Julio Gonz\u00e1lez del IVAM se requiere la posesi\u00f3n de una entrada, que ser\u00e1 expedida por el personal [&hellip;]\" \/>\n<meta property=\"og:url\" content=\"https:\/\/ivam.es\/es\/indicaciones-de-visita\/\" \/>\n<meta property=\"og:site_name\" content=\"IVAM\" \/>\n<meta property=\"article:modified_time\" content=\"2026-02-04T11:11:30+00:00\" \/>\n<meta name=\"twitter:card\" content=\"summary_large_image\" \/>\n<meta name=\"twitter:label1\" content=\"Tiempo de lectura\" \/>\n\t<meta name=\"twitter:data1\" content=\"4 minutos\" \/>\n<script type=\"application\/ld+json\" class=\"yoast-schema-graph\">{\"@context\":\"https:\/\/schema.org\",\"@graph\":[{\"@type\":\"WebPage\",\"@id\":\"https:\/\/ivam.es\/es\/indicaciones-de-visita\/\",\"url\":\"https:\/\/ivam.es\/es\/indicaciones-de-visita\/\",\"name\":\"Indicaciones de visita - IVAM\",\"isPartOf\":{\"@id\":\"https:\/\/ivam.es\/es\/#website\"},\"datePublished\":\"2023-01-25T11:55:52+00:00\",\"dateModified\":\"2026-02-04T11:11:30+00:00\",\"breadcrumb\":{\"@id\":\"https:\/\/ivam.es\/es\/indicaciones-de-visita\/#breadcrumb\"},\"inLanguage\":\"es\",\"potentialAction\":[{\"@type\":\"ReadAction\",\"target\":[\"https:\/\/ivam.es\/es\/indicaciones-de-visita\/\"]}]},{\"@type\":\"BreadcrumbList\",\"@id\":\"https:\/\/ivam.es\/es\/indicaciones-de-visita\/#breadcrumb\",\"itemListElement\":[{\"@type\":\"ListItem\",\"position\":1,\"name\":\"Home\",\"item\":\"https:\/\/ivam.es\/es\/\"},{\"@type\":\"ListItem\",\"position\":2,\"name\":\"Indicaciones de visita\"}]},{\"@type\":\"WebSite\",\"@id\":\"https:\/\/ivam.es\/es\/#website\",\"url\":\"https:\/\/ivam.es\/es\/\",\"name\":\"IVAM\",\"description\":\"Institut Valenci\u00e0 d&#039;Art Modern\",\"publisher\":{\"@id\":\"https:\/\/ivam.es\/es\/#organization\"},\"potentialAction\":[{\"@type\":\"SearchAction\",\"target\":{\"@type\":\"EntryPoint\",\"urlTemplate\":\"https:\/\/ivam.es\/es\/?s={search_term_string}\"},\"query-input\":{\"@type\":\"PropertyValueSpecification\",\"valueRequired\":true,\"valueName\":\"search_term_string\"}}],\"inLanguage\":\"es\"},{\"@type\":\"Organization\",\"@id\":\"https:\/\/ivam.es\/es\/#organization\",\"name\":\"IVAM\",\"url\":\"https:\/\/ivam.es\/es\/\",\"logo\":{\"@type\":\"ImageObject\",\"inLanguage\":\"es\",\"@id\":\"https:\/\/ivam.es\/es\/#\/schema\/logo\/image\/\",\"url\":\"https:\/\/ivam.es\/wp-content\/uploads\/logo-ok-512.png\",\"contentUrl\":\"https:\/\/ivam.es\/wp-content\/uploads\/logo-ok-512.png\",\"width\":512,\"height\":512,\"caption\":\"IVAM\"},\"image\":{\"@id\":\"https:\/\/ivam.es\/es\/#\/schema\/logo\/image\/\"}}]}<\/script>\n<!-- \/ Yoast SEO plugin. -->","yoast_head_json":{"title":"Indicaciones de visita - IVAM","robots":{"index":"index","follow":"follow","max-snippet":"max-snippet:-1","max-image-preview":"max-image-preview:large","max-video-preview":"max-video-preview:-1"},"canonical":"https:\/\/ivam.es\/es\/indicaciones-de-visita\/","og_locale":"es_ES","og_type":"article","og_title":"Indicaciones de visita - IVAM","og_description":"Con el fin de garantizar una visita amable y segura al IVAM, a continuaci\u00f3n, se detalla un conjunto de recomendaciones para la visita individual, en grupo o mediante actividad organizada. Acceso Para acceder a las exposiciones del Centre Julio Gonz\u00e1lez del IVAM se requiere la posesi\u00f3n de una entrada, que ser\u00e1 expedida por el personal [&hellip;]","og_url":"https:\/\/ivam.es\/es\/indicaciones-de-visita\/","og_site_name":"IVAM","article_modified_time":"2026-02-04T11:11:30+00:00","twitter_card":"summary_large_image","twitter_misc":{"Tiempo de lectura":"4 minutos"},"schema":{"@context":"https:\/\/schema.org","@graph":[{"@type":"WebPage","@id":"https:\/\/ivam.es\/es\/indicaciones-de-visita\/","url":"https:\/\/ivam.es\/es\/indicaciones-de-visita\/","name":"Indicaciones de visita - IVAM","isPartOf":{"@id":"https:\/\/ivam.es\/es\/#website"},"datePublished":"2023-01-25T11:55:52+00:00","dateModified":"2026-02-04T11:11:30+00:00","breadcrumb":{"@id":"https:\/\/ivam.es\/es\/indicaciones-de-visita\/#breadcrumb"},"inLanguage":"es","potentialAction":[{"@type":"ReadAction","target":["https:\/\/ivam.es\/es\/indicaciones-de-visita\/"]}]},{"@type":"BreadcrumbList","@id":"https:\/\/ivam.es\/es\/indicaciones-de-visita\/#breadcrumb","itemListElement":[{"@type":"ListItem","position":1,"name":"Home","item":"https:\/\/ivam.es\/es\/"},{"@type":"ListItem","position":2,"name":"Indicaciones de visita"}]},{"@type":"WebSite","@id":"https:\/\/ivam.es\/es\/#website","url":"https:\/\/ivam.es\/es\/","name":"IVAM","description":"Institut Valenci\u00e0 d&#039;Art Modern","publisher":{"@id":"https:\/\/ivam.es\/es\/#organization"},"potentialAction":[{"@type":"SearchAction","target":{"@type":"EntryPoint","urlTemplate":"https:\/\/ivam.es\/es\/?s={search_term_string}"},"query-input":{"@type":"PropertyValueSpecification","valueRequired":true,"valueName":"search_term_string"}}],"inLanguage":"es"},{"@type":"Organization","@id":"https:\/\/ivam.es\/es\/#organization","name":"IVAM","url":"https:\/\/ivam.es\/es\/","logo":{"@type":"ImageObject","inLanguage":"es","@id":"https:\/\/ivam.es\/es\/#\/schema\/logo\/image\/","url":"https:\/\/ivam.es\/wp-content\/uploads\/logo-ok-512.png","contentUrl":"https:\/\/ivam.es\/wp-content\/uploads\/logo-ok-512.png","width":512,"height":512,"caption":"IVAM"},"image":{"@id":"https:\/\/ivam.es\/es\/#\/schema\/logo\/image\/"}}]}},"_links":{"self":[{"href":"https:\/\/ivam.es\/es\/wp-json\/wp\/v2\/pages\/76057","targetHints":{"allow":["GET"]}}],"collection":[{"href":"https:\/\/ivam.es\/es\/wp-json\/wp\/v2\/pages"}],"about":[{"href":"https:\/\/ivam.es\/es\/wp-json\/wp\/v2\/types\/page"}],"author":[{"embeddable":true,"href":"https:\/\/ivam.es\/es\/wp-json\/wp\/v2\/users\/291"}],"replies":[{"embeddable":true,"href":"https:\/\/ivam.es\/es\/wp-json\/wp\/v2\/comments?post=76057"}],"version-history":[{"count":4,"href":"https:\/\/ivam.es\/es\/wp-json\/wp\/v2\/pages\/76057\/revisions"}],"predecessor-version":[{"id":114130,"href":"https:\/\/ivam.es\/es\/wp-json\/wp\/v2\/pages\/76057\/revisions\/114130"}],"wp:attachment":[{"href":"https:\/\/ivam.es\/es\/wp-json\/wp\/v2\/media?parent=76057"}],"curies":[{"name":"wp","href":"https:\/\/api.w.org\/{rel}","templated":true}]}}

<p>Con el fin de garantizar una visita amable y segura al IVAM, a continuación, se detalla un conjunto de recomendaciones para la visita individual, en grupo o mediante actividad organizada.</p>



<p><strong>Acceso</strong></p>



<p>Para acceder a las exposiciones del Centre Julio González del IVAM se requiere la posesión de una entrada, que será expedida por el personal de atención al público en el mostrador de recepción. Asimismo, puede adquirirse a través de la página web. Cuando sea solicitada, la entrada deberá mostrarse al personal de seguridad o de acceso en las salas.</p>



<p>Para las visitas en grupo se realizará la compra de entradas con una antelación mínima de 24 horas, a través de la página web del museo y señalando fecha y hora de la visita. El IVAM ofrecerá una taquilla especial para los enseres personales de cada grupo.</p>



<p>Para el buen funcionamiento de la visita, los grupos estarán conformados por un máximo de 30 personas, una de las cuales será la persona a cargo del grupo. En el caso de grupos educativos, el aforo máximo será de 35 personas o el indicado específicamente para cada actividad.</p>



<p>Al amparo del artículo 23 de la ley 4/2003 de la Generalitat Valenciana, el museo tiene reservado el derecho de admisión.</p>



<p><strong>Horarios</strong></p>



<p>Con el fin de poder cerrar el centro a la hora prevista, se comenzará a desalojar las salas quince minutos antes de la hora de cierre, excepto para las visitas y actividades programadas fuera del horario del museo.</p>



<p><strong>Menores de edad</strong></p>



<p>Las personas menores de 12 años que accedan al museo en visita libre, sin formar parte de un grupo o actividad específica, deberán ir acompañadas por una persona adulta responsable.</p>



<p><strong>Bebés</strong></p>



<p>Se puede acceder a las salas de exposiciones con carrito portabebés. </p>



<p><strong>Objetos permitidos</strong></p>



<p>Por motivos de seguridad, los paraguas, bolsas, mochilas o similares enseres, deben guardarse en las taquillas del guardarropa, que es de uso gratuito para los visitantes. Las dimensiones son: pequeñas (35 × 45 × 48,50 cm) y grandes (35 × 66 × 48,50 cm). Los objetos depositados deberán ser retirados antes del cierre del museo. El IVAM no se hace responsable de los objetos guardados en las taquillas.</p>



<p>En caso de extravío de la ficha de la taquilla, el visitante deberá demostrar la propiedad de los objetos personales depositados en consigna mediante una descripción detallada.</p>



<p>Para garantizar una visita segura para los públicos del museo y para las obras de arte expuestas, no se podrá acceder a las salas con objetos cortantes o punzantes ni hacer uso de punteros láser.</p>



<p><strong>Patinetes</strong></p>



<p>Se permite depositar patinetes, monopatines y patinetes eléctricos en las consignas siempre que sus dimensiones sean compatibles con el espacio disponible en las mismas.</p>



<p><strong>Bicicletas</strong></p>



<p>Existen aparcamientos públicos para bicicletas en el exterior del Centre Julio González del IVAM.</p>



<p>Delante del Centre Julio González del IVAM se encuentra una estación de Valenbisi y a 200 metros pueden encontrar otra situada en la Calle Corona.</p>



<p><strong>Fotografías, video y dibujo</strong></p>



<p>Está permitido realizar fotografías sin flash, sin trípode, sin palo selfie o cualquier otro elemento de estabilización de cámaras fotográficas, salvo en los lugares en los que se indiquen lo contrario.</p>



<p>Las filmaciones con fines informativos y/o comerciales requerirán la autorización expresa del departamento de comunicación del IVAM, previo envío de un correo electrónico a comunicacion@ivam.es.</p>



<p>Se permite hacer bocetos de las obras de arte expuestas utilizando blocs de dibujo pequeños y lápices de colores. El uso de caballetes no está permitido.</p>



<p><strong>Temperatura en salas</strong></p>



<p>Las salas de exposición se mantienen a una temperatura constante de 21-22ºC, necesaria para la conservación de las obras de arte.</p>



<p><strong>Animales</strong></p>



<p>Por motivos de conservación de los bienes culturales, no se admite la entrada de animales excepto perros de asistencia y perros de soporte emocional (debidamente justificado).</p>



<p><strong>WiFi</strong></p>



<p>El IVAM dispone de una red WiFi para uso público.</p>



<p><strong>Accesibilidad</strong></p>



<p>Consulta las recomendaciones y servicios específicos en la sección de accesibilidad.</p>



<p><strong>Descanso, comida y bebidas</strong></p>



<p>El IVAM dispone de zonas de descanso en el hall principal y en los vestíbulos de las plantas primera y segunda.</p>



<p>Para comer o beber se aconseja usar la cafetería del IVAM o la terraza, ya que no es posible hacerlo en las galerías o en las zonas de acceso a estas. Quedan exentos de esta limitación los niños y niñas lactantes y menores de 2 años.</p>



<p><strong>Espacio de convivencia</strong></p>



<p>Dentro de las galerías de exposición, y durante el tiempo de visita, se facilitará en todo momento el paso de otros visitantes, así como de grupos educativos o culturales o que estén realizando una actividad.</p>



<p>Para conseguir que la visita al IVAM sea un momento de óptima convivencia y un espacio de intercambio cultural, se pide que:</p>



<p>· Mantenga una distancia adecuada con las obras expuestas</p>



<p>· Hable en voz baja</p>



<p>· Ponga el móvil en silencio</p>



<p>· Atienda las llamadas fuera de las salas</p>



<p><strong>Punto de información</strong></p>



<p>El IVAM dispone de un equipo profesional que proporciona información personalizada a los visitantes acerca de los contenidos de la programación y de los servicios que ofrece el Museo.</p>



<p>Quejas y sugerencias Las quejas y sugerencias se pueden realizar a través de la sede electrónica del IVAM.</p>

<p>Con el fin de garantizar una visita amable y segura al IVAM, a continuación, se detalla un conjunto de recomendaciones para la visita individual, en grupo o mediante actividad organizada. Acceso Para acceder a las exposiciones del Centre Julio González del IVAM se requiere la posesión de una entrada, que será expedida por el personal [&hellip;]</p>

<!-- This site is optimized with the Yoast SEO plugin v26.0 - https://yoast.com/wordpress/plugins/seo/ -->
<title>Indicaciones de visita - IVAM</title>
<meta name="robots" content="index, follow, max-snippet:-1, max-image-preview:large, max-video-preview:-1" />
<link rel="canonical" href="https://ivam.es/es/indicaciones-de-visita/" />
<meta property="og:locale" content="es_ES" />
<meta property="og:type" content="article" />
<meta property="og:title" content="Indicaciones de visita - IVAM" />
<meta property="og:description" content="Con el fin de garantizar una visita amable y segura al IVAM, a continuación, se detalla un conjunto de recomendaciones para la visita individual, en grupo o mediante actividad organizada. Acceso Para acceder a las exposiciones del Centre Julio González del IVAM se requiere la posesión de una entrada, que será expedida por el personal [&hellip;]" />
<meta property="og:url" content="https://ivam.es/es/indicaciones-de-visita/" />
<meta property="og:site_name" content="IVAM" />
<meta property="article:modified_time" content="2026-02-04T11:11:30+00:00" />
<meta name="twitter:card" content="summary_large_image" />
<meta name="twitter:label1" content="Tiempo de lectura" />
	<meta name="twitter:data1" content="4 minutos" />
<script type="application/ld+json" class="yoast-schema-graph">{"@context":"https://schema.org","@graph":[{"@type":"WebPage","@id":"https://ivam.es/es/indicaciones-de-visita/","url":"https://ivam.es/es/indicaciones-de-visita/","name":"Indicaciones de visita - IVAM","isPartOf":{"@id":"https://ivam.es/es/#website"},"datePublished":"2023-01-25T11:55:52+00:00","dateModified":"2026-02-04T11:11:30+00:00","breadcrumb":{"@id":"https://ivam.es/es/indicaciones-de-visita/#breadcrumb"},"inLanguage":"es","potentialAction":[{"@type":"ReadAction","target":["https://ivam.es/es/indicaciones-de-visita/"]}]},{"@type":"BreadcrumbList","@id":"https://ivam.es/es/indicaciones-de-visita/#breadcrumb","itemListElement":[{"@type":"ListItem","position":1,"name":"Home","item":"https://ivam.es/es/"},{"@type":"ListItem","position":2,"name":"Indicaciones de visita"}]},{"@type":"WebSite","@id":"https://ivam.es/es/#website","url":"https://ivam.es/es/","name":"IVAM","description":"Institut Valencià d&#039;Art Modern","publisher":{"@id":"https://ivam.es/es/#organization"},"potentialAction":[{"@type":"SearchAction","target":{"@type":"EntryPoint","urlTemplate":"https://ivam.es/es/?s={search_term_string}"},"query-input":{"@type":"PropertyValueSpecification","valueRequired":true,"valueName":"search_term_string"}}],"inLanguage":"es"},{"@type":"Organization","@id":"https://ivam.es/es/#organization","name":"IVAM","url":"https://ivam.es/es/","logo":{"@type":"ImageObject","inLanguage":"es","@id":"https://ivam.es/es/#/schema/logo/image/","url":"https://ivam.es/wp-content/uploads/logo-ok-512.png","contentUrl":"https://ivam.es/wp-content/uploads/logo-ok-512.png","width":512,"height":512,"caption":"IVAM"},"image":{"@id":"https://ivam.es/es/#/schema/logo/image/"}}]}</script>
<!-- / Yoast SEO plugin. -->

Con el fin de garantizar una visita amable y segura al IVAM, a continuación, se detalla un conjunto de recomendaciones para la visita individual, en grupo o mediante actividad organizada. Acceso Para acceder a las exposiciones del Centre Julio González del IVAM se requiere la posesión de una entrada, que será expedida por el personal [&hellip;]

Institut Valencià d&#039;Art Modern
