{"id":45982,"date":"2020-05-27T09:19:50","date_gmt":"2020-05-27T07:19:50","guid":{"rendered":"\/?page_id=45982"},"modified":"2020-06-02T13:37:45","modified_gmt":"2020-06-02T11:37:45","slug":"rafael-marti-quinto","status":"publish","type":"page","link":"https:\/\/ivam.es\/es\/rafael-marti-quinto\/","title":{"rendered":"RAFAEL MART\u00cd QUINTO"},"content":{"rendered":"<p><a href=\"\/wp-content\/uploads\/page\/rafael-marti-quinto\/MARTI-QUINTO.jpg\"><img loading=\"lazy\" decoding=\"async\" class=\"alignnone wp-image-45983\" src=\"\/wp-content\/uploads\/page\/rafael-marti-quinto\/MARTI-QUINTO-300x224.jpg\" alt=\"\" width=\"803\" height=\"600\" srcset=\"https:\/\/ivam.es\/wp-content\/uploads\/page\/rafael-marti-quinto\/MARTI-QUINTO-300x224.jpg 300w, https:\/\/ivam.es\/wp-content\/uploads\/page\/rafael-marti-quinto\/MARTI-QUINTO-280x209.jpg 280w, https:\/\/ivam.es\/wp-content\/uploads\/page\/rafael-marti-quinto\/MARTI-QUINTO-467x349.jpg 467w, https:\/\/ivam.es\/wp-content\/uploads\/page\/rafael-marti-quinto\/MARTI-QUINTO-231x173.jpg 231w, https:\/\/ivam.es\/wp-content\/uploads\/page\/rafael-marti-quinto\/MARTI-QUINTO-500x374.jpg 500w, https:\/\/ivam.es\/wp-content\/uploads\/page\/rafael-marti-quinto\/MARTI-QUINTO.jpg 531w\" sizes=\"auto, (max-width: 803px) 100vw, 803px\" \/><\/a><\/p>\n<h4>Reina por un d\u00eda, 1964<br \/>\nLinograbado sobre papel, 1\/30<br \/>\n64,2 x 85,8 cm<\/h4>\n<p>&nbsp;<\/p>\n<p><strong>Rafael Mart\u00ed Quinto (Mislata, 1939)<\/strong><\/p>\n<p>1964 fue un a\u00f1o muy especial. En realidad, cualquier a\u00f1o tambi\u00e9n lo puede ser de alguna manera, pero este en concreto, el de 1964, fue el que se\u00f1al\u00f3 Andy Warhol en<em> POPism<\/em> -el libro de sus memorias- como el a\u00f1o en el que el mundo rejuveneci\u00f3. Los Beatles realizaban su tour por los Estados Unidos arrancando suspiros y lloros a sus millones de fans, y un grupo de artistas pop jugaba perversamente al trampantojo con el p\u00fablico mezclando obras de arte con productos frescos y enlatados de verdad en la exposici\u00f3n <em>American Supermarket<\/em>. La Feria Mundial de Nueva York por su parte, exploraba el d\u00eda del ma\u00f1ana con la muestra Futurama II, un evento que inclu\u00eda, entre otras curiosas atracciones, un hotel en el que pasar las vacaciones debajo del mar.<\/p>\n<p>En Espa\u00f1a el General Franco intentaba reverdecer el pa\u00eds con la pomposa y sonriente celebraci\u00f3n de los <em>XXV A\u00f1os de Paz<\/em>, mientras las mujeres de clase media acud\u00edan en tromba a los primeros centros comerciales a adquirir electrodom\u00e9sticos. Las j\u00f3venes que no pod\u00edan permitirse tal desembolso no ten\u00edan m\u00e1s remedio que solicitar su participaci\u00f3n en el concurso de RTVE <em>Reina por un d\u00eda<\/em>, la primera f\u00e1brica televisiva en Espa\u00f1a de sue\u00f1os edulcorados.<\/p>\n<p>Este grabado de Rafael Mart\u00ed Quinto, que ridiculiza la manipulaci\u00f3n grotesca de las ilusiones de la mujer de clase trabajadora por parte de los responsables del popular programa, fue realizado con motivo de la creaci\u00f3n, en el verano de 1964, de Estampa Popular de Valencia, un colectivo de artistas que incorporar\u00eda por primera vez en nuestro pa\u00eds algunos de los presupuestos del arte Pop como peculiar estrategia para la consecuci\u00f3n de un arte combativo al servicio de la lucha contra el franquismo y la transformaci\u00f3n social.<\/p>\n<h4>Joan Ramon Escriv\u00e0<br \/>\nConservador<\/h4>\n","protected":false},"excerpt":{"rendered":"<p>Reina por un d\u00eda, 1964 Linograbado sobre papel, 1\/30 64,2 x 85,8 cm &nbsp; Rafael Mart\u00ed Quinto (Mislata, 1939) 1964 fue un a\u00f1o muy especial. En realidad, cualquier a\u00f1o tambi\u00e9n lo puede ser de alguna manera, pero este en concreto, el de 1964, fue el que se\u00f1al\u00f3 Andy Warhol en POPism -el libro de sus [&hellip;]<\/p>\n","protected":false},"author":3,"featured_media":0,"parent":0,"menu_order":245,"comment_status":"closed","ping_status":"closed","template":"","meta":{"footnotes":""},"class_list":["post-45982","page","type-page","status-publish","hentry"],"yoast_head":"<!-- This site is optimized with the Yoast SEO plugin v26.0 - https:\/\/yoast.com\/wordpress\/plugins\/seo\/ -->\n<title>RAFAEL MART\u00cd QUINTO - IVAM<\/title>\n<meta name=\"robots\" content=\"index, follow, max-snippet:-1, max-image-preview:large, max-video-preview:-1\" \/>\n<link rel=\"canonical\" href=\"https:\/\/ivam.es\/es\/rafael-marti-quinto\/\" \/>\n<meta property=\"og:locale\" content=\"es_ES\" \/>\n<meta property=\"og:type\" content=\"article\" \/>\n<meta property=\"og:title\" content=\"RAFAEL MART\u00cd QUINTO - IVAM\" \/>\n<meta property=\"og:description\" content=\"Reina por un d\u00eda, 1964 Linograbado sobre papel, 1\/30 64,2 x 85,8 cm &nbsp; Rafael Mart\u00ed Quinto (Mislata, 1939) 1964 fue un a\u00f1o muy especial. En realidad, cualquier a\u00f1o tambi\u00e9n lo puede ser de alguna manera, pero este en concreto, el de 1964, fue el que se\u00f1al\u00f3 Andy Warhol en POPism -el libro de sus [&hellip;]\" \/>\n<meta property=\"og:url\" content=\"https:\/\/ivam.es\/es\/rafael-marti-quinto\/\" \/>\n<meta property=\"og:site_name\" content=\"IVAM\" \/>\n<meta property=\"article:modified_time\" content=\"2020-06-02T11:37:45+00:00\" \/>\n<meta name=\"twitter:card\" content=\"summary_large_image\" \/>\n<meta name=\"twitter:label1\" content=\"Tiempo de lectura\" \/>\n\t<meta name=\"twitter:data1\" content=\"2 minutos\" \/>\n<script type=\"application\/ld+json\" class=\"yoast-schema-graph\">{\"@context\":\"https:\/\/schema.org\",\"@graph\":[{\"@type\":\"WebPage\",\"@id\":\"https:\/\/ivam.es\/es\/rafael-marti-quinto\/\",\"url\":\"https:\/\/ivam.es\/es\/rafael-marti-quinto\/\",\"name\":\"RAFAEL MART\u00cd QUINTO - IVAM\",\"isPartOf\":{\"@id\":\"https:\/\/ivam.es\/es\/#website\"},\"datePublished\":\"2020-05-27T07:19:50+00:00\",\"dateModified\":\"2020-06-02T11:37:45+00:00\",\"breadcrumb\":{\"@id\":\"https:\/\/ivam.es\/es\/rafael-marti-quinto\/#breadcrumb\"},\"inLanguage\":\"es\",\"potentialAction\":[{\"@type\":\"ReadAction\",\"target\":[\"https:\/\/ivam.es\/es\/rafael-marti-quinto\/\"]}]},{\"@type\":\"BreadcrumbList\",\"@id\":\"https:\/\/ivam.es\/es\/rafael-marti-quinto\/#breadcrumb\",\"itemListElement\":[{\"@type\":\"ListItem\",\"position\":1,\"name\":\"Home\",\"item\":\"https:\/\/ivam.es\/es\/\"},{\"@type\":\"ListItem\",\"position\":2,\"name\":\"RAFAEL MART\u00cd QUINTO\"}]},{\"@type\":\"WebSite\",\"@id\":\"https:\/\/ivam.es\/es\/#website\",\"url\":\"https:\/\/ivam.es\/es\/\",\"name\":\"IVAM\",\"description\":\"Institut Valenci\u00e0 d&#039;Art Modern\",\"publisher\":{\"@id\":\"https:\/\/ivam.es\/es\/#organization\"},\"potentialAction\":[{\"@type\":\"SearchAction\",\"target\":{\"@type\":\"EntryPoint\",\"urlTemplate\":\"https:\/\/ivam.es\/es\/?s={search_term_string}\"},\"query-input\":{\"@type\":\"PropertyValueSpecification\",\"valueRequired\":true,\"valueName\":\"search_term_string\"}}],\"inLanguage\":\"es\"},{\"@type\":\"Organization\",\"@id\":\"https:\/\/ivam.es\/es\/#organization\",\"name\":\"IVAM\",\"url\":\"https:\/\/ivam.es\/es\/\",\"logo\":{\"@type\":\"ImageObject\",\"inLanguage\":\"es\",\"@id\":\"https:\/\/ivam.es\/es\/#\/schema\/logo\/image\/\",\"url\":\"https:\/\/ivam.es\/wp-content\/uploads\/logo-ok-512.png\",\"contentUrl\":\"https:\/\/ivam.es\/wp-content\/uploads\/logo-ok-512.png\",\"width\":512,\"height\":512,\"caption\":\"IVAM\"},\"image\":{\"@id\":\"https:\/\/ivam.es\/es\/#\/schema\/logo\/image\/\"}}]}<\/script>\n<!-- \/ Yoast SEO plugin. -->","yoast_head_json":{"title":"RAFAEL MART\u00cd QUINTO - IVAM","robots":{"index":"index","follow":"follow","max-snippet":"max-snippet:-1","max-image-preview":"max-image-preview:large","max-video-preview":"max-video-preview:-1"},"canonical":"https:\/\/ivam.es\/es\/rafael-marti-quinto\/","og_locale":"es_ES","og_type":"article","og_title":"RAFAEL MART\u00cd QUINTO - IVAM","og_description":"Reina por un d\u00eda, 1964 Linograbado sobre papel, 1\/30 64,2 x 85,8 cm &nbsp; Rafael Mart\u00ed Quinto (Mislata, 1939) 1964 fue un a\u00f1o muy especial. En realidad, cualquier a\u00f1o tambi\u00e9n lo puede ser de alguna manera, pero este en concreto, el de 1964, fue el que se\u00f1al\u00f3 Andy Warhol en POPism -el libro de sus [&hellip;]","og_url":"https:\/\/ivam.es\/es\/rafael-marti-quinto\/","og_site_name":"IVAM","article_modified_time":"2020-06-02T11:37:45+00:00","twitter_card":"summary_large_image","twitter_misc":{"Tiempo de lectura":"2 minutos"},"schema":{"@context":"https:\/\/schema.org","@graph":[{"@type":"WebPage","@id":"https:\/\/ivam.es\/es\/rafael-marti-quinto\/","url":"https:\/\/ivam.es\/es\/rafael-marti-quinto\/","name":"RAFAEL MART\u00cd QUINTO - IVAM","isPartOf":{"@id":"https:\/\/ivam.es\/es\/#website"},"datePublished":"2020-05-27T07:19:50+00:00","dateModified":"2020-06-02T11:37:45+00:00","breadcrumb":{"@id":"https:\/\/ivam.es\/es\/rafael-marti-quinto\/#breadcrumb"},"inLanguage":"es","potentialAction":[{"@type":"ReadAction","target":["https:\/\/ivam.es\/es\/rafael-marti-quinto\/"]}]},{"@type":"BreadcrumbList","@id":"https:\/\/ivam.es\/es\/rafael-marti-quinto\/#breadcrumb","itemListElement":[{"@type":"ListItem","position":1,"name":"Home","item":"https:\/\/ivam.es\/es\/"},{"@type":"ListItem","position":2,"name":"RAFAEL MART\u00cd QUINTO"}]},{"@type":"WebSite","@id":"https:\/\/ivam.es\/es\/#website","url":"https:\/\/ivam.es\/es\/","name":"IVAM","description":"Institut Valenci\u00e0 d&#039;Art Modern","publisher":{"@id":"https:\/\/ivam.es\/es\/#organization"},"potentialAction":[{"@type":"SearchAction","target":{"@type":"EntryPoint","urlTemplate":"https:\/\/ivam.es\/es\/?s={search_term_string}"},"query-input":{"@type":"PropertyValueSpecification","valueRequired":true,"valueName":"search_term_string"}}],"inLanguage":"es"},{"@type":"Organization","@id":"https:\/\/ivam.es\/es\/#organization","name":"IVAM","url":"https:\/\/ivam.es\/es\/","logo":{"@type":"ImageObject","inLanguage":"es","@id":"https:\/\/ivam.es\/es\/#\/schema\/logo\/image\/","url":"https:\/\/ivam.es\/wp-content\/uploads\/logo-ok-512.png","contentUrl":"https:\/\/ivam.es\/wp-content\/uploads\/logo-ok-512.png","width":512,"height":512,"caption":"IVAM"},"image":{"@id":"https:\/\/ivam.es\/es\/#\/schema\/logo\/image\/"}}]}},"_links":{"self":[{"href":"https:\/\/ivam.es\/es\/wp-json\/wp\/v2\/pages\/45982","targetHints":{"allow":["GET"]}}],"collection":[{"href":"https:\/\/ivam.es\/es\/wp-json\/wp\/v2\/pages"}],"about":[{"href":"https:\/\/ivam.es\/es\/wp-json\/wp\/v2\/types\/page"}],"author":[{"embeddable":true,"href":"https:\/\/ivam.es\/es\/wp-json\/wp\/v2\/users\/3"}],"replies":[{"embeddable":true,"href":"https:\/\/ivam.es\/es\/wp-json\/wp\/v2\/comments?post=45982"}],"version-history":[{"count":4,"href":"https:\/\/ivam.es\/es\/wp-json\/wp\/v2\/pages\/45982\/revisions"}],"predecessor-version":[{"id":46096,"href":"https:\/\/ivam.es\/es\/wp-json\/wp\/v2\/pages\/45982\/revisions\/46096"}],"wp:attachment":[{"href":"https:\/\/ivam.es\/es\/wp-json\/wp\/v2\/media?parent=45982"}],"curies":[{"name":"wp","href":"https:\/\/api.w.org\/{rel}","templated":true}]}}

RAFAEL MARTÍ QUINTO

<p><a href="/wp-content/uploads/page/rafael-marti-quinto/MARTI-QUINTO.jpg"><img loading="lazy" decoding="async" class="alignnone wp-image-45983" src="/wp-content/uploads/page/rafael-marti-quinto/MARTI-QUINTO-300x224.jpg" alt="" width="803" height="600" srcset="https://ivam.es/wp-content/uploads/page/rafael-marti-quinto/MARTI-QUINTO-300x224.jpg 300w, https://ivam.es/wp-content/uploads/page/rafael-marti-quinto/MARTI-QUINTO-280x209.jpg 280w, https://ivam.es/wp-content/uploads/page/rafael-marti-quinto/MARTI-QUINTO-467x349.jpg 467w, https://ivam.es/wp-content/uploads/page/rafael-marti-quinto/MARTI-QUINTO-231x173.jpg 231w, https://ivam.es/wp-content/uploads/page/rafael-marti-quinto/MARTI-QUINTO-500x374.jpg 500w, https://ivam.es/wp-content/uploads/page/rafael-marti-quinto/MARTI-QUINTO.jpg 531w" sizes="auto, (max-width: 803px) 100vw, 803px" /></a></p>
<h4>Reina por un día, 1964<br />
Linograbado sobre papel, 1/30<br />
64,2 x 85,8 cm</h4>
<p>&nbsp;</p>
<p><strong>Rafael Martí Quinto (Mislata, 1939)</strong></p>
<p>1964 fue un año muy especial. En realidad, cualquier año también lo puede ser de alguna manera, pero este en concreto, el de 1964, fue el que señaló Andy Warhol en<em> POPism</em> -el libro de sus memorias- como el año en el que el mundo rejuveneció. Los Beatles realizaban su tour por los Estados Unidos arrancando suspiros y lloros a sus millones de fans, y un grupo de artistas pop jugaba perversamente al trampantojo con el público mezclando obras de arte con productos frescos y enlatados de verdad en la exposición <em>American Supermarket</em>. La Feria Mundial de Nueva York por su parte, exploraba el día del mañana con la muestra Futurama II, un evento que incluía, entre otras curiosas atracciones, un hotel en el que pasar las vacaciones debajo del mar.</p>
<p>En España el General Franco intentaba reverdecer el país con la pomposa y sonriente celebración de los <em>XXV Años de Paz</em>, mientras las mujeres de clase media acudían en tromba a los primeros centros comerciales a adquirir electrodomésticos. Las jóvenes que no podían permitirse tal desembolso no tenían más remedio que solicitar su participación en el concurso de RTVE <em>Reina por un día</em>, la primera fábrica televisiva en España de sueños edulcorados.</p>
<p>Este grabado de Rafael Martí Quinto, que ridiculiza la manipulación grotesca de las ilusiones de la mujer de clase trabajadora por parte de los responsables del popular programa, fue realizado con motivo de la creación, en el verano de 1964, de Estampa Popular de Valencia, un colectivo de artistas que incorporaría por primera vez en nuestro país algunos de los presupuestos del arte Pop como peculiar estrategia para la consecución de un arte combativo al servicio de la lucha contra el franquismo y la transformación social.</p>
<h4>Joan Ramon Escrivà<br />
Conservador</h4>

<p>Reina por un día, 1964 Linograbado sobre papel, 1/30 64,2 x 85,8 cm &nbsp; Rafael Martí Quinto (Mislata, 1939) 1964 fue un año muy especial. En realidad, cualquier año también lo puede ser de alguna manera, pero este en concreto, el de 1964, fue el que señaló Andy Warhol en POPism -el libro de sus [&hellip;]</p>

<!-- This site is optimized with the Yoast SEO plugin v26.0 - https://yoast.com/wordpress/plugins/seo/ -->
<title>RAFAEL MARTÍ QUINTO - IVAM</title>
<meta name="robots" content="index, follow, max-snippet:-1, max-image-preview:large, max-video-preview:-1" />
<link rel="canonical" href="https://ivam.es/es/rafael-marti-quinto/" />
<meta property="og:locale" content="es_ES" />
<meta property="og:type" content="article" />
<meta property="og:title" content="RAFAEL MARTÍ QUINTO - IVAM" />
<meta property="og:description" content="Reina por un día, 1964 Linograbado sobre papel, 1/30 64,2 x 85,8 cm &nbsp; Rafael Martí Quinto (Mislata, 1939) 1964 fue un año muy especial. En realidad, cualquier año también lo puede ser de alguna manera, pero este en concreto, el de 1964, fue el que señaló Andy Warhol en POPism -el libro de sus [&hellip;]" />
<meta property="og:url" content="https://ivam.es/es/rafael-marti-quinto/" />
<meta property="og:site_name" content="IVAM" />
<meta property="article:modified_time" content="2020-06-02T11:37:45+00:00" />
<meta name="twitter:card" content="summary_large_image" />
<meta name="twitter:label1" content="Tiempo de lectura" />
	<meta name="twitter:data1" content="2 minutos" />
<script type="application/ld+json" class="yoast-schema-graph">{"@context":"https://schema.org","@graph":[{"@type":"WebPage","@id":"https://ivam.es/es/rafael-marti-quinto/","url":"https://ivam.es/es/rafael-marti-quinto/","name":"RAFAEL MARTÍ QUINTO - IVAM","isPartOf":{"@id":"https://ivam.es/es/#website"},"datePublished":"2020-05-27T07:19:50+00:00","dateModified":"2020-06-02T11:37:45+00:00","breadcrumb":{"@id":"https://ivam.es/es/rafael-marti-quinto/#breadcrumb"},"inLanguage":"es","potentialAction":[{"@type":"ReadAction","target":["https://ivam.es/es/rafael-marti-quinto/"]}]},{"@type":"BreadcrumbList","@id":"https://ivam.es/es/rafael-marti-quinto/#breadcrumb","itemListElement":[{"@type":"ListItem","position":1,"name":"Home","item":"https://ivam.es/es/"},{"@type":"ListItem","position":2,"name":"RAFAEL MARTÍ QUINTO"}]},{"@type":"WebSite","@id":"https://ivam.es/es/#website","url":"https://ivam.es/es/","name":"IVAM","description":"Institut Valencià d&#039;Art Modern","publisher":{"@id":"https://ivam.es/es/#organization"},"potentialAction":[{"@type":"SearchAction","target":{"@type":"EntryPoint","urlTemplate":"https://ivam.es/es/?s={search_term_string}"},"query-input":{"@type":"PropertyValueSpecification","valueRequired":true,"valueName":"search_term_string"}}],"inLanguage":"es"},{"@type":"Organization","@id":"https://ivam.es/es/#organization","name":"IVAM","url":"https://ivam.es/es/","logo":{"@type":"ImageObject","inLanguage":"es","@id":"https://ivam.es/es/#/schema/logo/image/","url":"https://ivam.es/wp-content/uploads/logo-ok-512.png","contentUrl":"https://ivam.es/wp-content/uploads/logo-ok-512.png","width":512,"height":512,"caption":"IVAM"},"image":{"@id":"https://ivam.es/es/#/schema/logo/image/"}}]}</script>
<!-- / Yoast SEO plugin. -->

RAFAEL MARTÍ QUINTO - IVAM

Reina por un día, 1964 Linograbado sobre papel, 1/30 64,2 x 85,8 cm &nbsp; Rafael Martí Quinto (Mislata, 1939) 1964 fue un año muy especial. En realidad, cualquier año también lo puede ser de alguna manera, pero este en concreto, el de 1964, fue el que señaló Andy Warhol en POPism -el libro de sus [&hellip;]

Institut Valencià d&#039;Art Modern
