{"id":45266,"date":"2020-04-24T08:48:02","date_gmt":"2020-04-24T06:48:02","guid":{"rendered":"\/?page_id=45266"},"modified":"2020-04-24T09:21:21","modified_gmt":"2020-04-24T07:21:21","slug":"jose-luis-clemente","status":"publish","type":"page","link":"https:\/\/ivam.es\/es\/jose-luis-clemente\/","title":{"rendered":"Jos\u00e9 Luis Clemente"},"content":{"rendered":"<p><a href=\"\/wp-content\/uploads\/page\/jose-luis-clemente\/Floor-of-of-the-fame-Paris-1978-CARLOS-PAZOS.jpg\"><img loading=\"lazy\" decoding=\"async\" class=\"alignnone wp-image-45267\" src=\"\/wp-content\/uploads\/page\/jose-luis-clemente\/Floor-of-of-the-fame-Paris-1978-CARLOS-PAZOS-1024x695.jpg\" alt=\"\" width=\"884\" height=\"600\" srcset=\"https:\/\/ivam.es\/wp-content\/uploads\/page\/jose-luis-clemente\/Floor-of-of-the-fame-Paris-1978-CARLOS-PAZOS-1024x695.jpg 1024w, https:\/\/ivam.es\/wp-content\/uploads\/page\/jose-luis-clemente\/Floor-of-of-the-fame-Paris-1978-CARLOS-PAZOS-300x204.jpg 300w, https:\/\/ivam.es\/wp-content\/uploads\/page\/jose-luis-clemente\/Floor-of-of-the-fame-Paris-1978-CARLOS-PAZOS-768x521.jpg 768w, https:\/\/ivam.es\/wp-content\/uploads\/page\/jose-luis-clemente\/Floor-of-of-the-fame-Paris-1978-CARLOS-PAZOS-1536x1043.jpg 1536w, https:\/\/ivam.es\/wp-content\/uploads\/page\/jose-luis-clemente\/Floor-of-of-the-fame-Paris-1978-CARLOS-PAZOS-280x190.jpg 280w, https:\/\/ivam.es\/wp-content\/uploads\/page\/jose-luis-clemente\/Floor-of-of-the-fame-Paris-1978-CARLOS-PAZOS-467x317.jpg 467w, https:\/\/ivam.es\/wp-content\/uploads\/page\/jose-luis-clemente\/Floor-of-of-the-fame-Paris-1978-CARLOS-PAZOS-231x157.jpg 231w, https:\/\/ivam.es\/wp-content\/uploads\/page\/jose-luis-clemente\/Floor-of-of-the-fame-Paris-1978-CARLOS-PAZOS-500x340.jpg 500w, https:\/\/ivam.es\/wp-content\/uploads\/page\/jose-luis-clemente\/Floor-of-of-the-fame-Paris-1978-CARLOS-PAZOS.jpg 1620w\" sizes=\"auto, (max-width: 884px) 100vw, 884px\" \/><\/a><\/p>\n<p>&nbsp;<\/p>\n<h4>FAKE. NO ES VERDAD. NO ES MENTIRA<br \/>\nGaler\u00eda 7. IVAM. 2016<\/h4>\n<p style=\"text-align: justify;\">En esta <a href=\"\/es\/exposiciones\/fake-no-es-verdad-no-es-mentira\/\">exposici\u00f3n<\/a> el arte result\u00f3 ser en un subterfugio que iba m\u00e1s all\u00e1 del arte, sac\u00e1ndonos de la zona de confort del propio arte y situarnos en un espacio de sospechas y dudas. El arte como un dispositivo eficaz que desenmascara verdades como pu\u00f1os. Hab\u00eda en esta exposici\u00f3n mucho de entretenimiento y humor, pero tambi\u00e9n disgustos; mucho que leer y ver sentado. Y todo ello, a partir de un montaje que sosten\u00eda lo precario y provisional, para que esa eventualidad pudiera poner en duda nuestras creencias, m\u00e1s all\u00e1 del arte y a trav\u00e9s del marco institucional.<\/p>\n<p><strong>Jos\u00e9 Luis Clemente<\/strong><\/p>\n","protected":false},"excerpt":{"rendered":"<p>&nbsp; FAKE. NO ES VERDAD. NO ES MENTIRA Galer\u00eda 7. IVAM. 2016 En esta exposici\u00f3n el arte result\u00f3 ser en un subterfugio que iba m\u00e1s all\u00e1 del arte, sac\u00e1ndonos de la zona de confort del propio arte y situarnos en un espacio de sospechas y dudas. El arte como un dispositivo eficaz que desenmascara verdades [&hellip;]<\/p>\n","protected":false},"author":3,"featured_media":0,"parent":0,"menu_order":347,"comment_status":"closed","ping_status":"closed","template":"","meta":{"footnotes":""},"class_list":["post-45266","page","type-page","status-publish","hentry"],"yoast_head":"<!-- This site is optimized with the Yoast SEO plugin v26.0 - https:\/\/yoast.com\/wordpress\/plugins\/seo\/ -->\n<title>Jos\u00e9 Luis Clemente - IVAM<\/title>\n<meta name=\"robots\" content=\"index, follow, max-snippet:-1, max-image-preview:large, max-video-preview:-1\" \/>\n<link rel=\"canonical\" href=\"https:\/\/ivam.es\/es\/jose-luis-clemente\/\" \/>\n<meta property=\"og:locale\" content=\"es_ES\" \/>\n<meta property=\"og:type\" content=\"article\" \/>\n<meta property=\"og:title\" content=\"Jos\u00e9 Luis Clemente - IVAM\" \/>\n<meta property=\"og:description\" content=\"&nbsp; FAKE. NO ES VERDAD. NO ES MENTIRA Galer\u00eda 7. IVAM. 2016 En esta exposici\u00f3n el arte result\u00f3 ser en un subterfugio que iba m\u00e1s all\u00e1 del arte, sac\u00e1ndonos de la zona de confort del propio arte y situarnos en un espacio de sospechas y dudas. El arte como un dispositivo eficaz que desenmascara verdades [&hellip;]\" \/>\n<meta property=\"og:url\" content=\"https:\/\/ivam.es\/es\/jose-luis-clemente\/\" \/>\n<meta property=\"og:site_name\" content=\"IVAM\" \/>\n<meta property=\"article:modified_time\" content=\"2020-04-24T07:21:21+00:00\" \/>\n<meta name=\"twitter:card\" content=\"summary_large_image\" \/>\n<meta name=\"twitter:label1\" content=\"Tiempo de lectura\" \/>\n\t<meta name=\"twitter:data1\" content=\"1 minuto\" \/>\n<script type=\"application\/ld+json\" class=\"yoast-schema-graph\">{\"@context\":\"https:\/\/schema.org\",\"@graph\":[{\"@type\":\"WebPage\",\"@id\":\"https:\/\/ivam.es\/es\/jose-luis-clemente\/\",\"url\":\"https:\/\/ivam.es\/es\/jose-luis-clemente\/\",\"name\":\"Jos\u00e9 Luis Clemente - IVAM\",\"isPartOf\":{\"@id\":\"https:\/\/ivam.es\/es\/#website\"},\"datePublished\":\"2020-04-24T06:48:02+00:00\",\"dateModified\":\"2020-04-24T07:21:21+00:00\",\"breadcrumb\":{\"@id\":\"https:\/\/ivam.es\/es\/jose-luis-clemente\/#breadcrumb\"},\"inLanguage\":\"es\",\"potentialAction\":[{\"@type\":\"ReadAction\",\"target\":[\"https:\/\/ivam.es\/es\/jose-luis-clemente\/\"]}]},{\"@type\":\"BreadcrumbList\",\"@id\":\"https:\/\/ivam.es\/es\/jose-luis-clemente\/#breadcrumb\",\"itemListElement\":[{\"@type\":\"ListItem\",\"position\":1,\"name\":\"Home\",\"item\":\"https:\/\/ivam.es\/es\/\"},{\"@type\":\"ListItem\",\"position\":2,\"name\":\"Jos\u00e9 Luis Clemente\"}]},{\"@type\":\"WebSite\",\"@id\":\"https:\/\/ivam.es\/es\/#website\",\"url\":\"https:\/\/ivam.es\/es\/\",\"name\":\"IVAM\",\"description\":\"Institut Valenci\u00e0 d&#039;Art Modern\",\"publisher\":{\"@id\":\"https:\/\/ivam.es\/es\/#organization\"},\"potentialAction\":[{\"@type\":\"SearchAction\",\"target\":{\"@type\":\"EntryPoint\",\"urlTemplate\":\"https:\/\/ivam.es\/es\/?s={search_term_string}\"},\"query-input\":{\"@type\":\"PropertyValueSpecification\",\"valueRequired\":true,\"valueName\":\"search_term_string\"}}],\"inLanguage\":\"es\"},{\"@type\":\"Organization\",\"@id\":\"https:\/\/ivam.es\/es\/#organization\",\"name\":\"IVAM\",\"url\":\"https:\/\/ivam.es\/es\/\",\"logo\":{\"@type\":\"ImageObject\",\"inLanguage\":\"es\",\"@id\":\"https:\/\/ivam.es\/es\/#\/schema\/logo\/image\/\",\"url\":\"https:\/\/ivam.es\/wp-content\/uploads\/logo-ok-512.png\",\"contentUrl\":\"https:\/\/ivam.es\/wp-content\/uploads\/logo-ok-512.png\",\"width\":512,\"height\":512,\"caption\":\"IVAM\"},\"image\":{\"@id\":\"https:\/\/ivam.es\/es\/#\/schema\/logo\/image\/\"}}]}<\/script>\n<!-- \/ Yoast SEO plugin. -->","yoast_head_json":{"title":"Jos\u00e9 Luis Clemente - IVAM","robots":{"index":"index","follow":"follow","max-snippet":"max-snippet:-1","max-image-preview":"max-image-preview:large","max-video-preview":"max-video-preview:-1"},"canonical":"https:\/\/ivam.es\/es\/jose-luis-clemente\/","og_locale":"es_ES","og_type":"article","og_title":"Jos\u00e9 Luis Clemente - IVAM","og_description":"&nbsp; FAKE. NO ES VERDAD. NO ES MENTIRA Galer\u00eda 7. IVAM. 2016 En esta exposici\u00f3n el arte result\u00f3 ser en un subterfugio que iba m\u00e1s all\u00e1 del arte, sac\u00e1ndonos de la zona de confort del propio arte y situarnos en un espacio de sospechas y dudas. El arte como un dispositivo eficaz que desenmascara verdades [&hellip;]","og_url":"https:\/\/ivam.es\/es\/jose-luis-clemente\/","og_site_name":"IVAM","article_modified_time":"2020-04-24T07:21:21+00:00","twitter_card":"summary_large_image","twitter_misc":{"Tiempo de lectura":"1 minuto"},"schema":{"@context":"https:\/\/schema.org","@graph":[{"@type":"WebPage","@id":"https:\/\/ivam.es\/es\/jose-luis-clemente\/","url":"https:\/\/ivam.es\/es\/jose-luis-clemente\/","name":"Jos\u00e9 Luis Clemente - IVAM","isPartOf":{"@id":"https:\/\/ivam.es\/es\/#website"},"datePublished":"2020-04-24T06:48:02+00:00","dateModified":"2020-04-24T07:21:21+00:00","breadcrumb":{"@id":"https:\/\/ivam.es\/es\/jose-luis-clemente\/#breadcrumb"},"inLanguage":"es","potentialAction":[{"@type":"ReadAction","target":["https:\/\/ivam.es\/es\/jose-luis-clemente\/"]}]},{"@type":"BreadcrumbList","@id":"https:\/\/ivam.es\/es\/jose-luis-clemente\/#breadcrumb","itemListElement":[{"@type":"ListItem","position":1,"name":"Home","item":"https:\/\/ivam.es\/es\/"},{"@type":"ListItem","position":2,"name":"Jos\u00e9 Luis Clemente"}]},{"@type":"WebSite","@id":"https:\/\/ivam.es\/es\/#website","url":"https:\/\/ivam.es\/es\/","name":"IVAM","description":"Institut Valenci\u00e0 d&#039;Art Modern","publisher":{"@id":"https:\/\/ivam.es\/es\/#organization"},"potentialAction":[{"@type":"SearchAction","target":{"@type":"EntryPoint","urlTemplate":"https:\/\/ivam.es\/es\/?s={search_term_string}"},"query-input":{"@type":"PropertyValueSpecification","valueRequired":true,"valueName":"search_term_string"}}],"inLanguage":"es"},{"@type":"Organization","@id":"https:\/\/ivam.es\/es\/#organization","name":"IVAM","url":"https:\/\/ivam.es\/es\/","logo":{"@type":"ImageObject","inLanguage":"es","@id":"https:\/\/ivam.es\/es\/#\/schema\/logo\/image\/","url":"https:\/\/ivam.es\/wp-content\/uploads\/logo-ok-512.png","contentUrl":"https:\/\/ivam.es\/wp-content\/uploads\/logo-ok-512.png","width":512,"height":512,"caption":"IVAM"},"image":{"@id":"https:\/\/ivam.es\/es\/#\/schema\/logo\/image\/"}}]}},"_links":{"self":[{"href":"https:\/\/ivam.es\/es\/wp-json\/wp\/v2\/pages\/45266","targetHints":{"allow":["GET"]}}],"collection":[{"href":"https:\/\/ivam.es\/es\/wp-json\/wp\/v2\/pages"}],"about":[{"href":"https:\/\/ivam.es\/es\/wp-json\/wp\/v2\/types\/page"}],"author":[{"embeddable":true,"href":"https:\/\/ivam.es\/es\/wp-json\/wp\/v2\/users\/3"}],"replies":[{"embeddable":true,"href":"https:\/\/ivam.es\/es\/wp-json\/wp\/v2\/comments?post=45266"}],"version-history":[{"count":6,"href":"https:\/\/ivam.es\/es\/wp-json\/wp\/v2\/pages\/45266\/revisions"}],"predecessor-version":[{"id":45279,"href":"https:\/\/ivam.es\/es\/wp-json\/wp\/v2\/pages\/45266\/revisions\/45279"}],"wp:attachment":[{"href":"https:\/\/ivam.es\/es\/wp-json\/wp\/v2\/media?parent=45266"}],"curies":[{"name":"wp","href":"https:\/\/api.w.org\/{rel}","templated":true}]}}

José Luis Clemente

<p><a href="/wp-content/uploads/page/jose-luis-clemente/Floor-of-of-the-fame-Paris-1978-CARLOS-PAZOS.jpg"><img loading="lazy" decoding="async" class="alignnone wp-image-45267" src="/wp-content/uploads/page/jose-luis-clemente/Floor-of-of-the-fame-Paris-1978-CARLOS-PAZOS-1024x695.jpg" alt="" width="884" height="600" srcset="https://ivam.es/wp-content/uploads/page/jose-luis-clemente/Floor-of-of-the-fame-Paris-1978-CARLOS-PAZOS-1024x695.jpg 1024w, https://ivam.es/wp-content/uploads/page/jose-luis-clemente/Floor-of-of-the-fame-Paris-1978-CARLOS-PAZOS-300x204.jpg 300w, https://ivam.es/wp-content/uploads/page/jose-luis-clemente/Floor-of-of-the-fame-Paris-1978-CARLOS-PAZOS-768x521.jpg 768w, https://ivam.es/wp-content/uploads/page/jose-luis-clemente/Floor-of-of-the-fame-Paris-1978-CARLOS-PAZOS-1536x1043.jpg 1536w, https://ivam.es/wp-content/uploads/page/jose-luis-clemente/Floor-of-of-the-fame-Paris-1978-CARLOS-PAZOS-280x190.jpg 280w, https://ivam.es/wp-content/uploads/page/jose-luis-clemente/Floor-of-of-the-fame-Paris-1978-CARLOS-PAZOS-467x317.jpg 467w, https://ivam.es/wp-content/uploads/page/jose-luis-clemente/Floor-of-of-the-fame-Paris-1978-CARLOS-PAZOS-231x157.jpg 231w, https://ivam.es/wp-content/uploads/page/jose-luis-clemente/Floor-of-of-the-fame-Paris-1978-CARLOS-PAZOS-500x340.jpg 500w, https://ivam.es/wp-content/uploads/page/jose-luis-clemente/Floor-of-of-the-fame-Paris-1978-CARLOS-PAZOS.jpg 1620w" sizes="auto, (max-width: 884px) 100vw, 884px" /></a></p>
<p>&nbsp;</p>
<h4>FAKE. NO ES VERDAD. NO ES MENTIRA<br />
Galería 7. IVAM. 2016</h4>
<p style="text-align: justify;">En esta <a href="/es/exposiciones/fake-no-es-verdad-no-es-mentira/">exposición</a> el arte resultó ser en un subterfugio que iba más allá del arte, sacándonos de la zona de confort del propio arte y situarnos en un espacio de sospechas y dudas. El arte como un dispositivo eficaz que desenmascara verdades como puños. Había en esta exposición mucho de entretenimiento y humor, pero también disgustos; mucho que leer y ver sentado. Y todo ello, a partir de un montaje que sostenía lo precario y provisional, para que esa eventualidad pudiera poner en duda nuestras creencias, más allá del arte y a través del marco institucional.</p>
<p><strong>José Luis Clemente</strong></p>

<p>&nbsp; FAKE. NO ES VERDAD. NO ES MENTIRA Galería 7. IVAM. 2016 En esta exposición el arte resultó ser en un subterfugio que iba más allá del arte, sacándonos de la zona de confort del propio arte y situarnos en un espacio de sospechas y dudas. El arte como un dispositivo eficaz que desenmascara verdades [&hellip;]</p>

<!-- This site is optimized with the Yoast SEO plugin v26.0 - https://yoast.com/wordpress/plugins/seo/ -->
<title>José Luis Clemente - IVAM</title>
<meta name="robots" content="index, follow, max-snippet:-1, max-image-preview:large, max-video-preview:-1" />
<link rel="canonical" href="https://ivam.es/es/jose-luis-clemente/" />
<meta property="og:locale" content="es_ES" />
<meta property="og:type" content="article" />
<meta property="og:title" content="José Luis Clemente - IVAM" />
<meta property="og:description" content="&nbsp; FAKE. NO ES VERDAD. NO ES MENTIRA Galería 7. IVAM. 2016 En esta exposición el arte resultó ser en un subterfugio que iba más allá del arte, sacándonos de la zona de confort del propio arte y situarnos en un espacio de sospechas y dudas. El arte como un dispositivo eficaz que desenmascara verdades [&hellip;]" />
<meta property="og:url" content="https://ivam.es/es/jose-luis-clemente/" />
<meta property="og:site_name" content="IVAM" />
<meta property="article:modified_time" content="2020-04-24T07:21:21+00:00" />
<meta name="twitter:card" content="summary_large_image" />
<meta name="twitter:label1" content="Tiempo de lectura" />
	<meta name="twitter:data1" content="1 minuto" />
<script type="application/ld+json" class="yoast-schema-graph">{"@context":"https://schema.org","@graph":[{"@type":"WebPage","@id":"https://ivam.es/es/jose-luis-clemente/","url":"https://ivam.es/es/jose-luis-clemente/","name":"José Luis Clemente - IVAM","isPartOf":{"@id":"https://ivam.es/es/#website"},"datePublished":"2020-04-24T06:48:02+00:00","dateModified":"2020-04-24T07:21:21+00:00","breadcrumb":{"@id":"https://ivam.es/es/jose-luis-clemente/#breadcrumb"},"inLanguage":"es","potentialAction":[{"@type":"ReadAction","target":["https://ivam.es/es/jose-luis-clemente/"]}]},{"@type":"BreadcrumbList","@id":"https://ivam.es/es/jose-luis-clemente/#breadcrumb","itemListElement":[{"@type":"ListItem","position":1,"name":"Home","item":"https://ivam.es/es/"},{"@type":"ListItem","position":2,"name":"José Luis Clemente"}]},{"@type":"WebSite","@id":"https://ivam.es/es/#website","url":"https://ivam.es/es/","name":"IVAM","description":"Institut Valencià d&#039;Art Modern","publisher":{"@id":"https://ivam.es/es/#organization"},"potentialAction":[{"@type":"SearchAction","target":{"@type":"EntryPoint","urlTemplate":"https://ivam.es/es/?s={search_term_string}"},"query-input":{"@type":"PropertyValueSpecification","valueRequired":true,"valueName":"search_term_string"}}],"inLanguage":"es"},{"@type":"Organization","@id":"https://ivam.es/es/#organization","name":"IVAM","url":"https://ivam.es/es/","logo":{"@type":"ImageObject","inLanguage":"es","@id":"https://ivam.es/es/#/schema/logo/image/","url":"https://ivam.es/wp-content/uploads/logo-ok-512.png","contentUrl":"https://ivam.es/wp-content/uploads/logo-ok-512.png","width":512,"height":512,"caption":"IVAM"},"image":{"@id":"https://ivam.es/es/#/schema/logo/image/"}}]}</script>
<!-- / Yoast SEO plugin. -->

José Luis Clemente - IVAM

&nbsp; FAKE. NO ES VERDAD. NO ES MENTIRA Galería 7. IVAM. 2016 En esta exposición el arte resultó ser en un subterfugio que iba más allá del arte, sacándonos de la zona de confort del propio arte y situarnos en un espacio de sospechas y dudas. El arte como un dispositivo eficaz que desenmascara verdades [&hellip;]

Institut Valencià d&#039;Art Modern
