{"id":44927,"date":"2020-04-16T14:11:35","date_gmt":"2020-04-16T12:11:35","guid":{"rendered":"\/?page_id=44927"},"modified":"2020-04-17T13:11:44","modified_gmt":"2020-04-17T11:11:44","slug":"nuria-gregori-el-temps-de-les-arts","status":"publish","type":"page","link":"https:\/\/ivam.es\/es\/nuria-gregori-el-temps-de-les-arts\/","title":{"rendered":"N\u00faria Gregori. El temps de les arts"},"content":{"rendered":"<p><a href=\"\/wp-content\/uploads\/page\/nuria-gregori-el-temps-de-les-arts\/Haunted-House-II-2006-ZINEB-SEDIRA-EL-TEMPS-DE-LES-ARTS.jpg\"><img loading=\"lazy\" decoding=\"async\" class=\"alignnone wp-image-44928 size-full\" src=\"\/wp-content\/uploads\/page\/nuria-gregori-el-temps-de-les-arts\/Haunted-House-II-2006-ZINEB-SEDIRA-EL-TEMPS-DE-LES-ARTS.jpg\" alt=\"\" width=\"1200\" height=\"962\" srcset=\"https:\/\/ivam.es\/wp-content\/uploads\/page\/nuria-gregori-el-temps-de-les-arts\/Haunted-House-II-2006-ZINEB-SEDIRA-EL-TEMPS-DE-LES-ARTS.jpg 1200w, https:\/\/ivam.es\/wp-content\/uploads\/page\/nuria-gregori-el-temps-de-les-arts\/Haunted-House-II-2006-ZINEB-SEDIRA-EL-TEMPS-DE-LES-ARTS-300x241.jpg 300w, https:\/\/ivam.es\/wp-content\/uploads\/page\/nuria-gregori-el-temps-de-les-arts\/Haunted-House-II-2006-ZINEB-SEDIRA-EL-TEMPS-DE-LES-ARTS-1024x821.jpg 1024w, https:\/\/ivam.es\/wp-content\/uploads\/page\/nuria-gregori-el-temps-de-les-arts\/Haunted-House-II-2006-ZINEB-SEDIRA-EL-TEMPS-DE-LES-ARTS-768x616.jpg 768w, https:\/\/ivam.es\/wp-content\/uploads\/page\/nuria-gregori-el-temps-de-les-arts\/Haunted-House-II-2006-ZINEB-SEDIRA-EL-TEMPS-DE-LES-ARTS-280x224.jpg 280w, https:\/\/ivam.es\/wp-content\/uploads\/page\/nuria-gregori-el-temps-de-les-arts\/Haunted-House-II-2006-ZINEB-SEDIRA-EL-TEMPS-DE-LES-ARTS-467x374.jpg 467w, https:\/\/ivam.es\/wp-content\/uploads\/page\/nuria-gregori-el-temps-de-les-arts\/Haunted-House-II-2006-ZINEB-SEDIRA-EL-TEMPS-DE-LES-ARTS-231x185.jpg 231w, https:\/\/ivam.es\/wp-content\/uploads\/page\/nuria-gregori-el-temps-de-les-arts\/Haunted-House-II-2006-ZINEB-SEDIRA-EL-TEMPS-DE-LES-ARTS-500x401.jpg 500w\" sizes=\"auto, (max-width: 1200px) 100vw, 1200px\" \/><\/a><\/p>\n<p>&nbsp;<\/p>\n<h4>Zineb Sedira<br \/>\nGaler\u00eda 7. IVAM. 2019<\/h4>\n<p style=\"text-align: justify;\">Son los barcos astillados y suspendidos en metacrilato de <a href=\"\/es\/exposiciones\/zineb-sedira\/\">Zineb Sedira<\/a> los que me vienen a la memoria estos d\u00edas. Una exposici\u00f3n que se clausur\u00f3 en el <a href=\"https:\/\/tempsarts.cat\/zineb-sedira-la-poetica-dun-naufragi\/\">IVAM<\/a> hace pocos meses, con la que la artista francesa, hija de emigrantes magreb\u00edes, nos mostraba una serie de obres po\u00e9ticas con las cuales trata de reconstruir su historia personal y la de su familia. Un ejercicio de autoexploraci\u00f3n art\u00edstica, con la que narra tambi\u00e9n parte de la historia contempor\u00e1nea de Europa: barcos astillados, naufragados en metacrilato; arena del desierto que con ritmo pausado, pero constante, amenaza con cubrirnos; ruinas de edificios de un pasado colonial no tan lejano y el relato familiar como \u00fanico hilo con el que sostener cada uno nuestra historia.<\/p>\n<p><strong>N\u00faria Gregori i Sebasti\u00e0<\/strong><br \/>\n<strong>El temps de les arts<\/strong><\/p>\n","protected":false},"excerpt":{"rendered":"<p>&nbsp; Zineb Sedira Galer\u00eda 7. IVAM. 2019 Son los barcos astillados y suspendidos en metacrilato de Zineb Sedira los que me vienen a la memoria estos d\u00edas. Una exposici\u00f3n que se clausur\u00f3 en el IVAM hace pocos meses, con la que la artista francesa, hija de emigrantes magreb\u00edes, nos mostraba una serie de obres po\u00e9ticas [&hellip;]<\/p>\n","protected":false},"author":3,"featured_media":0,"parent":0,"menu_order":401,"comment_status":"closed","ping_status":"closed","template":"","meta":{"footnotes":""},"class_list":["post-44927","page","type-page","status-publish","hentry"],"yoast_head":"<!-- This site is optimized with the Yoast SEO plugin v26.0 - https:\/\/yoast.com\/wordpress\/plugins\/seo\/ -->\n<title>N\u00faria Gregori. El temps de les arts - IVAM<\/title>\n<meta name=\"robots\" content=\"index, follow, max-snippet:-1, max-image-preview:large, max-video-preview:-1\" \/>\n<link rel=\"canonical\" href=\"https:\/\/ivam.es\/es\/nuria-gregori-el-temps-de-les-arts\/\" \/>\n<meta property=\"og:locale\" content=\"es_ES\" \/>\n<meta property=\"og:type\" content=\"article\" \/>\n<meta property=\"og:title\" content=\"N\u00faria Gregori. El temps de les arts - IVAM\" \/>\n<meta property=\"og:description\" content=\"&nbsp; Zineb Sedira Galer\u00eda 7. IVAM. 2019 Son los barcos astillados y suspendidos en metacrilato de Zineb Sedira los que me vienen a la memoria estos d\u00edas. Una exposici\u00f3n que se clausur\u00f3 en el IVAM hace pocos meses, con la que la artista francesa, hija de emigrantes magreb\u00edes, nos mostraba una serie de obres po\u00e9ticas [&hellip;]\" \/>\n<meta property=\"og:url\" content=\"https:\/\/ivam.es\/es\/nuria-gregori-el-temps-de-les-arts\/\" \/>\n<meta property=\"og:site_name\" content=\"IVAM\" \/>\n<meta property=\"article:modified_time\" content=\"2020-04-17T11:11:44+00:00\" \/>\n<meta name=\"twitter:card\" content=\"summary_large_image\" \/>\n<meta name=\"twitter:label1\" content=\"Tiempo de lectura\" \/>\n\t<meta name=\"twitter:data1\" content=\"1 minuto\" \/>\n<script type=\"application\/ld+json\" class=\"yoast-schema-graph\">{\"@context\":\"https:\/\/schema.org\",\"@graph\":[{\"@type\":\"WebPage\",\"@id\":\"https:\/\/ivam.es\/es\/nuria-gregori-el-temps-de-les-arts\/\",\"url\":\"https:\/\/ivam.es\/es\/nuria-gregori-el-temps-de-les-arts\/\",\"name\":\"N\u00faria Gregori. El temps de les arts - IVAM\",\"isPartOf\":{\"@id\":\"https:\/\/ivam.es\/es\/#website\"},\"datePublished\":\"2020-04-16T12:11:35+00:00\",\"dateModified\":\"2020-04-17T11:11:44+00:00\",\"breadcrumb\":{\"@id\":\"https:\/\/ivam.es\/es\/nuria-gregori-el-temps-de-les-arts\/#breadcrumb\"},\"inLanguage\":\"es\",\"potentialAction\":[{\"@type\":\"ReadAction\",\"target\":[\"https:\/\/ivam.es\/es\/nuria-gregori-el-temps-de-les-arts\/\"]}]},{\"@type\":\"BreadcrumbList\",\"@id\":\"https:\/\/ivam.es\/es\/nuria-gregori-el-temps-de-les-arts\/#breadcrumb\",\"itemListElement\":[{\"@type\":\"ListItem\",\"position\":1,\"name\":\"Home\",\"item\":\"https:\/\/ivam.es\/es\/\"},{\"@type\":\"ListItem\",\"position\":2,\"name\":\"N\u00faria Gregori. El temps de les arts\"}]},{\"@type\":\"WebSite\",\"@id\":\"https:\/\/ivam.es\/es\/#website\",\"url\":\"https:\/\/ivam.es\/es\/\",\"name\":\"IVAM\",\"description\":\"Institut Valenci\u00e0 d&#039;Art Modern\",\"publisher\":{\"@id\":\"https:\/\/ivam.es\/es\/#organization\"},\"potentialAction\":[{\"@type\":\"SearchAction\",\"target\":{\"@type\":\"EntryPoint\",\"urlTemplate\":\"https:\/\/ivam.es\/es\/?s={search_term_string}\"},\"query-input\":{\"@type\":\"PropertyValueSpecification\",\"valueRequired\":true,\"valueName\":\"search_term_string\"}}],\"inLanguage\":\"es\"},{\"@type\":\"Organization\",\"@id\":\"https:\/\/ivam.es\/es\/#organization\",\"name\":\"IVAM\",\"url\":\"https:\/\/ivam.es\/es\/\",\"logo\":{\"@type\":\"ImageObject\",\"inLanguage\":\"es\",\"@id\":\"https:\/\/ivam.es\/es\/#\/schema\/logo\/image\/\",\"url\":\"https:\/\/ivam.es\/wp-content\/uploads\/logo-ok-512.png\",\"contentUrl\":\"https:\/\/ivam.es\/wp-content\/uploads\/logo-ok-512.png\",\"width\":512,\"height\":512,\"caption\":\"IVAM\"},\"image\":{\"@id\":\"https:\/\/ivam.es\/es\/#\/schema\/logo\/image\/\"}}]}<\/script>\n<!-- \/ Yoast SEO plugin. -->","yoast_head_json":{"title":"N\u00faria Gregori. El temps de les arts - IVAM","robots":{"index":"index","follow":"follow","max-snippet":"max-snippet:-1","max-image-preview":"max-image-preview:large","max-video-preview":"max-video-preview:-1"},"canonical":"https:\/\/ivam.es\/es\/nuria-gregori-el-temps-de-les-arts\/","og_locale":"es_ES","og_type":"article","og_title":"N\u00faria Gregori. El temps de les arts - IVAM","og_description":"&nbsp; Zineb Sedira Galer\u00eda 7. IVAM. 2019 Son los barcos astillados y suspendidos en metacrilato de Zineb Sedira los que me vienen a la memoria estos d\u00edas. Una exposici\u00f3n que se clausur\u00f3 en el IVAM hace pocos meses, con la que la artista francesa, hija de emigrantes magreb\u00edes, nos mostraba una serie de obres po\u00e9ticas [&hellip;]","og_url":"https:\/\/ivam.es\/es\/nuria-gregori-el-temps-de-les-arts\/","og_site_name":"IVAM","article_modified_time":"2020-04-17T11:11:44+00:00","twitter_card":"summary_large_image","twitter_misc":{"Tiempo de lectura":"1 minuto"},"schema":{"@context":"https:\/\/schema.org","@graph":[{"@type":"WebPage","@id":"https:\/\/ivam.es\/es\/nuria-gregori-el-temps-de-les-arts\/","url":"https:\/\/ivam.es\/es\/nuria-gregori-el-temps-de-les-arts\/","name":"N\u00faria Gregori. El temps de les arts - IVAM","isPartOf":{"@id":"https:\/\/ivam.es\/es\/#website"},"datePublished":"2020-04-16T12:11:35+00:00","dateModified":"2020-04-17T11:11:44+00:00","breadcrumb":{"@id":"https:\/\/ivam.es\/es\/nuria-gregori-el-temps-de-les-arts\/#breadcrumb"},"inLanguage":"es","potentialAction":[{"@type":"ReadAction","target":["https:\/\/ivam.es\/es\/nuria-gregori-el-temps-de-les-arts\/"]}]},{"@type":"BreadcrumbList","@id":"https:\/\/ivam.es\/es\/nuria-gregori-el-temps-de-les-arts\/#breadcrumb","itemListElement":[{"@type":"ListItem","position":1,"name":"Home","item":"https:\/\/ivam.es\/es\/"},{"@type":"ListItem","position":2,"name":"N\u00faria Gregori. El temps de les arts"}]},{"@type":"WebSite","@id":"https:\/\/ivam.es\/es\/#website","url":"https:\/\/ivam.es\/es\/","name":"IVAM","description":"Institut Valenci\u00e0 d&#039;Art Modern","publisher":{"@id":"https:\/\/ivam.es\/es\/#organization"},"potentialAction":[{"@type":"SearchAction","target":{"@type":"EntryPoint","urlTemplate":"https:\/\/ivam.es\/es\/?s={search_term_string}"},"query-input":{"@type":"PropertyValueSpecification","valueRequired":true,"valueName":"search_term_string"}}],"inLanguage":"es"},{"@type":"Organization","@id":"https:\/\/ivam.es\/es\/#organization","name":"IVAM","url":"https:\/\/ivam.es\/es\/","logo":{"@type":"ImageObject","inLanguage":"es","@id":"https:\/\/ivam.es\/es\/#\/schema\/logo\/image\/","url":"https:\/\/ivam.es\/wp-content\/uploads\/logo-ok-512.png","contentUrl":"https:\/\/ivam.es\/wp-content\/uploads\/logo-ok-512.png","width":512,"height":512,"caption":"IVAM"},"image":{"@id":"https:\/\/ivam.es\/es\/#\/schema\/logo\/image\/"}}]}},"_links":{"self":[{"href":"https:\/\/ivam.es\/es\/wp-json\/wp\/v2\/pages\/44927","targetHints":{"allow":["GET"]}}],"collection":[{"href":"https:\/\/ivam.es\/es\/wp-json\/wp\/v2\/pages"}],"about":[{"href":"https:\/\/ivam.es\/es\/wp-json\/wp\/v2\/types\/page"}],"author":[{"embeddable":true,"href":"https:\/\/ivam.es\/es\/wp-json\/wp\/v2\/users\/3"}],"replies":[{"embeddable":true,"href":"https:\/\/ivam.es\/es\/wp-json\/wp\/v2\/comments?post=44927"}],"version-history":[{"count":5,"href":"https:\/\/ivam.es\/es\/wp-json\/wp\/v2\/pages\/44927\/revisions"}],"predecessor-version":[{"id":45193,"href":"https:\/\/ivam.es\/es\/wp-json\/wp\/v2\/pages\/44927\/revisions\/45193"}],"wp:attachment":[{"href":"https:\/\/ivam.es\/es\/wp-json\/wp\/v2\/media?parent=44927"}],"curies":[{"name":"wp","href":"https:\/\/api.w.org\/{rel}","templated":true}]}}

Núria Gregori. El temps de les arts

<p><a href="/wp-content/uploads/page/nuria-gregori-el-temps-de-les-arts/Haunted-House-II-2006-ZINEB-SEDIRA-EL-TEMPS-DE-LES-ARTS.jpg"><img loading="lazy" decoding="async" class="alignnone wp-image-44928 size-full" src="/wp-content/uploads/page/nuria-gregori-el-temps-de-les-arts/Haunted-House-II-2006-ZINEB-SEDIRA-EL-TEMPS-DE-LES-ARTS.jpg" alt="" width="1200" height="962" srcset="https://ivam.es/wp-content/uploads/page/nuria-gregori-el-temps-de-les-arts/Haunted-House-II-2006-ZINEB-SEDIRA-EL-TEMPS-DE-LES-ARTS.jpg 1200w, https://ivam.es/wp-content/uploads/page/nuria-gregori-el-temps-de-les-arts/Haunted-House-II-2006-ZINEB-SEDIRA-EL-TEMPS-DE-LES-ARTS-300x241.jpg 300w, https://ivam.es/wp-content/uploads/page/nuria-gregori-el-temps-de-les-arts/Haunted-House-II-2006-ZINEB-SEDIRA-EL-TEMPS-DE-LES-ARTS-1024x821.jpg 1024w, https://ivam.es/wp-content/uploads/page/nuria-gregori-el-temps-de-les-arts/Haunted-House-II-2006-ZINEB-SEDIRA-EL-TEMPS-DE-LES-ARTS-768x616.jpg 768w, https://ivam.es/wp-content/uploads/page/nuria-gregori-el-temps-de-les-arts/Haunted-House-II-2006-ZINEB-SEDIRA-EL-TEMPS-DE-LES-ARTS-280x224.jpg 280w, https://ivam.es/wp-content/uploads/page/nuria-gregori-el-temps-de-les-arts/Haunted-House-II-2006-ZINEB-SEDIRA-EL-TEMPS-DE-LES-ARTS-467x374.jpg 467w, https://ivam.es/wp-content/uploads/page/nuria-gregori-el-temps-de-les-arts/Haunted-House-II-2006-ZINEB-SEDIRA-EL-TEMPS-DE-LES-ARTS-231x185.jpg 231w, https://ivam.es/wp-content/uploads/page/nuria-gregori-el-temps-de-les-arts/Haunted-House-II-2006-ZINEB-SEDIRA-EL-TEMPS-DE-LES-ARTS-500x401.jpg 500w" sizes="auto, (max-width: 1200px) 100vw, 1200px" /></a></p>
<p>&nbsp;</p>
<h4>Zineb Sedira<br />
Galería 7. IVAM. 2019</h4>
<p style="text-align: justify;">Son los barcos astillados y suspendidos en metacrilato de <a href="/es/exposiciones/zineb-sedira/">Zineb Sedira</a> los que me vienen a la memoria estos días. Una exposición que se clausuró en el <a href="https://tempsarts.cat/zineb-sedira-la-poetica-dun-naufragi/">IVAM</a> hace pocos meses, con la que la artista francesa, hija de emigrantes magrebíes, nos mostraba una serie de obres poéticas con las cuales trata de reconstruir su historia personal y la de su familia. Un ejercicio de autoexploración artística, con la que narra también parte de la historia contemporánea de Europa: barcos astillados, naufragados en metacrilato; arena del desierto que con ritmo pausado, pero constante, amenaza con cubrirnos; ruinas de edificios de un pasado colonial no tan lejano y el relato familiar como único hilo con el que sostener cada uno nuestra historia.</p>
<p><strong>Núria Gregori i Sebastià</strong><br />
<strong>El temps de les arts</strong></p>

<p>&nbsp; Zineb Sedira Galería 7. IVAM. 2019 Son los barcos astillados y suspendidos en metacrilato de Zineb Sedira los que me vienen a la memoria estos días. Una exposición que se clausuró en el IVAM hace pocos meses, con la que la artista francesa, hija de emigrantes magrebíes, nos mostraba una serie de obres poéticas [&hellip;]</p>

<!-- This site is optimized with the Yoast SEO plugin v26.0 - https://yoast.com/wordpress/plugins/seo/ -->
<title>Núria Gregori. El temps de les arts - IVAM</title>
<meta name="robots" content="index, follow, max-snippet:-1, max-image-preview:large, max-video-preview:-1" />
<link rel="canonical" href="https://ivam.es/es/nuria-gregori-el-temps-de-les-arts/" />
<meta property="og:locale" content="es_ES" />
<meta property="og:type" content="article" />
<meta property="og:title" content="Núria Gregori. El temps de les arts - IVAM" />
<meta property="og:description" content="&nbsp; Zineb Sedira Galería 7. IVAM. 2019 Son los barcos astillados y suspendidos en metacrilato de Zineb Sedira los que me vienen a la memoria estos días. Una exposición que se clausuró en el IVAM hace pocos meses, con la que la artista francesa, hija de emigrantes magrebíes, nos mostraba una serie de obres poéticas [&hellip;]" />
<meta property="og:url" content="https://ivam.es/es/nuria-gregori-el-temps-de-les-arts/" />
<meta property="og:site_name" content="IVAM" />
<meta property="article:modified_time" content="2020-04-17T11:11:44+00:00" />
<meta name="twitter:card" content="summary_large_image" />
<meta name="twitter:label1" content="Tiempo de lectura" />
	<meta name="twitter:data1" content="1 minuto" />
<script type="application/ld+json" class="yoast-schema-graph">{"@context":"https://schema.org","@graph":[{"@type":"WebPage","@id":"https://ivam.es/es/nuria-gregori-el-temps-de-les-arts/","url":"https://ivam.es/es/nuria-gregori-el-temps-de-les-arts/","name":"Núria Gregori. El temps de les arts - IVAM","isPartOf":{"@id":"https://ivam.es/es/#website"},"datePublished":"2020-04-16T12:11:35+00:00","dateModified":"2020-04-17T11:11:44+00:00","breadcrumb":{"@id":"https://ivam.es/es/nuria-gregori-el-temps-de-les-arts/#breadcrumb"},"inLanguage":"es","potentialAction":[{"@type":"ReadAction","target":["https://ivam.es/es/nuria-gregori-el-temps-de-les-arts/"]}]},{"@type":"BreadcrumbList","@id":"https://ivam.es/es/nuria-gregori-el-temps-de-les-arts/#breadcrumb","itemListElement":[{"@type":"ListItem","position":1,"name":"Home","item":"https://ivam.es/es/"},{"@type":"ListItem","position":2,"name":"Núria Gregori. El temps de les arts"}]},{"@type":"WebSite","@id":"https://ivam.es/es/#website","url":"https://ivam.es/es/","name":"IVAM","description":"Institut Valencià d&#039;Art Modern","publisher":{"@id":"https://ivam.es/es/#organization"},"potentialAction":[{"@type":"SearchAction","target":{"@type":"EntryPoint","urlTemplate":"https://ivam.es/es/?s={search_term_string}"},"query-input":{"@type":"PropertyValueSpecification","valueRequired":true,"valueName":"search_term_string"}}],"inLanguage":"es"},{"@type":"Organization","@id":"https://ivam.es/es/#organization","name":"IVAM","url":"https://ivam.es/es/","logo":{"@type":"ImageObject","inLanguage":"es","@id":"https://ivam.es/es/#/schema/logo/image/","url":"https://ivam.es/wp-content/uploads/logo-ok-512.png","contentUrl":"https://ivam.es/wp-content/uploads/logo-ok-512.png","width":512,"height":512,"caption":"IVAM"},"image":{"@id":"https://ivam.es/es/#/schema/logo/image/"}}]}</script>
<!-- / Yoast SEO plugin. -->

Núria Gregori. El temps de les arts - IVAM

&nbsp; Zineb Sedira Galería 7. IVAM. 2019 Son los barcos astillados y suspendidos en metacrilato de Zineb Sedira los que me vienen a la memoria estos días. Una exposición que se clausuró en el IVAM hace pocos meses, con la que la artista francesa, hija de emigrantes magrebíes, nos mostraba una serie de obres poéticas [&hellip;]

Institut Valencià d&#039;Art Modern
