{"id":44810,"date":"2020-04-16T13:49:55","date_gmt":"2020-04-16T11:49:55","guid":{"rendered":"\/?page_id=44810"},"modified":"2020-04-17T15:00:04","modified_gmt":"2020-04-17T13:00:04","slug":"juan-diaz-guardiola-abc-cultural","status":"publish","type":"page","link":"https:\/\/ivam.es\/es\/juan-diaz-guardiola-abc-cultural\/","title":{"rendered":"Javier D\u00edaz Guardiola. ABC Cultural"},"content":{"rendered":"<p><a href=\"\/wp-content\/uploads\/page\/juan-diaz-guardiola-abc-cultural\/FAKE-NO-ES-VERDAD...-1-scaled.jpg\"><img loading=\"lazy\" decoding=\"async\" class=\"alignnone wp-image-44814\" src=\"\/wp-content\/uploads\/page\/juan-diaz-guardiola-abc-cultural\/FAKE-NO-ES-VERDAD...-1-scaled.jpg\" alt=\"\" width=\"404\" height=\"600\" srcset=\"https:\/\/ivam.es\/wp-content\/uploads\/page\/juan-diaz-guardiola-abc-cultural\/FAKE-NO-ES-VERDAD...-1-scaled.jpg 1722w, https:\/\/ivam.es\/wp-content\/uploads\/page\/juan-diaz-guardiola-abc-cultural\/FAKE-NO-ES-VERDAD...-1-202x300.jpg 202w, https:\/\/ivam.es\/wp-content\/uploads\/page\/juan-diaz-guardiola-abc-cultural\/FAKE-NO-ES-VERDAD...-1-689x1024.jpg 689w, https:\/\/ivam.es\/wp-content\/uploads\/page\/juan-diaz-guardiola-abc-cultural\/FAKE-NO-ES-VERDAD...-1-768x1142.jpg 768w, https:\/\/ivam.es\/wp-content\/uploads\/page\/juan-diaz-guardiola-abc-cultural\/FAKE-NO-ES-VERDAD...-1-1033x1536.jpg 1033w, https:\/\/ivam.es\/wp-content\/uploads\/page\/juan-diaz-guardiola-abc-cultural\/FAKE-NO-ES-VERDAD...-1-1378x2048.jpg 1378w, https:\/\/ivam.es\/wp-content\/uploads\/page\/juan-diaz-guardiola-abc-cultural\/FAKE-NO-ES-VERDAD...-1-280x416.jpg 280w, https:\/\/ivam.es\/wp-content\/uploads\/page\/juan-diaz-guardiola-abc-cultural\/FAKE-NO-ES-VERDAD...-1-467x694.jpg 467w, https:\/\/ivam.es\/wp-content\/uploads\/page\/juan-diaz-guardiola-abc-cultural\/FAKE-NO-ES-VERDAD...-1-231x343.jpg 231w, https:\/\/ivam.es\/wp-content\/uploads\/page\/juan-diaz-guardiola-abc-cultural\/FAKE-NO-ES-VERDAD...-1-500x743.jpg 500w\" sizes=\"auto, (max-width: 404px) 100vw, 404px\" \/><\/a><\/p>\n<p>&nbsp;<\/p>\n<h4>FAKE. No es verdad, no es mentira<br \/>\nGaler\u00eda 7. IVAM . 2016<\/h4>\n<p style=\"text-align: justify;\">Pues si echo mano de memoria r\u00e1pida, recuerdo expos memorables en el IVAM, como las individuales dedicadas a Boltanski o a Annette Mesager. Pero tambi\u00e9n interesantes muestras de tesis, como las recientemente dedicadas al a\u00f1o 1989, el de fundaci\u00f3n de este centro. Pero me voy a quedar con una tan perentoria estos d\u00edas: \u00ab<a href=\"\/es\/exposiciones\/fake-no-es-verdad-no-es-mentira\/\">Fake: no es verdad, no es mentira<\/a>\u00ab, sobre el fen\u00f3meno de las noticias (o historias) falsas, tan de actualidad ahora, en tiempos de coronavirus, en el que se ha disparado nuestro consumo de informaci\u00f3n por redes sociales. Esa cita ven\u00eda a corroborar la m\u00e1xima de Nietzsche que apuntaba c\u00f3mo las verdades son ilusiones que se han olvidado que lo son, mientras se propon\u00eda revisar algunos ejemplos de este formato o subg\u00e9nero, documental o art\u00edstico, que, en manos de los creadores, son un arma de primer nivel para dinamitar la autoridad de estamentos como la ciencia, la universidad, el museo o los medios de comunicaci\u00f3n, tanto para bien, como para mal. Instituciones, en muchos casos, que se creen en posesi\u00f3n de la verdad absoluta y que determinan c\u00f3mo debe establecerse la difusi\u00f3n de contenidos entre los dem\u00e1s. Hasta 44 casos de estudio, que inclu\u00edan propuestas de Carlos Pazos, Joan Fontcuberta, Agust\u00edn Parejo School, Cildo Meireles o Valc\u00e1rcel Medina, por recordar los que ahora me vuelven a la cabeza, en un montaje que era un aut\u00e9ntico campo de minas contra el mal llamado -o adocenado- \u00absentido com\u00fan\u00bb.<\/p>\n<p style=\"text-align: justify;\"><strong>Javier D\u00edaz Guardiola<\/strong><br \/>\n<strong>ABC Cultural<\/strong><\/p>\n","protected":false},"excerpt":{"rendered":"<p>&nbsp; FAKE. No es verdad, no es mentira Galer\u00eda 7. IVAM . 2016 Pues si echo mano de memoria r\u00e1pida, recuerdo expos memorables en el IVAM, como las individuales dedicadas a Boltanski o a Annette Mesager. Pero tambi\u00e9n interesantes muestras de tesis, como las recientemente dedicadas al a\u00f1o 1989, el de fundaci\u00f3n de este centro. [&hellip;]<\/p>\n","protected":false},"author":3,"featured_media":0,"parent":0,"menu_order":192,"comment_status":"closed","ping_status":"closed","template":"","meta":{"footnotes":""},"class_list":["post-44810","page","type-page","status-publish","hentry"],"yoast_head":"<!-- This site is optimized with the Yoast SEO plugin v26.0 - https:\/\/yoast.com\/wordpress\/plugins\/seo\/ -->\n<title>Javier D\u00edaz Guardiola. ABC Cultural - IVAM<\/title>\n<meta name=\"robots\" content=\"index, follow, max-snippet:-1, max-image-preview:large, max-video-preview:-1\" \/>\n<link rel=\"canonical\" href=\"https:\/\/ivam.es\/es\/juan-diaz-guardiola-abc-cultural\/\" \/>\n<meta property=\"og:locale\" content=\"es_ES\" \/>\n<meta property=\"og:type\" content=\"article\" \/>\n<meta property=\"og:title\" content=\"Javier D\u00edaz Guardiola. ABC Cultural - IVAM\" \/>\n<meta property=\"og:description\" content=\"&nbsp; FAKE. No es verdad, no es mentira Galer\u00eda 7. IVAM . 2016 Pues si echo mano de memoria r\u00e1pida, recuerdo expos memorables en el IVAM, como las individuales dedicadas a Boltanski o a Annette Mesager. Pero tambi\u00e9n interesantes muestras de tesis, como las recientemente dedicadas al a\u00f1o 1989, el de fundaci\u00f3n de este centro. [&hellip;]\" \/>\n<meta property=\"og:url\" content=\"https:\/\/ivam.es\/es\/juan-diaz-guardiola-abc-cultural\/\" \/>\n<meta property=\"og:site_name\" content=\"IVAM\" \/>\n<meta property=\"article:modified_time\" content=\"2020-04-17T13:00:04+00:00\" \/>\n<meta name=\"twitter:card\" content=\"summary_large_image\" \/>\n<meta name=\"twitter:label1\" content=\"Tiempo de lectura\" \/>\n\t<meta name=\"twitter:data1\" content=\"1 minuto\" \/>\n<script type=\"application\/ld+json\" class=\"yoast-schema-graph\">{\"@context\":\"https:\/\/schema.org\",\"@graph\":[{\"@type\":\"WebPage\",\"@id\":\"https:\/\/ivam.es\/es\/juan-diaz-guardiola-abc-cultural\/\",\"url\":\"https:\/\/ivam.es\/es\/juan-diaz-guardiola-abc-cultural\/\",\"name\":\"Javier D\u00edaz Guardiola. ABC Cultural - IVAM\",\"isPartOf\":{\"@id\":\"https:\/\/ivam.es\/es\/#website\"},\"datePublished\":\"2020-04-16T11:49:55+00:00\",\"dateModified\":\"2020-04-17T13:00:04+00:00\",\"breadcrumb\":{\"@id\":\"https:\/\/ivam.es\/es\/juan-diaz-guardiola-abc-cultural\/#breadcrumb\"},\"inLanguage\":\"es\",\"potentialAction\":[{\"@type\":\"ReadAction\",\"target\":[\"https:\/\/ivam.es\/es\/juan-diaz-guardiola-abc-cultural\/\"]}]},{\"@type\":\"BreadcrumbList\",\"@id\":\"https:\/\/ivam.es\/es\/juan-diaz-guardiola-abc-cultural\/#breadcrumb\",\"itemListElement\":[{\"@type\":\"ListItem\",\"position\":1,\"name\":\"Home\",\"item\":\"https:\/\/ivam.es\/es\/\"},{\"@type\":\"ListItem\",\"position\":2,\"name\":\"Javier D\u00edaz Guardiola. ABC Cultural\"}]},{\"@type\":\"WebSite\",\"@id\":\"https:\/\/ivam.es\/es\/#website\",\"url\":\"https:\/\/ivam.es\/es\/\",\"name\":\"IVAM\",\"description\":\"Institut Valenci\u00e0 d&#039;Art Modern\",\"publisher\":{\"@id\":\"https:\/\/ivam.es\/es\/#organization\"},\"potentialAction\":[{\"@type\":\"SearchAction\",\"target\":{\"@type\":\"EntryPoint\",\"urlTemplate\":\"https:\/\/ivam.es\/es\/?s={search_term_string}\"},\"query-input\":{\"@type\":\"PropertyValueSpecification\",\"valueRequired\":true,\"valueName\":\"search_term_string\"}}],\"inLanguage\":\"es\"},{\"@type\":\"Organization\",\"@id\":\"https:\/\/ivam.es\/es\/#organization\",\"name\":\"IVAM\",\"url\":\"https:\/\/ivam.es\/es\/\",\"logo\":{\"@type\":\"ImageObject\",\"inLanguage\":\"es\",\"@id\":\"https:\/\/ivam.es\/es\/#\/schema\/logo\/image\/\",\"url\":\"https:\/\/ivam.es\/wp-content\/uploads\/logo-ok-512.png\",\"contentUrl\":\"https:\/\/ivam.es\/wp-content\/uploads\/logo-ok-512.png\",\"width\":512,\"height\":512,\"caption\":\"IVAM\"},\"image\":{\"@id\":\"https:\/\/ivam.es\/es\/#\/schema\/logo\/image\/\"}}]}<\/script>\n<!-- \/ Yoast SEO plugin. -->","yoast_head_json":{"title":"Javier D\u00edaz Guardiola. ABC Cultural - IVAM","robots":{"index":"index","follow":"follow","max-snippet":"max-snippet:-1","max-image-preview":"max-image-preview:large","max-video-preview":"max-video-preview:-1"},"canonical":"https:\/\/ivam.es\/es\/juan-diaz-guardiola-abc-cultural\/","og_locale":"es_ES","og_type":"article","og_title":"Javier D\u00edaz Guardiola. ABC Cultural - IVAM","og_description":"&nbsp; FAKE. No es verdad, no es mentira Galer\u00eda 7. IVAM . 2016 Pues si echo mano de memoria r\u00e1pida, recuerdo expos memorables en el IVAM, como las individuales dedicadas a Boltanski o a Annette Mesager. Pero tambi\u00e9n interesantes muestras de tesis, como las recientemente dedicadas al a\u00f1o 1989, el de fundaci\u00f3n de este centro. [&hellip;]","og_url":"https:\/\/ivam.es\/es\/juan-diaz-guardiola-abc-cultural\/","og_site_name":"IVAM","article_modified_time":"2020-04-17T13:00:04+00:00","twitter_card":"summary_large_image","twitter_misc":{"Tiempo de lectura":"1 minuto"},"schema":{"@context":"https:\/\/schema.org","@graph":[{"@type":"WebPage","@id":"https:\/\/ivam.es\/es\/juan-diaz-guardiola-abc-cultural\/","url":"https:\/\/ivam.es\/es\/juan-diaz-guardiola-abc-cultural\/","name":"Javier D\u00edaz Guardiola. ABC Cultural - IVAM","isPartOf":{"@id":"https:\/\/ivam.es\/es\/#website"},"datePublished":"2020-04-16T11:49:55+00:00","dateModified":"2020-04-17T13:00:04+00:00","breadcrumb":{"@id":"https:\/\/ivam.es\/es\/juan-diaz-guardiola-abc-cultural\/#breadcrumb"},"inLanguage":"es","potentialAction":[{"@type":"ReadAction","target":["https:\/\/ivam.es\/es\/juan-diaz-guardiola-abc-cultural\/"]}]},{"@type":"BreadcrumbList","@id":"https:\/\/ivam.es\/es\/juan-diaz-guardiola-abc-cultural\/#breadcrumb","itemListElement":[{"@type":"ListItem","position":1,"name":"Home","item":"https:\/\/ivam.es\/es\/"},{"@type":"ListItem","position":2,"name":"Javier D\u00edaz Guardiola. ABC Cultural"}]},{"@type":"WebSite","@id":"https:\/\/ivam.es\/es\/#website","url":"https:\/\/ivam.es\/es\/","name":"IVAM","description":"Institut Valenci\u00e0 d&#039;Art Modern","publisher":{"@id":"https:\/\/ivam.es\/es\/#organization"},"potentialAction":[{"@type":"SearchAction","target":{"@type":"EntryPoint","urlTemplate":"https:\/\/ivam.es\/es\/?s={search_term_string}"},"query-input":{"@type":"PropertyValueSpecification","valueRequired":true,"valueName":"search_term_string"}}],"inLanguage":"es"},{"@type":"Organization","@id":"https:\/\/ivam.es\/es\/#organization","name":"IVAM","url":"https:\/\/ivam.es\/es\/","logo":{"@type":"ImageObject","inLanguage":"es","@id":"https:\/\/ivam.es\/es\/#\/schema\/logo\/image\/","url":"https:\/\/ivam.es\/wp-content\/uploads\/logo-ok-512.png","contentUrl":"https:\/\/ivam.es\/wp-content\/uploads\/logo-ok-512.png","width":512,"height":512,"caption":"IVAM"},"image":{"@id":"https:\/\/ivam.es\/es\/#\/schema\/logo\/image\/"}}]}},"_links":{"self":[{"href":"https:\/\/ivam.es\/es\/wp-json\/wp\/v2\/pages\/44810","targetHints":{"allow":["GET"]}}],"collection":[{"href":"https:\/\/ivam.es\/es\/wp-json\/wp\/v2\/pages"}],"about":[{"href":"https:\/\/ivam.es\/es\/wp-json\/wp\/v2\/types\/page"}],"author":[{"embeddable":true,"href":"https:\/\/ivam.es\/es\/wp-json\/wp\/v2\/users\/3"}],"replies":[{"embeddable":true,"href":"https:\/\/ivam.es\/es\/wp-json\/wp\/v2\/comments?post=44810"}],"version-history":[{"count":5,"href":"https:\/\/ivam.es\/es\/wp-json\/wp\/v2\/pages\/44810\/revisions"}],"predecessor-version":[{"id":45206,"href":"https:\/\/ivam.es\/es\/wp-json\/wp\/v2\/pages\/44810\/revisions\/45206"}],"wp:attachment":[{"href":"https:\/\/ivam.es\/es\/wp-json\/wp\/v2\/media?parent=44810"}],"curies":[{"name":"wp","href":"https:\/\/api.w.org\/{rel}","templated":true}]}}

Javier Díaz Guardiola. ABC Cultural

<p><a href="/wp-content/uploads/page/juan-diaz-guardiola-abc-cultural/FAKE-NO-ES-VERDAD...-1-scaled.jpg"><img loading="lazy" decoding="async" class="alignnone wp-image-44814" src="/wp-content/uploads/page/juan-diaz-guardiola-abc-cultural/FAKE-NO-ES-VERDAD...-1-scaled.jpg" alt="" width="404" height="600" srcset="https://ivam.es/wp-content/uploads/page/juan-diaz-guardiola-abc-cultural/FAKE-NO-ES-VERDAD...-1-scaled.jpg 1722w, https://ivam.es/wp-content/uploads/page/juan-diaz-guardiola-abc-cultural/FAKE-NO-ES-VERDAD...-1-202x300.jpg 202w, https://ivam.es/wp-content/uploads/page/juan-diaz-guardiola-abc-cultural/FAKE-NO-ES-VERDAD...-1-689x1024.jpg 689w, https://ivam.es/wp-content/uploads/page/juan-diaz-guardiola-abc-cultural/FAKE-NO-ES-VERDAD...-1-768x1142.jpg 768w, https://ivam.es/wp-content/uploads/page/juan-diaz-guardiola-abc-cultural/FAKE-NO-ES-VERDAD...-1-1033x1536.jpg 1033w, https://ivam.es/wp-content/uploads/page/juan-diaz-guardiola-abc-cultural/FAKE-NO-ES-VERDAD...-1-1378x2048.jpg 1378w, https://ivam.es/wp-content/uploads/page/juan-diaz-guardiola-abc-cultural/FAKE-NO-ES-VERDAD...-1-280x416.jpg 280w, https://ivam.es/wp-content/uploads/page/juan-diaz-guardiola-abc-cultural/FAKE-NO-ES-VERDAD...-1-467x694.jpg 467w, https://ivam.es/wp-content/uploads/page/juan-diaz-guardiola-abc-cultural/FAKE-NO-ES-VERDAD...-1-231x343.jpg 231w, https://ivam.es/wp-content/uploads/page/juan-diaz-guardiola-abc-cultural/FAKE-NO-ES-VERDAD...-1-500x743.jpg 500w" sizes="auto, (max-width: 404px) 100vw, 404px" /></a></p>
<p>&nbsp;</p>
<h4>FAKE. No es verdad, no es mentira<br />
Galería 7. IVAM . 2016</h4>
<p style="text-align: justify;">Pues si echo mano de memoria rápida, recuerdo expos memorables en el IVAM, como las individuales dedicadas a Boltanski o a Annette Mesager. Pero también interesantes muestras de tesis, como las recientemente dedicadas al año 1989, el de fundación de este centro. Pero me voy a quedar con una tan perentoria estos días: «<a href="/es/exposiciones/fake-no-es-verdad-no-es-mentira/">Fake: no es verdad, no es mentira</a>«, sobre el fenómeno de las noticias (o historias) falsas, tan de actualidad ahora, en tiempos de coronavirus, en el que se ha disparado nuestro consumo de información por redes sociales. Esa cita venía a corroborar la máxima de Nietzsche que apuntaba cómo las verdades son ilusiones que se han olvidado que lo son, mientras se proponía revisar algunos ejemplos de este formato o subgénero, documental o artístico, que, en manos de los creadores, son un arma de primer nivel para dinamitar la autoridad de estamentos como la ciencia, la universidad, el museo o los medios de comunicación, tanto para bien, como para mal. Instituciones, en muchos casos, que se creen en posesión de la verdad absoluta y que determinan cómo debe establecerse la difusión de contenidos entre los demás. Hasta 44 casos de estudio, que incluían propuestas de Carlos Pazos, Joan Fontcuberta, Agustín Parejo School, Cildo Meireles o Valcárcel Medina, por recordar los que ahora me vuelven a la cabeza, en un montaje que era un auténtico campo de minas contra el mal llamado -o adocenado- «sentido común».</p>
<p style="text-align: justify;"><strong>Javier Díaz Guardiola</strong><br />
<strong>ABC Cultural</strong></p>

<p>&nbsp; FAKE. No es verdad, no es mentira Galería 7. IVAM . 2016 Pues si echo mano de memoria rápida, recuerdo expos memorables en el IVAM, como las individuales dedicadas a Boltanski o a Annette Mesager. Pero también interesantes muestras de tesis, como las recientemente dedicadas al año 1989, el de fundación de este centro. [&hellip;]</p>

<!-- This site is optimized with the Yoast SEO plugin v26.0 - https://yoast.com/wordpress/plugins/seo/ -->
<title>Javier Díaz Guardiola. ABC Cultural - IVAM</title>
<meta name="robots" content="index, follow, max-snippet:-1, max-image-preview:large, max-video-preview:-1" />
<link rel="canonical" href="https://ivam.es/es/juan-diaz-guardiola-abc-cultural/" />
<meta property="og:locale" content="es_ES" />
<meta property="og:type" content="article" />
<meta property="og:title" content="Javier Díaz Guardiola. ABC Cultural - IVAM" />
<meta property="og:description" content="&nbsp; FAKE. No es verdad, no es mentira Galería 7. IVAM . 2016 Pues si echo mano de memoria rápida, recuerdo expos memorables en el IVAM, como las individuales dedicadas a Boltanski o a Annette Mesager. Pero también interesantes muestras de tesis, como las recientemente dedicadas al año 1989, el de fundación de este centro. [&hellip;]" />
<meta property="og:url" content="https://ivam.es/es/juan-diaz-guardiola-abc-cultural/" />
<meta property="og:site_name" content="IVAM" />
<meta property="article:modified_time" content="2020-04-17T13:00:04+00:00" />
<meta name="twitter:card" content="summary_large_image" />
<meta name="twitter:label1" content="Tiempo de lectura" />
	<meta name="twitter:data1" content="1 minuto" />
<script type="application/ld+json" class="yoast-schema-graph">{"@context":"https://schema.org","@graph":[{"@type":"WebPage","@id":"https://ivam.es/es/juan-diaz-guardiola-abc-cultural/","url":"https://ivam.es/es/juan-diaz-guardiola-abc-cultural/","name":"Javier Díaz Guardiola. ABC Cultural - IVAM","isPartOf":{"@id":"https://ivam.es/es/#website"},"datePublished":"2020-04-16T11:49:55+00:00","dateModified":"2020-04-17T13:00:04+00:00","breadcrumb":{"@id":"https://ivam.es/es/juan-diaz-guardiola-abc-cultural/#breadcrumb"},"inLanguage":"es","potentialAction":[{"@type":"ReadAction","target":["https://ivam.es/es/juan-diaz-guardiola-abc-cultural/"]}]},{"@type":"BreadcrumbList","@id":"https://ivam.es/es/juan-diaz-guardiola-abc-cultural/#breadcrumb","itemListElement":[{"@type":"ListItem","position":1,"name":"Home","item":"https://ivam.es/es/"},{"@type":"ListItem","position":2,"name":"Javier Díaz Guardiola. ABC Cultural"}]},{"@type":"WebSite","@id":"https://ivam.es/es/#website","url":"https://ivam.es/es/","name":"IVAM","description":"Institut Valencià d&#039;Art Modern","publisher":{"@id":"https://ivam.es/es/#organization"},"potentialAction":[{"@type":"SearchAction","target":{"@type":"EntryPoint","urlTemplate":"https://ivam.es/es/?s={search_term_string}"},"query-input":{"@type":"PropertyValueSpecification","valueRequired":true,"valueName":"search_term_string"}}],"inLanguage":"es"},{"@type":"Organization","@id":"https://ivam.es/es/#organization","name":"IVAM","url":"https://ivam.es/es/","logo":{"@type":"ImageObject","inLanguage":"es","@id":"https://ivam.es/es/#/schema/logo/image/","url":"https://ivam.es/wp-content/uploads/logo-ok-512.png","contentUrl":"https://ivam.es/wp-content/uploads/logo-ok-512.png","width":512,"height":512,"caption":"IVAM"},"image":{"@id":"https://ivam.es/es/#/schema/logo/image/"}}]}</script>
<!-- / Yoast SEO plugin. -->

Javier Díaz Guardiola. ABC Cultural - IVAM

&nbsp; FAKE. No es verdad, no es mentira Galería 7. IVAM . 2016 Pues si echo mano de memoria rápida, recuerdo expos memorables en el IVAM, como las individuales dedicadas a Boltanski o a Annette Mesager. Pero también interesantes muestras de tesis, como las recientemente dedicadas al año 1989, el de fundación de este centro. [&hellip;]

Institut Valencià d&#039;Art Modern
