{"id":44460,"date":"2020-04-06T15:04:51","date_gmt":"2020-04-06T13:04:51","guid":{"rendered":"\/?page_id=44460"},"modified":"2026-01-07T11:32:48","modified_gmt":"2026-01-07T09:32:48","slug":"julio-gonzalez","status":"publish","type":"page","link":"https:\/\/ivam.es\/es\/julio-gonzalez\/","title":{"rendered":"JULIO GONZ\u00c1LEZ"},"content":{"rendered":"<div class=\"wp-block-image\">\n<figure class=\"aligncenter size-large\"><a href=\"https:\/\/ivam.es\/wp-content\/uploads\/page\/julio-gonzalez\/9854a64e-911f-4cd0-ac79-3b27aba65a74-1.jpg\"><img loading=\"lazy\" decoding=\"async\" width=\"605\" height=\"1024\" src=\"https:\/\/ivam.es\/wp-content\/uploads\/page\/julio-gonzalez\/9854a64e-911f-4cd0-ac79-3b27aba65a74-1-605x1024.jpg\" alt=\"\" class=\"wp-image-113677\" srcset=\"https:\/\/ivam.es\/wp-content\/uploads\/page\/julio-gonzalez\/9854a64e-911f-4cd0-ac79-3b27aba65a74-1-605x1024.jpg 605w, https:\/\/ivam.es\/wp-content\/uploads\/page\/julio-gonzalez\/9854a64e-911f-4cd0-ac79-3b27aba65a74-1-177x300.jpg 177w, https:\/\/ivam.es\/wp-content\/uploads\/page\/julio-gonzalez\/9854a64e-911f-4cd0-ac79-3b27aba65a74-1-768x1300.jpg 768w, https:\/\/ivam.es\/wp-content\/uploads\/page\/julio-gonzalez\/9854a64e-911f-4cd0-ac79-3b27aba65a74-1-280x474.jpg 280w, https:\/\/ivam.es\/wp-content\/uploads\/page\/julio-gonzalez\/9854a64e-911f-4cd0-ac79-3b27aba65a74-1-467x791.jpg 467w, https:\/\/ivam.es\/wp-content\/uploads\/page\/julio-gonzalez\/9854a64e-911f-4cd0-ac79-3b27aba65a74-1-231x391.jpg 231w, https:\/\/ivam.es\/wp-content\/uploads\/page\/julio-gonzalez\/9854a64e-911f-4cd0-ac79-3b27aba65a74-1-500x846.jpg 500w, https:\/\/ivam.es\/wp-content\/uploads\/page\/julio-gonzalez\/9854a64e-911f-4cd0-ac79-3b27aba65a74-1-416x704.jpg 416w, https:\/\/ivam.es\/wp-content\/uploads\/page\/julio-gonzalez\/9854a64e-911f-4cd0-ac79-3b27aba65a74-1.jpg 837w\" sizes=\"auto, (max-width: 605px) 100vw, 605px\" \/><\/a><figcaption class=\"wp-element-caption\"><br>Femme au miroir (Mujer ante el espejo), 1936-37<br>Hierro forjado y soldado<br>203,8 x 60 x 46 cm<\/figcaption><\/figure>\n<\/div>\n\n<p>\u00a0<\/p>\n<p style=\"text-align: justify;\"><strong>Julio Gonz\u00e1lez (Barcelona, 1876 &#8211; Par\u00eds, 1942)<\/strong><\/p>\n<p style=\"text-align: justify;\">La obra del escultor Julio Gonz\u00e1lez es un referente esencial en el periodo de las vanguardias art\u00edsticas europeas de entreguerras. Su compromiso con los nuevos valores del humanismo frente a las tendencias autoritarias sigue justificando que el IVAM dedique una de sus salas permanentes a sus logros constructivos. Supo poner su dominio t\u00e9cnico de la forja y la soldadura al servicio de una visi\u00f3n in\u00e9dita de la forma que incorporaba las posibilidades expresivas del vac\u00edo. Su trabajo tridimensional, que defini\u00f3 como \u201cdibujar en el espacio\u201d, nunca abandon\u00f3 su inter\u00e9s por la figura humana en toda su complejidad emotiva y existencial.<\/p>\n<p style=\"text-align: justify;\">En 1936 y 1937 asistimos a la culminaci\u00f3n de las proclamas de la nueva sensibilidad moderna integrando los avances vanguardistas de las primeras d\u00e9cadas alrededor de los conceptos surrealistas y de la abstracci\u00f3n. La Exposici\u00f3n Universal y la muestra dedicada a los or\u00edgenes y desarrollo del arte internacional independiente, ambas celebradas en Par\u00eds en 1937, proporcionar\u00e1n sendos escenarios privilegiados para mostrar el impacto social y la capacidad comunicativa de estas v\u00edas de modernizaci\u00f3n y progreso. Julio Gonz\u00e1lez particip\u00f3 en las dos manifestaciones. En primer lugar, pens\u00f3 en exhibir su escultura de gran formato <em>Femme au miroir (Mujer ante el espejo)<\/em> en el pabell\u00f3n espa\u00f1ol de la muestra universal. Sin embargo, las dudas del comit\u00e9 organizador lo convencieron para que la sustituyera por una obra de mayor dramatismo como la <em>Montserrat<\/em>. La fortuna cr\u00edtica quiso que la escultura descartada para el pabell\u00f3n acabara en el contexto m\u00e1s espec\u00edficamente art\u00edstico centrado en el arte internacional independiente y donde se ofrec\u00eda el primer panorama sistem\u00e1tico de las tendencias art\u00edsticas del primer tercio del siglo pasado.<\/p>\n<p style=\"text-align: justify;\"><strong>Josep Salvador<\/strong><br \/><strong>Conservador<\/strong><\/p>","protected":false},"excerpt":{"rendered":"<p>\u00a0 Julio Gonz\u00e1lez (Barcelona, 1876 &#8211; Par\u00eds, 1942) La obra del escultor Julio Gonz\u00e1lez es un referente esencial en el periodo de las vanguardias art\u00edsticas europeas de entreguerras. Su compromiso con los nuevos valores del humanismo frente a las tendencias autoritarias sigue justificando que el IVAM dedique una de sus salas permanentes a sus logros [&hellip;]<\/p>\n","protected":false},"author":3,"featured_media":0,"parent":0,"menu_order":36,"comment_status":"closed","ping_status":"closed","template":"","meta":{"footnotes":""},"class_list":["post-44460","page","type-page","status-publish","hentry"],"yoast_head":"<!-- This site is optimized with the Yoast SEO plugin v26.0 - https:\/\/yoast.com\/wordpress\/plugins\/seo\/ -->\n<title>JULIO GONZ\u00c1LEZ - IVAM<\/title>\n<meta name=\"robots\" content=\"index, follow, max-snippet:-1, max-image-preview:large, max-video-preview:-1\" \/>\n<link rel=\"canonical\" href=\"https:\/\/ivam.es\/es\/julio-gonzalez\/\" \/>\n<meta property=\"og:locale\" content=\"es_ES\" \/>\n<meta property=\"og:type\" content=\"article\" \/>\n<meta property=\"og:title\" content=\"JULIO GONZ\u00c1LEZ - IVAM\" \/>\n<meta property=\"og:description\" content=\"\u00a0 Julio Gonz\u00e1lez (Barcelona, 1876 &#8211; Par\u00eds, 1942) La obra del escultor Julio Gonz\u00e1lez es un referente esencial en el periodo de las vanguardias art\u00edsticas europeas de entreguerras. Su compromiso con los nuevos valores del humanismo frente a las tendencias autoritarias sigue justificando que el IVAM dedique una de sus salas permanentes a sus logros [&hellip;]\" \/>\n<meta property=\"og:url\" content=\"https:\/\/ivam.es\/es\/julio-gonzalez\/\" \/>\n<meta property=\"og:site_name\" content=\"IVAM\" \/>\n<meta property=\"article:modified_time\" content=\"2026-01-07T09:32:48+00:00\" \/>\n<meta property=\"og:image\" content=\"https:\/\/ivam.es\/wp-content\/uploads\/page\/julio-gonzalez\/9854a64e-911f-4cd0-ac79-3b27aba65a74-1.jpg\" \/>\n\t<meta property=\"og:image:width\" content=\"837\" \/>\n\t<meta property=\"og:image:height\" content=\"1417\" \/>\n\t<meta property=\"og:image:type\" content=\"image\/jpeg\" \/>\n<meta name=\"twitter:card\" content=\"summary_large_image\" \/>\n<meta name=\"twitter:label1\" content=\"Tiempo de lectura\" \/>\n\t<meta name=\"twitter:data1\" content=\"2 minutos\" \/>\n<script type=\"application\/ld+json\" class=\"yoast-schema-graph\">{\"@context\":\"https:\/\/schema.org\",\"@graph\":[{\"@type\":\"WebPage\",\"@id\":\"https:\/\/ivam.es\/es\/julio-gonzalez\/\",\"url\":\"https:\/\/ivam.es\/es\/julio-gonzalez\/\",\"name\":\"JULIO GONZ\u00c1LEZ - IVAM\",\"isPartOf\":{\"@id\":\"https:\/\/ivam.es\/es\/#website\"},\"primaryImageOfPage\":{\"@id\":\"https:\/\/ivam.es\/es\/julio-gonzalez\/#primaryimage\"},\"image\":{\"@id\":\"https:\/\/ivam.es\/es\/julio-gonzalez\/#primaryimage\"},\"thumbnailUrl\":\"https:\/\/ivam.es\/wp-content\/uploads\/page\/julio-gonzalez\/9854a64e-911f-4cd0-ac79-3b27aba65a74-1-605x1024.jpg\",\"datePublished\":\"2020-04-06T13:04:51+00:00\",\"dateModified\":\"2026-01-07T09:32:48+00:00\",\"breadcrumb\":{\"@id\":\"https:\/\/ivam.es\/es\/julio-gonzalez\/#breadcrumb\"},\"inLanguage\":\"es\",\"potentialAction\":[{\"@type\":\"ReadAction\",\"target\":[\"https:\/\/ivam.es\/es\/julio-gonzalez\/\"]}]},{\"@type\":\"ImageObject\",\"inLanguage\":\"es\",\"@id\":\"https:\/\/ivam.es\/es\/julio-gonzalez\/#primaryimage\",\"url\":\"https:\/\/ivam.es\/wp-content\/uploads\/page\/julio-gonzalez\/9854a64e-911f-4cd0-ac79-3b27aba65a74-1-605x1024.jpg\",\"contentUrl\":\"https:\/\/ivam.es\/wp-content\/uploads\/page\/julio-gonzalez\/9854a64e-911f-4cd0-ac79-3b27aba65a74-1-605x1024.jpg\"},{\"@type\":\"BreadcrumbList\",\"@id\":\"https:\/\/ivam.es\/es\/julio-gonzalez\/#breadcrumb\",\"itemListElement\":[{\"@type\":\"ListItem\",\"position\":1,\"name\":\"Home\",\"item\":\"https:\/\/ivam.es\/es\/\"},{\"@type\":\"ListItem\",\"position\":2,\"name\":\"JULIO GONZ\u00c1LEZ\"}]},{\"@type\":\"WebSite\",\"@id\":\"https:\/\/ivam.es\/es\/#website\",\"url\":\"https:\/\/ivam.es\/es\/\",\"name\":\"IVAM\",\"description\":\"Institut Valenci\u00e0 d&#039;Art Modern\",\"publisher\":{\"@id\":\"https:\/\/ivam.es\/es\/#organization\"},\"potentialAction\":[{\"@type\":\"SearchAction\",\"target\":{\"@type\":\"EntryPoint\",\"urlTemplate\":\"https:\/\/ivam.es\/es\/?s={search_term_string}\"},\"query-input\":{\"@type\":\"PropertyValueSpecification\",\"valueRequired\":true,\"valueName\":\"search_term_string\"}}],\"inLanguage\":\"es\"},{\"@type\":\"Organization\",\"@id\":\"https:\/\/ivam.es\/es\/#organization\",\"name\":\"IVAM\",\"url\":\"https:\/\/ivam.es\/es\/\",\"logo\":{\"@type\":\"ImageObject\",\"inLanguage\":\"es\",\"@id\":\"https:\/\/ivam.es\/es\/#\/schema\/logo\/image\/\",\"url\":\"https:\/\/ivam.es\/wp-content\/uploads\/logo-ok-512.png\",\"contentUrl\":\"https:\/\/ivam.es\/wp-content\/uploads\/logo-ok-512.png\",\"width\":512,\"height\":512,\"caption\":\"IVAM\"},\"image\":{\"@id\":\"https:\/\/ivam.es\/es\/#\/schema\/logo\/image\/\"}}]}<\/script>\n<!-- \/ Yoast SEO plugin. -->","yoast_head_json":{"title":"JULIO GONZ\u00c1LEZ - IVAM","robots":{"index":"index","follow":"follow","max-snippet":"max-snippet:-1","max-image-preview":"max-image-preview:large","max-video-preview":"max-video-preview:-1"},"canonical":"https:\/\/ivam.es\/es\/julio-gonzalez\/","og_locale":"es_ES","og_type":"article","og_title":"JULIO GONZ\u00c1LEZ - IVAM","og_description":"\u00a0 Julio Gonz\u00e1lez (Barcelona, 1876 &#8211; Par\u00eds, 1942) La obra del escultor Julio Gonz\u00e1lez es un referente esencial en el periodo de las vanguardias art\u00edsticas europeas de entreguerras. Su compromiso con los nuevos valores del humanismo frente a las tendencias autoritarias sigue justificando que el IVAM dedique una de sus salas permanentes a sus logros [&hellip;]","og_url":"https:\/\/ivam.es\/es\/julio-gonzalez\/","og_site_name":"IVAM","article_modified_time":"2026-01-07T09:32:48+00:00","og_image":[{"width":837,"height":1417,"url":"https:\/\/ivam.es\/wp-content\/uploads\/page\/julio-gonzalez\/9854a64e-911f-4cd0-ac79-3b27aba65a74-1.jpg","type":"image\/jpeg"}],"twitter_card":"summary_large_image","twitter_misc":{"Tiempo de lectura":"2 minutos"},"schema":{"@context":"https:\/\/schema.org","@graph":[{"@type":"WebPage","@id":"https:\/\/ivam.es\/es\/julio-gonzalez\/","url":"https:\/\/ivam.es\/es\/julio-gonzalez\/","name":"JULIO GONZ\u00c1LEZ - IVAM","isPartOf":{"@id":"https:\/\/ivam.es\/es\/#website"},"primaryImageOfPage":{"@id":"https:\/\/ivam.es\/es\/julio-gonzalez\/#primaryimage"},"image":{"@id":"https:\/\/ivam.es\/es\/julio-gonzalez\/#primaryimage"},"thumbnailUrl":"https:\/\/ivam.es\/wp-content\/uploads\/page\/julio-gonzalez\/9854a64e-911f-4cd0-ac79-3b27aba65a74-1-605x1024.jpg","datePublished":"2020-04-06T13:04:51+00:00","dateModified":"2026-01-07T09:32:48+00:00","breadcrumb":{"@id":"https:\/\/ivam.es\/es\/julio-gonzalez\/#breadcrumb"},"inLanguage":"es","potentialAction":[{"@type":"ReadAction","target":["https:\/\/ivam.es\/es\/julio-gonzalez\/"]}]},{"@type":"ImageObject","inLanguage":"es","@id":"https:\/\/ivam.es\/es\/julio-gonzalez\/#primaryimage","url":"https:\/\/ivam.es\/wp-content\/uploads\/page\/julio-gonzalez\/9854a64e-911f-4cd0-ac79-3b27aba65a74-1-605x1024.jpg","contentUrl":"https:\/\/ivam.es\/wp-content\/uploads\/page\/julio-gonzalez\/9854a64e-911f-4cd0-ac79-3b27aba65a74-1-605x1024.jpg"},{"@type":"BreadcrumbList","@id":"https:\/\/ivam.es\/es\/julio-gonzalez\/#breadcrumb","itemListElement":[{"@type":"ListItem","position":1,"name":"Home","item":"https:\/\/ivam.es\/es\/"},{"@type":"ListItem","position":2,"name":"JULIO GONZ\u00c1LEZ"}]},{"@type":"WebSite","@id":"https:\/\/ivam.es\/es\/#website","url":"https:\/\/ivam.es\/es\/","name":"IVAM","description":"Institut Valenci\u00e0 d&#039;Art Modern","publisher":{"@id":"https:\/\/ivam.es\/es\/#organization"},"potentialAction":[{"@type":"SearchAction","target":{"@type":"EntryPoint","urlTemplate":"https:\/\/ivam.es\/es\/?s={search_term_string}"},"query-input":{"@type":"PropertyValueSpecification","valueRequired":true,"valueName":"search_term_string"}}],"inLanguage":"es"},{"@type":"Organization","@id":"https:\/\/ivam.es\/es\/#organization","name":"IVAM","url":"https:\/\/ivam.es\/es\/","logo":{"@type":"ImageObject","inLanguage":"es","@id":"https:\/\/ivam.es\/es\/#\/schema\/logo\/image\/","url":"https:\/\/ivam.es\/wp-content\/uploads\/logo-ok-512.png","contentUrl":"https:\/\/ivam.es\/wp-content\/uploads\/logo-ok-512.png","width":512,"height":512,"caption":"IVAM"},"image":{"@id":"https:\/\/ivam.es\/es\/#\/schema\/logo\/image\/"}}]}},"_links":{"self":[{"href":"https:\/\/ivam.es\/es\/wp-json\/wp\/v2\/pages\/44460","targetHints":{"allow":["GET"]}}],"collection":[{"href":"https:\/\/ivam.es\/es\/wp-json\/wp\/v2\/pages"}],"about":[{"href":"https:\/\/ivam.es\/es\/wp-json\/wp\/v2\/types\/page"}],"author":[{"embeddable":true,"href":"https:\/\/ivam.es\/es\/wp-json\/wp\/v2\/users\/3"}],"replies":[{"embeddable":true,"href":"https:\/\/ivam.es\/es\/wp-json\/wp\/v2\/comments?post=44460"}],"version-history":[{"count":19,"href":"https:\/\/ivam.es\/es\/wp-json\/wp\/v2\/pages\/44460\/revisions"}],"predecessor-version":[{"id":113696,"href":"https:\/\/ivam.es\/es\/wp-json\/wp\/v2\/pages\/44460\/revisions\/113696"}],"wp:attachment":[{"href":"https:\/\/ivam.es\/es\/wp-json\/wp\/v2\/media?parent=44460"}],"curies":[{"name":"wp","href":"https:\/\/api.w.org\/{rel}","templated":true}]}}

JULIO GONZÁLEZ

<div class="wp-block-image">
<figure class="aligncenter size-large"><a href="https://ivam.es/wp-content/uploads/page/julio-gonzalez/9854a64e-911f-4cd0-ac79-3b27aba65a74-1.jpg"><img loading="lazy" decoding="async" width="605" height="1024" src="https://ivam.es/wp-content/uploads/page/julio-gonzalez/9854a64e-911f-4cd0-ac79-3b27aba65a74-1-605x1024.jpg" alt="" class="wp-image-113677" srcset="https://ivam.es/wp-content/uploads/page/julio-gonzalez/9854a64e-911f-4cd0-ac79-3b27aba65a74-1-605x1024.jpg 605w, https://ivam.es/wp-content/uploads/page/julio-gonzalez/9854a64e-911f-4cd0-ac79-3b27aba65a74-1-177x300.jpg 177w, https://ivam.es/wp-content/uploads/page/julio-gonzalez/9854a64e-911f-4cd0-ac79-3b27aba65a74-1-768x1300.jpg 768w, https://ivam.es/wp-content/uploads/page/julio-gonzalez/9854a64e-911f-4cd0-ac79-3b27aba65a74-1-280x474.jpg 280w, https://ivam.es/wp-content/uploads/page/julio-gonzalez/9854a64e-911f-4cd0-ac79-3b27aba65a74-1-467x791.jpg 467w, https://ivam.es/wp-content/uploads/page/julio-gonzalez/9854a64e-911f-4cd0-ac79-3b27aba65a74-1-231x391.jpg 231w, https://ivam.es/wp-content/uploads/page/julio-gonzalez/9854a64e-911f-4cd0-ac79-3b27aba65a74-1-500x846.jpg 500w, https://ivam.es/wp-content/uploads/page/julio-gonzalez/9854a64e-911f-4cd0-ac79-3b27aba65a74-1-416x704.jpg 416w, https://ivam.es/wp-content/uploads/page/julio-gonzalez/9854a64e-911f-4cd0-ac79-3b27aba65a74-1.jpg 837w" sizes="auto, (max-width: 605px) 100vw, 605px" /></a><figcaption class="wp-element-caption"><br>Femme au miroir (Mujer ante el espejo), 1936-37<br>Hierro forjado y soldado<br>203,8 x 60 x 46 cm</figcaption></figure>
</div>

<p> </p>
<p style="text-align: justify;"><strong>Julio González (Barcelona, 1876 &#8211; París, 1942)</strong></p>
<p style="text-align: justify;">La obra del escultor Julio González es un referente esencial en el periodo de las vanguardias artísticas europeas de entreguerras. Su compromiso con los nuevos valores del humanismo frente a las tendencias autoritarias sigue justificando que el IVAM dedique una de sus salas permanentes a sus logros constructivos. Supo poner su dominio técnico de la forja y la soldadura al servicio de una visión inédita de la forma que incorporaba las posibilidades expresivas del vacío. Su trabajo tridimensional, que definió como “dibujar en el espacio”, nunca abandonó su interés por la figura humana en toda su complejidad emotiva y existencial.</p>
<p style="text-align: justify;">En 1936 y 1937 asistimos a la culminación de las proclamas de la nueva sensibilidad moderna integrando los avances vanguardistas de las primeras décadas alrededor de los conceptos surrealistas y de la abstracción. La Exposición Universal y la muestra dedicada a los orígenes y desarrollo del arte internacional independiente, ambas celebradas en París en 1937, proporcionarán sendos escenarios privilegiados para mostrar el impacto social y la capacidad comunicativa de estas vías de modernización y progreso. Julio González participó en las dos manifestaciones. En primer lugar, pensó en exhibir su escultura de gran formato <em>Femme au miroir (Mujer ante el espejo)</em> en el pabellón español de la muestra universal. Sin embargo, las dudas del comité organizador lo convencieron para que la sustituyera por una obra de mayor dramatismo como la <em>Montserrat</em>. La fortuna crítica quiso que la escultura descartada para el pabellón acabara en el contexto más específicamente artístico centrado en el arte internacional independiente y donde se ofrecía el primer panorama sistemático de las tendencias artísticas del primer tercio del siglo pasado.</p>
<p style="text-align: justify;"><strong>Josep Salvador</strong><br /><strong>Conservador</strong></p>

<p>  Julio González (Barcelona, 1876 &#8211; París, 1942) La obra del escultor Julio González es un referente esencial en el periodo de las vanguardias artísticas europeas de entreguerras. Su compromiso con los nuevos valores del humanismo frente a las tendencias autoritarias sigue justificando que el IVAM dedique una de sus salas permanentes a sus logros [&hellip;]</p>

<!-- This site is optimized with the Yoast SEO plugin v26.0 - https://yoast.com/wordpress/plugins/seo/ -->
<title>JULIO GONZÁLEZ - IVAM</title>
<meta name="robots" content="index, follow, max-snippet:-1, max-image-preview:large, max-video-preview:-1" />
<link rel="canonical" href="https://ivam.es/es/julio-gonzalez/" />
<meta property="og:locale" content="es_ES" />
<meta property="og:type" content="article" />
<meta property="og:title" content="JULIO GONZÁLEZ - IVAM" />
<meta property="og:description" content="  Julio González (Barcelona, 1876 &#8211; París, 1942) La obra del escultor Julio González es un referente esencial en el periodo de las vanguardias artísticas europeas de entreguerras. Su compromiso con los nuevos valores del humanismo frente a las tendencias autoritarias sigue justificando que el IVAM dedique una de sus salas permanentes a sus logros [&hellip;]" />
<meta property="og:url" content="https://ivam.es/es/julio-gonzalez/" />
<meta property="og:site_name" content="IVAM" />
<meta property="article:modified_time" content="2026-01-07T09:32:48+00:00" />
<meta property="og:image" content="https://ivam.es/wp-content/uploads/page/julio-gonzalez/9854a64e-911f-4cd0-ac79-3b27aba65a74-1.jpg" />
	<meta property="og:image:width" content="837" />
	<meta property="og:image:height" content="1417" />
	<meta property="og:image:type" content="image/jpeg" />
<meta name="twitter:card" content="summary_large_image" />
<meta name="twitter:label1" content="Tiempo de lectura" />
	<meta name="twitter:data1" content="2 minutos" />
<script type="application/ld+json" class="yoast-schema-graph">{"@context":"https://schema.org","@graph":[{"@type":"WebPage","@id":"https://ivam.es/es/julio-gonzalez/","url":"https://ivam.es/es/julio-gonzalez/","name":"JULIO GONZÁLEZ - IVAM","isPartOf":{"@id":"https://ivam.es/es/#website"},"primaryImageOfPage":{"@id":"https://ivam.es/es/julio-gonzalez/#primaryimage"},"image":{"@id":"https://ivam.es/es/julio-gonzalez/#primaryimage"},"thumbnailUrl":"https://ivam.es/wp-content/uploads/page/julio-gonzalez/9854a64e-911f-4cd0-ac79-3b27aba65a74-1-605x1024.jpg","datePublished":"2020-04-06T13:04:51+00:00","dateModified":"2026-01-07T09:32:48+00:00","breadcrumb":{"@id":"https://ivam.es/es/julio-gonzalez/#breadcrumb"},"inLanguage":"es","potentialAction":[{"@type":"ReadAction","target":["https://ivam.es/es/julio-gonzalez/"]}]},{"@type":"ImageObject","inLanguage":"es","@id":"https://ivam.es/es/julio-gonzalez/#primaryimage","url":"https://ivam.es/wp-content/uploads/page/julio-gonzalez/9854a64e-911f-4cd0-ac79-3b27aba65a74-1-605x1024.jpg","contentUrl":"https://ivam.es/wp-content/uploads/page/julio-gonzalez/9854a64e-911f-4cd0-ac79-3b27aba65a74-1-605x1024.jpg"},{"@type":"BreadcrumbList","@id":"https://ivam.es/es/julio-gonzalez/#breadcrumb","itemListElement":[{"@type":"ListItem","position":1,"name":"Home","item":"https://ivam.es/es/"},{"@type":"ListItem","position":2,"name":"JULIO GONZÁLEZ"}]},{"@type":"WebSite","@id":"https://ivam.es/es/#website","url":"https://ivam.es/es/","name":"IVAM","description":"Institut Valencià d&#039;Art Modern","publisher":{"@id":"https://ivam.es/es/#organization"},"potentialAction":[{"@type":"SearchAction","target":{"@type":"EntryPoint","urlTemplate":"https://ivam.es/es/?s={search_term_string}"},"query-input":{"@type":"PropertyValueSpecification","valueRequired":true,"valueName":"search_term_string"}}],"inLanguage":"es"},{"@type":"Organization","@id":"https://ivam.es/es/#organization","name":"IVAM","url":"https://ivam.es/es/","logo":{"@type":"ImageObject","inLanguage":"es","@id":"https://ivam.es/es/#/schema/logo/image/","url":"https://ivam.es/wp-content/uploads/logo-ok-512.png","contentUrl":"https://ivam.es/wp-content/uploads/logo-ok-512.png","width":512,"height":512,"caption":"IVAM"},"image":{"@id":"https://ivam.es/es/#/schema/logo/image/"}}]}</script>
<!-- / Yoast SEO plugin. -->

JULIO GONZÁLEZ - IVAM

Julio González (Barcelona, 1876 &#8211; París, 1942) La obra del escultor Julio González es un referente esencial en el periodo de las vanguardias artísticas europeas de entreguerras. Su compromiso con los nuevos valores del humanismo frente a las tendencias autoritarias sigue justificando que el IVAM dedique una de sus salas permanentes a sus logros [&hellip;]

Institut Valencià d&#039;Art Modern
