{"id":39031,"date":"2018-10-17T12:46:58","date_gmt":"2018-10-17T10:46:58","guid":{"rendered":"\/?page_id=39031"},"modified":"2018-10-18T10:17:21","modified_gmt":"2018-10-18T08:17:21","slug":"carta-cafeteria","status":"publish","type":"page","link":"https:\/\/ivam.es\/es\/carta-cafeteria\/","title":{"rendered":"Carta Cafeter\u00eda"},"content":{"rendered":"<p><strong>desayuno<\/strong>;<br \/>\npieza de boller\u00eda del dia o coca casera del dia 1,75\u20ac<br \/>\npieza de boller\u00eda, zumo de naranja y caf\u00e9 4,00\u20ac<br \/>\n<strong>almuerzo Valenciano<\/strong>:<br \/>\ntostada de tomate o aceite con caf\u00e9 2,50\u20ac<br \/>\nTostada con bebida 3,50\u20ac<br \/>\nbocadillo , bebida y caf\u00e9 5,00\u20ac<br \/>\n<strong>huevos:<\/strong><br \/>\nhuevos fritos con jamon y patatas 4,50\u20ac<br \/>\ntortilla de patata con alioli 2,75\u20ac<br \/>\nrevuelto de salmon 4,50\u20ac<br \/>\n<strong>tostadas:<\/strong><br \/>\nsalm\u00f3n ahumado y aguacate 4,25\u20ac<br \/>\njam\u00f3n de cebo ib\u00e9rico y tomate del perell\u00f3 4,00\u20ac<br \/>\nat\u00fan de tronco con tomate confitado y olivas 3,75\u20ac<br \/>\nqueso fresco con anchoas y pi\u00f1ones 3,75\u20ac<br \/>\nvegetales bals\u00e1micos ,parmesano y pesto rojo 3,50\u20ac<br \/>\n<strong>bocadillos:<\/strong><br \/>\ntortilla de patata con ali-oli de ajo confitado 4,75\u20ac<br \/>\nlomo con mojo rojo y bacon a la plancha 4,25\u20ac<br \/>\nsobrasada, manzana asada, cebolla y r\u00facula 4,50\u20ac<br \/>\ncalamares en tempura con romescu 5,00 \u20ac<br \/>\nrevuelto con trigueros y ajetes tiernos 4,50\u20ac<\/p>\n<p><strong>Todos nuestros panes son de elaboraci\u00f3n propia *<br \/>\n<\/strong><\/p>\n<p><strong>Para picar<\/strong><br \/>\ntapa de jam\u00f3n de cebo ib\u00e9rico 7,50\u20ac<br \/>\ntapa de selecci\u00f3n de quesos espa\u00f1oles 6,00\u20ac<br \/>\nSardinillas en aceite con tomate bals\u00e1mico 4,50\u20ac<br \/>\nboqueron y anchoa con tostada de pan de ajo 5,50\u20ac<br \/>\ndegustaci\u00f3n de croqueta de jam\u00f3n y bacalao 4,50\u20ac<br \/>\ncalamares en fritura con romescu 6,00\u20ac<br \/>\nensaladilla marinera con sardina ahumada 5,50\u20ac<br \/>\nalcachofas crujientes con dips de queso ahumado 5,00\u20ac<br \/>\npatatas bravas con mayonesa y kimchi 4,50\u20ac<\/p>\n<p>primer Plato del dia 5,50\u20ac<br \/>\ncarne o pescado del menu a elegir 8,50\u20ac<br \/>\ncopa de helado de helados variados 3,50\u20ac<\/p>\n","protected":false},"excerpt":{"rendered":"<p>desayuno; pieza de boller\u00eda del dia o coca casera del dia 1,75\u20ac pieza de boller\u00eda, zumo de naranja y caf\u00e9 4,00\u20ac almuerzo Valenciano: tostada de tomate o aceite con caf\u00e9 2,50\u20ac Tostada con bebida 3,50\u20ac bocadillo , bebida y caf\u00e9 5,00\u20ac huevos: huevos fritos con jamon y patatas 4,50\u20ac tortilla de patata con alioli 2,75\u20ac [&hellip;]<\/p>\n","protected":false},"author":3,"featured_media":0,"parent":0,"menu_order":53,"comment_status":"closed","ping_status":"closed","template":"","meta":{"footnotes":""},"class_list":["post-39031","page","type-page","status-publish","hentry"],"yoast_head":"<!-- This site is optimized with the Yoast SEO plugin v26.0 - https:\/\/yoast.com\/wordpress\/plugins\/seo\/ -->\n<title>Carta Cafeter\u00eda - IVAM<\/title>\n<meta name=\"robots\" content=\"index, follow, max-snippet:-1, max-image-preview:large, max-video-preview:-1\" \/>\n<link rel=\"canonical\" href=\"https:\/\/ivam.es\/es\/carta-cafeteria\/\" \/>\n<meta property=\"og:locale\" content=\"es_ES\" \/>\n<meta property=\"og:type\" content=\"article\" \/>\n<meta property=\"og:title\" content=\"Carta Cafeter\u00eda - IVAM\" \/>\n<meta property=\"og:description\" content=\"desayuno; pieza de boller\u00eda del dia o coca casera del dia 1,75\u20ac pieza de boller\u00eda, zumo de naranja y caf\u00e9 4,00\u20ac almuerzo Valenciano: tostada de tomate o aceite con caf\u00e9 2,50\u20ac Tostada con bebida 3,50\u20ac bocadillo , bebida y caf\u00e9 5,00\u20ac huevos: huevos fritos con jamon y patatas 4,50\u20ac tortilla de patata con alioli 2,75\u20ac [&hellip;]\" \/>\n<meta property=\"og:url\" content=\"https:\/\/ivam.es\/es\/carta-cafeteria\/\" \/>\n<meta property=\"og:site_name\" content=\"IVAM\" \/>\n<meta property=\"article:modified_time\" content=\"2018-10-18T08:17:21+00:00\" \/>\n<meta name=\"twitter:card\" content=\"summary_large_image\" \/>\n<meta name=\"twitter:label1\" content=\"Tiempo de lectura\" \/>\n\t<meta name=\"twitter:data1\" content=\"1 minuto\" \/>\n<script type=\"application\/ld+json\" class=\"yoast-schema-graph\">{\"@context\":\"https:\/\/schema.org\",\"@graph\":[{\"@type\":\"WebPage\",\"@id\":\"https:\/\/ivam.es\/es\/carta-cafeteria\/\",\"url\":\"https:\/\/ivam.es\/es\/carta-cafeteria\/\",\"name\":\"Carta Cafeter\u00eda - IVAM\",\"isPartOf\":{\"@id\":\"https:\/\/ivam.es\/es\/#website\"},\"datePublished\":\"2018-10-17T10:46:58+00:00\",\"dateModified\":\"2018-10-18T08:17:21+00:00\",\"breadcrumb\":{\"@id\":\"https:\/\/ivam.es\/es\/carta-cafeteria\/#breadcrumb\"},\"inLanguage\":\"es\",\"potentialAction\":[{\"@type\":\"ReadAction\",\"target\":[\"https:\/\/ivam.es\/es\/carta-cafeteria\/\"]}]},{\"@type\":\"BreadcrumbList\",\"@id\":\"https:\/\/ivam.es\/es\/carta-cafeteria\/#breadcrumb\",\"itemListElement\":[{\"@type\":\"ListItem\",\"position\":1,\"name\":\"Home\",\"item\":\"https:\/\/ivam.es\/es\/\"},{\"@type\":\"ListItem\",\"position\":2,\"name\":\"Carta Cafeter\u00eda\"}]},{\"@type\":\"WebSite\",\"@id\":\"https:\/\/ivam.es\/es\/#website\",\"url\":\"https:\/\/ivam.es\/es\/\",\"name\":\"IVAM\",\"description\":\"Institut Valenci\u00e0 d&#039;Art Modern\",\"publisher\":{\"@id\":\"https:\/\/ivam.es\/es\/#organization\"},\"potentialAction\":[{\"@type\":\"SearchAction\",\"target\":{\"@type\":\"EntryPoint\",\"urlTemplate\":\"https:\/\/ivam.es\/es\/?s={search_term_string}\"},\"query-input\":{\"@type\":\"PropertyValueSpecification\",\"valueRequired\":true,\"valueName\":\"search_term_string\"}}],\"inLanguage\":\"es\"},{\"@type\":\"Organization\",\"@id\":\"https:\/\/ivam.es\/es\/#organization\",\"name\":\"IVAM\",\"url\":\"https:\/\/ivam.es\/es\/\",\"logo\":{\"@type\":\"ImageObject\",\"inLanguage\":\"es\",\"@id\":\"https:\/\/ivam.es\/es\/#\/schema\/logo\/image\/\",\"url\":\"https:\/\/ivam.es\/wp-content\/uploads\/logo-ok-512.png\",\"contentUrl\":\"https:\/\/ivam.es\/wp-content\/uploads\/logo-ok-512.png\",\"width\":512,\"height\":512,\"caption\":\"IVAM\"},\"image\":{\"@id\":\"https:\/\/ivam.es\/es\/#\/schema\/logo\/image\/\"}}]}<\/script>\n<!-- \/ Yoast SEO plugin. -->","yoast_head_json":{"title":"Carta Cafeter\u00eda - IVAM","robots":{"index":"index","follow":"follow","max-snippet":"max-snippet:-1","max-image-preview":"max-image-preview:large","max-video-preview":"max-video-preview:-1"},"canonical":"https:\/\/ivam.es\/es\/carta-cafeteria\/","og_locale":"es_ES","og_type":"article","og_title":"Carta Cafeter\u00eda - IVAM","og_description":"desayuno; pieza de boller\u00eda del dia o coca casera del dia 1,75\u20ac pieza de boller\u00eda, zumo de naranja y caf\u00e9 4,00\u20ac almuerzo Valenciano: tostada de tomate o aceite con caf\u00e9 2,50\u20ac Tostada con bebida 3,50\u20ac bocadillo , bebida y caf\u00e9 5,00\u20ac huevos: huevos fritos con jamon y patatas 4,50\u20ac tortilla de patata con alioli 2,75\u20ac [&hellip;]","og_url":"https:\/\/ivam.es\/es\/carta-cafeteria\/","og_site_name":"IVAM","article_modified_time":"2018-10-18T08:17:21+00:00","twitter_card":"summary_large_image","twitter_misc":{"Tiempo de lectura":"1 minuto"},"schema":{"@context":"https:\/\/schema.org","@graph":[{"@type":"WebPage","@id":"https:\/\/ivam.es\/es\/carta-cafeteria\/","url":"https:\/\/ivam.es\/es\/carta-cafeteria\/","name":"Carta Cafeter\u00eda - IVAM","isPartOf":{"@id":"https:\/\/ivam.es\/es\/#website"},"datePublished":"2018-10-17T10:46:58+00:00","dateModified":"2018-10-18T08:17:21+00:00","breadcrumb":{"@id":"https:\/\/ivam.es\/es\/carta-cafeteria\/#breadcrumb"},"inLanguage":"es","potentialAction":[{"@type":"ReadAction","target":["https:\/\/ivam.es\/es\/carta-cafeteria\/"]}]},{"@type":"BreadcrumbList","@id":"https:\/\/ivam.es\/es\/carta-cafeteria\/#breadcrumb","itemListElement":[{"@type":"ListItem","position":1,"name":"Home","item":"https:\/\/ivam.es\/es\/"},{"@type":"ListItem","position":2,"name":"Carta Cafeter\u00eda"}]},{"@type":"WebSite","@id":"https:\/\/ivam.es\/es\/#website","url":"https:\/\/ivam.es\/es\/","name":"IVAM","description":"Institut Valenci\u00e0 d&#039;Art Modern","publisher":{"@id":"https:\/\/ivam.es\/es\/#organization"},"potentialAction":[{"@type":"SearchAction","target":{"@type":"EntryPoint","urlTemplate":"https:\/\/ivam.es\/es\/?s={search_term_string}"},"query-input":{"@type":"PropertyValueSpecification","valueRequired":true,"valueName":"search_term_string"}}],"inLanguage":"es"},{"@type":"Organization","@id":"https:\/\/ivam.es\/es\/#organization","name":"IVAM","url":"https:\/\/ivam.es\/es\/","logo":{"@type":"ImageObject","inLanguage":"es","@id":"https:\/\/ivam.es\/es\/#\/schema\/logo\/image\/","url":"https:\/\/ivam.es\/wp-content\/uploads\/logo-ok-512.png","contentUrl":"https:\/\/ivam.es\/wp-content\/uploads\/logo-ok-512.png","width":512,"height":512,"caption":"IVAM"},"image":{"@id":"https:\/\/ivam.es\/es\/#\/schema\/logo\/image\/"}}]}},"_links":{"self":[{"href":"https:\/\/ivam.es\/es\/wp-json\/wp\/v2\/pages\/39031","targetHints":{"allow":["GET"]}}],"collection":[{"href":"https:\/\/ivam.es\/es\/wp-json\/wp\/v2\/pages"}],"about":[{"href":"https:\/\/ivam.es\/es\/wp-json\/wp\/v2\/types\/page"}],"author":[{"embeddable":true,"href":"https:\/\/ivam.es\/es\/wp-json\/wp\/v2\/users\/3"}],"replies":[{"embeddable":true,"href":"https:\/\/ivam.es\/es\/wp-json\/wp\/v2\/comments?post=39031"}],"version-history":[{"count":4,"href":"https:\/\/ivam.es\/es\/wp-json\/wp\/v2\/pages\/39031\/revisions"}],"predecessor-version":[{"id":39064,"href":"https:\/\/ivam.es\/es\/wp-json\/wp\/v2\/pages\/39031\/revisions\/39064"}],"wp:attachment":[{"href":"https:\/\/ivam.es\/es\/wp-json\/wp\/v2\/media?parent=39031"}],"curies":[{"name":"wp","href":"https:\/\/api.w.org\/{rel}","templated":true}]}}

Carta Cafetería

<p><strong>desayuno</strong>;<br />
pieza de bollería del dia o coca casera del dia 1,75€<br />
pieza de bollería, zumo de naranja y café 4,00€<br />
<strong>almuerzo Valenciano</strong>:<br />
tostada de tomate o aceite con café 2,50€<br />
Tostada con bebida 3,50€<br />
bocadillo , bebida y café 5,00€<br />
<strong>huevos:</strong><br />
huevos fritos con jamon y patatas 4,50€<br />
tortilla de patata con alioli 2,75€<br />
revuelto de salmon 4,50€<br />
<strong>tostadas:</strong><br />
salmón ahumado y aguacate 4,25€<br />
jamón de cebo ibérico y tomate del perelló 4,00€<br />
atún de tronco con tomate confitado y olivas 3,75€<br />
queso fresco con anchoas y piñones 3,75€<br />
vegetales balsámicos ,parmesano y pesto rojo 3,50€<br />
<strong>bocadillos:</strong><br />
tortilla de patata con ali-oli de ajo confitado 4,75€<br />
lomo con mojo rojo y bacon a la plancha 4,25€<br />
sobrasada, manzana asada, cebolla y rúcula 4,50€<br />
calamares en tempura con romescu 5,00 €<br />
revuelto con trigueros y ajetes tiernos 4,50€</p>
<p><strong>Todos nuestros panes son de elaboración propia *<br />
</strong></p>
<p><strong>Para picar</strong><br />
tapa de jamón de cebo ibérico 7,50€<br />
tapa de selección de quesos españoles 6,00€<br />
Sardinillas en aceite con tomate balsámico 4,50€<br />
boqueron y anchoa con tostada de pan de ajo 5,50€<br />
degustación de croqueta de jamón y bacalao 4,50€<br />
calamares en fritura con romescu 6,00€<br />
ensaladilla marinera con sardina ahumada 5,50€<br />
alcachofas crujientes con dips de queso ahumado 5,00€<br />
patatas bravas con mayonesa y kimchi 4,50€</p>
<p>primer Plato del dia 5,50€<br />
carne o pescado del menu a elegir 8,50€<br />
copa de helado de helados variados 3,50€</p>

<p>desayuno; pieza de bollería del dia o coca casera del dia 1,75€ pieza de bollería, zumo de naranja y café 4,00€ almuerzo Valenciano: tostada de tomate o aceite con café 2,50€ Tostada con bebida 3,50€ bocadillo , bebida y café 5,00€ huevos: huevos fritos con jamon y patatas 4,50€ tortilla de patata con alioli 2,75€ [&hellip;]</p>

<!-- This site is optimized with the Yoast SEO plugin v26.0 - https://yoast.com/wordpress/plugins/seo/ -->
<title>Carta Cafetería - IVAM</title>
<meta name="robots" content="index, follow, max-snippet:-1, max-image-preview:large, max-video-preview:-1" />
<link rel="canonical" href="https://ivam.es/es/carta-cafeteria/" />
<meta property="og:locale" content="es_ES" />
<meta property="og:type" content="article" />
<meta property="og:title" content="Carta Cafetería - IVAM" />
<meta property="og:description" content="desayuno; pieza de bollería del dia o coca casera del dia 1,75€ pieza de bollería, zumo de naranja y café 4,00€ almuerzo Valenciano: tostada de tomate o aceite con café 2,50€ Tostada con bebida 3,50€ bocadillo , bebida y café 5,00€ huevos: huevos fritos con jamon y patatas 4,50€ tortilla de patata con alioli 2,75€ [&hellip;]" />
<meta property="og:url" content="https://ivam.es/es/carta-cafeteria/" />
<meta property="og:site_name" content="IVAM" />
<meta property="article:modified_time" content="2018-10-18T08:17:21+00:00" />
<meta name="twitter:card" content="summary_large_image" />
<meta name="twitter:label1" content="Tiempo de lectura" />
	<meta name="twitter:data1" content="1 minuto" />
<script type="application/ld+json" class="yoast-schema-graph">{"@context":"https://schema.org","@graph":[{"@type":"WebPage","@id":"https://ivam.es/es/carta-cafeteria/","url":"https://ivam.es/es/carta-cafeteria/","name":"Carta Cafetería - IVAM","isPartOf":{"@id":"https://ivam.es/es/#website"},"datePublished":"2018-10-17T10:46:58+00:00","dateModified":"2018-10-18T08:17:21+00:00","breadcrumb":{"@id":"https://ivam.es/es/carta-cafeteria/#breadcrumb"},"inLanguage":"es","potentialAction":[{"@type":"ReadAction","target":["https://ivam.es/es/carta-cafeteria/"]}]},{"@type":"BreadcrumbList","@id":"https://ivam.es/es/carta-cafeteria/#breadcrumb","itemListElement":[{"@type":"ListItem","position":1,"name":"Home","item":"https://ivam.es/es/"},{"@type":"ListItem","position":2,"name":"Carta Cafetería"}]},{"@type":"WebSite","@id":"https://ivam.es/es/#website","url":"https://ivam.es/es/","name":"IVAM","description":"Institut Valencià d&#039;Art Modern","publisher":{"@id":"https://ivam.es/es/#organization"},"potentialAction":[{"@type":"SearchAction","target":{"@type":"EntryPoint","urlTemplate":"https://ivam.es/es/?s={search_term_string}"},"query-input":{"@type":"PropertyValueSpecification","valueRequired":true,"valueName":"search_term_string"}}],"inLanguage":"es"},{"@type":"Organization","@id":"https://ivam.es/es/#organization","name":"IVAM","url":"https://ivam.es/es/","logo":{"@type":"ImageObject","inLanguage":"es","@id":"https://ivam.es/es/#/schema/logo/image/","url":"https://ivam.es/wp-content/uploads/logo-ok-512.png","contentUrl":"https://ivam.es/wp-content/uploads/logo-ok-512.png","width":512,"height":512,"caption":"IVAM"},"image":{"@id":"https://ivam.es/es/#/schema/logo/image/"}}]}</script>
<!-- / Yoast SEO plugin. -->

Carta Cafetería - IVAM

desayuno; pieza de bollería del dia o coca casera del dia 1,75€ pieza de bollería, zumo de naranja y café 4,00€ almuerzo Valenciano: tostada de tomate o aceite con café 2,50€ Tostada con bebida 3,50€ bocadillo , bebida y café 5,00€ huevos: huevos fritos con jamon y patatas 4,50€ tortilla de patata con alioli 2,75€ [&hellip;]

Institut Valencià d&#039;Art Modern
