{"id":35408,"date":"2017-12-15T11:12:50","date_gmt":"2017-12-15T09:12:50","guid":{"rendered":"\/?page_id=35408"},"modified":"2017-12-15T11:58:24","modified_gmt":"2017-12-15T09:58:24","slug":"promocion","status":"publish","type":"page","link":"https:\/\/ivam.es\/es\/promocion\/","title":{"rendered":"Promoci\u00f3n"},"content":{"rendered":"<p class=\"wpcf7-contact-form-not-found\"><strong>Error:<\/strong> Formulario de contacto no encontrado.<\/p>\n<p><strong>PROTECCI\u00d3N DE DATOS<\/strong><\/p>\n<p>El IVAM le informa de que, de acuerdo con la Ley Org\u00e1nica 15\/1999, de 13 de diciembre de Protecci\u00f3n de Datos de Car\u00e1cter Personal, los datos facilitados mediante el presente formulario ser\u00e1n incorporados a un fichero automatizado del que este Instituto es responsable con la finalidad de gestionar su solicitud, proceder a la emisi\u00f3n de su documentaci\u00f3n acreditativa de socio y enviarle la informaci\u00f3n relacionada con el Museo y las ventajas de ser Amigo del IVAM. Sus datos no ser\u00e1n cedidos sin su previo consentimiento. Asimismo le informamos que tiene derecho a acceder a sus datos, rectificarlos, cancelarlos y oponerse a su tratamiento, mediante escrito dirigido a la siguiente direcci\u00f3n de correo electr\u00f3nico: ivam@ivam.es.<\/p>\n<p>\u00a9 <strong>IVAM Institut Valenci\u00e0 d&#8217;Art Modern. Generalitat.<\/strong><br \/>\nGuillem de Castro, 118 &#8211; 46003 VALENCIA<br \/>\nTel. 96 317 66 00 &#8211; Fax 96 317 66 03 E-mail: <a href=\"mailto:amicsdelivam@ivam.es\">amicsdelivam@ivam.es<\/a><\/p>\n","protected":false},"excerpt":{"rendered":"<p>PROTECCI\u00d3N DE DATOS El IVAM le informa de que, de acuerdo con la Ley Org\u00e1nica 15\/1999, de 13 de diciembre de Protecci\u00f3n de Datos de Car\u00e1cter Personal, los datos facilitados mediante el presente formulario ser\u00e1n incorporados a un fichero automatizado del que este Instituto es responsable con la finalidad de gestionar su solicitud, proceder a [&hellip;]<\/p>\n","protected":false},"author":3,"featured_media":0,"parent":0,"menu_order":59,"comment_status":"closed","ping_status":"closed","template":"","meta":{"footnotes":""},"class_list":["post-35408","page","type-page","status-publish","hentry"],"yoast_head":"<!-- This site is optimized with the Yoast SEO plugin v26.0 - https:\/\/yoast.com\/wordpress\/plugins\/seo\/ -->\n<title>Promoci\u00f3n - IVAM<\/title>\n<meta name=\"robots\" content=\"index, follow, max-snippet:-1, max-image-preview:large, max-video-preview:-1\" \/>\n<link rel=\"canonical\" href=\"https:\/\/ivam.es\/es\/promocion\/\" \/>\n<meta property=\"og:locale\" content=\"es_ES\" \/>\n<meta property=\"og:type\" content=\"article\" \/>\n<meta property=\"og:title\" content=\"Promoci\u00f3n - IVAM\" \/>\n<meta property=\"og:description\" content=\"PROTECCI\u00d3N DE DATOS El IVAM le informa de que, de acuerdo con la Ley Org\u00e1nica 15\/1999, de 13 de diciembre de Protecci\u00f3n de Datos de Car\u00e1cter Personal, los datos facilitados mediante el presente formulario ser\u00e1n incorporados a un fichero automatizado del que este Instituto es responsable con la finalidad de gestionar su solicitud, proceder a [&hellip;]\" \/>\n<meta property=\"og:url\" content=\"https:\/\/ivam.es\/es\/promocion\/\" \/>\n<meta property=\"og:site_name\" content=\"IVAM\" \/>\n<meta property=\"article:modified_time\" content=\"2017-12-15T09:58:24+00:00\" \/>\n<meta name=\"twitter:card\" content=\"summary_large_image\" \/>\n<meta name=\"twitter:label1\" content=\"Tiempo de lectura\" \/>\n\t<meta name=\"twitter:data1\" content=\"1 minuto\" \/>\n<script type=\"application\/ld+json\" class=\"yoast-schema-graph\">{\"@context\":\"https:\/\/schema.org\",\"@graph\":[{\"@type\":\"WebPage\",\"@id\":\"https:\/\/ivam.es\/es\/promocion\/\",\"url\":\"https:\/\/ivam.es\/es\/promocion\/\",\"name\":\"Promoci\u00f3n - IVAM\",\"isPartOf\":{\"@id\":\"https:\/\/ivam.es\/es\/#website\"},\"datePublished\":\"2017-12-15T09:12:50+00:00\",\"dateModified\":\"2017-12-15T09:58:24+00:00\",\"breadcrumb\":{\"@id\":\"https:\/\/ivam.es\/es\/promocion\/#breadcrumb\"},\"inLanguage\":\"es\",\"potentialAction\":[{\"@type\":\"ReadAction\",\"target\":[\"https:\/\/ivam.es\/es\/promocion\/\"]}]},{\"@type\":\"BreadcrumbList\",\"@id\":\"https:\/\/ivam.es\/es\/promocion\/#breadcrumb\",\"itemListElement\":[{\"@type\":\"ListItem\",\"position\":1,\"name\":\"Home\",\"item\":\"https:\/\/ivam.es\/es\/\"},{\"@type\":\"ListItem\",\"position\":2,\"name\":\"Promoci\u00f3n\"}]},{\"@type\":\"WebSite\",\"@id\":\"https:\/\/ivam.es\/es\/#website\",\"url\":\"https:\/\/ivam.es\/es\/\",\"name\":\"IVAM\",\"description\":\"Institut Valenci\u00e0 d&#039;Art Modern\",\"publisher\":{\"@id\":\"https:\/\/ivam.es\/es\/#organization\"},\"potentialAction\":[{\"@type\":\"SearchAction\",\"target\":{\"@type\":\"EntryPoint\",\"urlTemplate\":\"https:\/\/ivam.es\/es\/?s={search_term_string}\"},\"query-input\":{\"@type\":\"PropertyValueSpecification\",\"valueRequired\":true,\"valueName\":\"search_term_string\"}}],\"inLanguage\":\"es\"},{\"@type\":\"Organization\",\"@id\":\"https:\/\/ivam.es\/es\/#organization\",\"name\":\"IVAM\",\"url\":\"https:\/\/ivam.es\/es\/\",\"logo\":{\"@type\":\"ImageObject\",\"inLanguage\":\"es\",\"@id\":\"https:\/\/ivam.es\/es\/#\/schema\/logo\/image\/\",\"url\":\"https:\/\/ivam.es\/wp-content\/uploads\/logo-ok-512.png\",\"contentUrl\":\"https:\/\/ivam.es\/wp-content\/uploads\/logo-ok-512.png\",\"width\":512,\"height\":512,\"caption\":\"IVAM\"},\"image\":{\"@id\":\"https:\/\/ivam.es\/es\/#\/schema\/logo\/image\/\"}}]}<\/script>\n<!-- \/ Yoast SEO plugin. -->","yoast_head_json":{"title":"Promoci\u00f3n - IVAM","robots":{"index":"index","follow":"follow","max-snippet":"max-snippet:-1","max-image-preview":"max-image-preview:large","max-video-preview":"max-video-preview:-1"},"canonical":"https:\/\/ivam.es\/es\/promocion\/","og_locale":"es_ES","og_type":"article","og_title":"Promoci\u00f3n - IVAM","og_description":"PROTECCI\u00d3N DE DATOS El IVAM le informa de que, de acuerdo con la Ley Org\u00e1nica 15\/1999, de 13 de diciembre de Protecci\u00f3n de Datos de Car\u00e1cter Personal, los datos facilitados mediante el presente formulario ser\u00e1n incorporados a un fichero automatizado del que este Instituto es responsable con la finalidad de gestionar su solicitud, proceder a [&hellip;]","og_url":"https:\/\/ivam.es\/es\/promocion\/","og_site_name":"IVAM","article_modified_time":"2017-12-15T09:58:24+00:00","twitter_card":"summary_large_image","twitter_misc":{"Tiempo de lectura":"1 minuto"},"schema":{"@context":"https:\/\/schema.org","@graph":[{"@type":"WebPage","@id":"https:\/\/ivam.es\/es\/promocion\/","url":"https:\/\/ivam.es\/es\/promocion\/","name":"Promoci\u00f3n - IVAM","isPartOf":{"@id":"https:\/\/ivam.es\/es\/#website"},"datePublished":"2017-12-15T09:12:50+00:00","dateModified":"2017-12-15T09:58:24+00:00","breadcrumb":{"@id":"https:\/\/ivam.es\/es\/promocion\/#breadcrumb"},"inLanguage":"es","potentialAction":[{"@type":"ReadAction","target":["https:\/\/ivam.es\/es\/promocion\/"]}]},{"@type":"BreadcrumbList","@id":"https:\/\/ivam.es\/es\/promocion\/#breadcrumb","itemListElement":[{"@type":"ListItem","position":1,"name":"Home","item":"https:\/\/ivam.es\/es\/"},{"@type":"ListItem","position":2,"name":"Promoci\u00f3n"}]},{"@type":"WebSite","@id":"https:\/\/ivam.es\/es\/#website","url":"https:\/\/ivam.es\/es\/","name":"IVAM","description":"Institut Valenci\u00e0 d&#039;Art Modern","publisher":{"@id":"https:\/\/ivam.es\/es\/#organization"},"potentialAction":[{"@type":"SearchAction","target":{"@type":"EntryPoint","urlTemplate":"https:\/\/ivam.es\/es\/?s={search_term_string}"},"query-input":{"@type":"PropertyValueSpecification","valueRequired":true,"valueName":"search_term_string"}}],"inLanguage":"es"},{"@type":"Organization","@id":"https:\/\/ivam.es\/es\/#organization","name":"IVAM","url":"https:\/\/ivam.es\/es\/","logo":{"@type":"ImageObject","inLanguage":"es","@id":"https:\/\/ivam.es\/es\/#\/schema\/logo\/image\/","url":"https:\/\/ivam.es\/wp-content\/uploads\/logo-ok-512.png","contentUrl":"https:\/\/ivam.es\/wp-content\/uploads\/logo-ok-512.png","width":512,"height":512,"caption":"IVAM"},"image":{"@id":"https:\/\/ivam.es\/es\/#\/schema\/logo\/image\/"}}]}},"_links":{"self":[{"href":"https:\/\/ivam.es\/es\/wp-json\/wp\/v2\/pages\/35408","targetHints":{"allow":["GET"]}}],"collection":[{"href":"https:\/\/ivam.es\/es\/wp-json\/wp\/v2\/pages"}],"about":[{"href":"https:\/\/ivam.es\/es\/wp-json\/wp\/v2\/types\/page"}],"author":[{"embeddable":true,"href":"https:\/\/ivam.es\/es\/wp-json\/wp\/v2\/users\/3"}],"replies":[{"embeddable":true,"href":"https:\/\/ivam.es\/es\/wp-json\/wp\/v2\/comments?post=35408"}],"version-history":[{"count":3,"href":"https:\/\/ivam.es\/es\/wp-json\/wp\/v2\/pages\/35408\/revisions"}],"predecessor-version":[{"id":35411,"href":"https:\/\/ivam.es\/es\/wp-json\/wp\/v2\/pages\/35408\/revisions\/35411"}],"wp:attachment":[{"href":"https:\/\/ivam.es\/es\/wp-json\/wp\/v2\/media?parent=35408"}],"curies":[{"name":"wp","href":"https:\/\/api.w.org\/{rel}","templated":true}]}}

Promoción

<p class="wpcf7-contact-form-not-found"><strong>Error:</strong> Formulario de contacto no encontrado.</p>
<p><strong>PROTECCIÓN DE DATOS</strong></p>
<p>El IVAM le informa de que, de acuerdo con la Ley Orgánica 15/1999, de 13 de diciembre de Protección de Datos de Carácter Personal, los datos facilitados mediante el presente formulario serán incorporados a un fichero automatizado del que este Instituto es responsable con la finalidad de gestionar su solicitud, proceder a la emisión de su documentación acreditativa de socio y enviarle la información relacionada con el Museo y las ventajas de ser Amigo del IVAM. Sus datos no serán cedidos sin su previo consentimiento. Asimismo le informamos que tiene derecho a acceder a sus datos, rectificarlos, cancelarlos y oponerse a su tratamiento, mediante escrito dirigido a la siguiente dirección de correo electrónico: ivam@ivam.es.</p>
<p>© <strong>IVAM Institut Valencià d&#8217;Art Modern. Generalitat.</strong><br />
Guillem de Castro, 118 &#8211; 46003 VALENCIA<br />
Tel. 96 317 66 00 &#8211; Fax 96 317 66 03 E-mail: <a href="mailto:amicsdelivam@ivam.es">amicsdelivam@ivam.es</a></p>

<p>PROTECCIÓN DE DATOS El IVAM le informa de que, de acuerdo con la Ley Orgánica 15/1999, de 13 de diciembre de Protección de Datos de Carácter Personal, los datos facilitados mediante el presente formulario serán incorporados a un fichero automatizado del que este Instituto es responsable con la finalidad de gestionar su solicitud, proceder a [&hellip;]</p>

<!-- This site is optimized with the Yoast SEO plugin v26.0 - https://yoast.com/wordpress/plugins/seo/ -->
<title>Promoción - IVAM</title>
<meta name="robots" content="index, follow, max-snippet:-1, max-image-preview:large, max-video-preview:-1" />
<link rel="canonical" href="https://ivam.es/es/promocion/" />
<meta property="og:locale" content="es_ES" />
<meta property="og:type" content="article" />
<meta property="og:title" content="Promoción - IVAM" />
<meta property="og:description" content="PROTECCIÓN DE DATOS El IVAM le informa de que, de acuerdo con la Ley Orgánica 15/1999, de 13 de diciembre de Protección de Datos de Carácter Personal, los datos facilitados mediante el presente formulario serán incorporados a un fichero automatizado del que este Instituto es responsable con la finalidad de gestionar su solicitud, proceder a [&hellip;]" />
<meta property="og:url" content="https://ivam.es/es/promocion/" />
<meta property="og:site_name" content="IVAM" />
<meta property="article:modified_time" content="2017-12-15T09:58:24+00:00" />
<meta name="twitter:card" content="summary_large_image" />
<meta name="twitter:label1" content="Tiempo de lectura" />
	<meta name="twitter:data1" content="1 minuto" />
<script type="application/ld+json" class="yoast-schema-graph">{"@context":"https://schema.org","@graph":[{"@type":"WebPage","@id":"https://ivam.es/es/promocion/","url":"https://ivam.es/es/promocion/","name":"Promoción - IVAM","isPartOf":{"@id":"https://ivam.es/es/#website"},"datePublished":"2017-12-15T09:12:50+00:00","dateModified":"2017-12-15T09:58:24+00:00","breadcrumb":{"@id":"https://ivam.es/es/promocion/#breadcrumb"},"inLanguage":"es","potentialAction":[{"@type":"ReadAction","target":["https://ivam.es/es/promocion/"]}]},{"@type":"BreadcrumbList","@id":"https://ivam.es/es/promocion/#breadcrumb","itemListElement":[{"@type":"ListItem","position":1,"name":"Home","item":"https://ivam.es/es/"},{"@type":"ListItem","position":2,"name":"Promoción"}]},{"@type":"WebSite","@id":"https://ivam.es/es/#website","url":"https://ivam.es/es/","name":"IVAM","description":"Institut Valencià d&#039;Art Modern","publisher":{"@id":"https://ivam.es/es/#organization"},"potentialAction":[{"@type":"SearchAction","target":{"@type":"EntryPoint","urlTemplate":"https://ivam.es/es/?s={search_term_string}"},"query-input":{"@type":"PropertyValueSpecification","valueRequired":true,"valueName":"search_term_string"}}],"inLanguage":"es"},{"@type":"Organization","@id":"https://ivam.es/es/#organization","name":"IVAM","url":"https://ivam.es/es/","logo":{"@type":"ImageObject","inLanguage":"es","@id":"https://ivam.es/es/#/schema/logo/image/","url":"https://ivam.es/wp-content/uploads/logo-ok-512.png","contentUrl":"https://ivam.es/wp-content/uploads/logo-ok-512.png","width":512,"height":512,"caption":"IVAM"},"image":{"@id":"https://ivam.es/es/#/schema/logo/image/"}}]}</script>
<!-- / Yoast SEO plugin. -->

Promoción - IVAM

PROTECCIÓN DE DATOS El IVAM le informa de que, de acuerdo con la Ley Orgánica 15/1999, de 13 de diciembre de Protección de Datos de Carácter Personal, los datos facilitados mediante el presente formulario serán incorporados a un fichero automatizado del que este Instituto es responsable con la finalidad de gestionar su solicitud, proceder a [&hellip;]

Institut Valencià d&#039;Art Modern
