{"version":"1.0","provider_name":"IVAM","provider_url":"https:\/\/ivam.es\/es\/","title":"N\u00faria Gregori. El temps de les arts - IVAM","type":"rich","width":600,"height":338,"html":"<blockquote class=\"wp-embedded-content\" data-secret=\"JdRMwcIdS3\"><a href=\"https:\/\/ivam.es\/es\/nuria-gregori-el-temps-de-les-arts\/\">N\u00faria Gregori. El temps de les arts<\/a><\/blockquote><iframe sandbox=\"allow-scripts\" security=\"restricted\" src=\"https:\/\/ivam.es\/es\/nuria-gregori-el-temps-de-les-arts\/embed\/#?secret=JdRMwcIdS3\" width=\"600\" height=\"338\" title=\"\u00abN\u00faria Gregori. El temps de les arts\u00bb \u2014 IVAM\" data-secret=\"JdRMwcIdS3\" frameborder=\"0\" marginwidth=\"0\" marginheight=\"0\" scrolling=\"no\" class=\"wp-embedded-content\"><\/iframe><script>\n\/*! This file is auto-generated *\/\n!function(d,l){\"use strict\";l.querySelector&&d.addEventListener&&\"undefined\"!=typeof URL&&(d.wp=d.wp||{},d.wp.receiveEmbedMessage||(d.wp.receiveEmbedMessage=function(e){var t=e.data;if((t||t.secret||t.message||t.value)&&!\/[^a-zA-Z0-9]\/.test(t.secret)){for(var s,r,n,a=l.querySelectorAll('iframe[data-secret=\"'+t.secret+'\"]'),o=l.querySelectorAll('blockquote[data-secret=\"'+t.secret+'\"]'),c=new RegExp(\"^https?:$\",\"i\"),i=0;i<o.length;i++)o[i].style.display=\"none\";for(i=0;i<a.length;i++)s=a[i],e.source===s.contentWindow&&(s.removeAttribute(\"style\"),\"height\"===t.message?(1e3<(r=parseInt(t.value,10))?r=1e3:~~r<200&&(r=200),s.height=r):\"link\"===t.message&&(r=new URL(s.getAttribute(\"src\")),n=new URL(t.value),c.test(n.protocol))&&n.host===r.host&&l.activeElement===s&&(d.top.location.href=t.value))}},d.addEventListener(\"message\",d.wp.receiveEmbedMessage,!1),l.addEventListener(\"DOMContentLoaded\",function(){for(var e,t,s=l.querySelectorAll(\"iframe.wp-embedded-content\"),r=0;r<s.length;r++)(t=(e=s[r]).getAttribute(\"data-secret\"))||(t=Math.random().toString(36).substring(2,12),e.src+=\"#?secret=\"+t,e.setAttribute(\"data-secret\",t)),e.contentWindow.postMessage({message:\"ready\",secret:t},\"*\")},!1)))}(window,document);\n\/\/# sourceURL=https:\/\/ivam.es\/wp-includes\/js\/wp-embed.min.js\n<\/script>\n","description":"&nbsp; Zineb Sedira Galer\u00eda 7. IVAM. 2019 Son los barcos astillados y suspendidos en metacrilato de Zineb Sedira los que me vienen a la memoria estos d\u00edas. Una exposici\u00f3n que se clausur\u00f3 en el IVAM hace pocos meses, con la que la artista francesa, hija de emigrantes magreb\u00edes, nos mostraba una serie de obres po\u00e9ticas [&hellip;]"}

Núria Gregori. El temps de les arts - IVAM

<blockquote class="wp-embedded-content" data-secret="JdRMwcIdS3"><a href="https://ivam.es/es/nuria-gregori-el-temps-de-les-arts/">Núria Gregori. El temps de les arts</a></blockquote><iframe sandbox="allow-scripts" security="restricted" src="https://ivam.es/es/nuria-gregori-el-temps-de-les-arts/embed/#?secret=JdRMwcIdS3" width="600" height="338" title="«Núria Gregori. El temps de les arts» — IVAM" data-secret="JdRMwcIdS3" frameborder="0" marginwidth="0" marginheight="0" scrolling="no" class="wp-embedded-content"></iframe><script>
/*! This file is auto-generated */
!function(d,l){"use strict";l.querySelector&&d.addEventListener&&"undefined"!=typeof URL&&(d.wp=d.wp||{},d.wp.receiveEmbedMessage||(d.wp.receiveEmbedMessage=function(e){var t=e.data;if((t||t.secret||t.message||t.value)&&!/[^a-zA-Z0-9]/.test(t.secret)){for(var s,r,n,a=l.querySelectorAll('iframe[data-secret="'+t.secret+'"]'),o=l.querySelectorAll('blockquote[data-secret="'+t.secret+'"]'),c=new RegExp("^https?:$","i"),i=0;i<o.length;i++)o[i].style.display="none";for(i=0;i<a.length;i++)s=a[i],e.source===s.contentWindow&&(s.removeAttribute("style"),"height"===t.message?(1e3<(r=parseInt(t.value,10))?r=1e3:~~r<200&&(r=200),s.height=r):"link"===t.message&&(r=new URL(s.getAttribute("src")),n=new URL(t.value),c.test(n.protocol))&&n.host===r.host&&l.activeElement===s&&(d.top.location.href=t.value))}},d.addEventListener("message",d.wp.receiveEmbedMessage,!1),l.addEventListener("DOMContentLoaded",function(){for(var e,t,s=l.querySelectorAll("iframe.wp-embedded-content"),r=0;r<s.length;r++)(t=(e=s[r]).getAttribute("data-secret"))||(t=Math.random().toString(36).substring(2,12),e.src+="#?secret="+t,e.setAttribute("data-secret",t)),e.contentWindow.postMessage({message:"ready",secret:t},"*")},!1)))}(window,document);
//# sourceURL=https://ivam.es/wp-includes/js/wp-embed.min.js
</script>

&nbsp; Zineb Sedira Galería 7. IVAM. 2019 Son los barcos astillados y suspendidos en metacrilato de Zineb Sedira los que me vienen a la memoria estos días. Una exposición que se clausuró en el IVAM hace pocos meses, con la que la artista francesa, hija de emigrantes magrebíes, nos mostraba una serie de obres poéticas [&hellip;]
