{"version":"1.0","provider_name":"IVAM","provider_url":"https:\/\/ivam.es\/es\/","title":"Exposiciones | Susana Solano. Acta - IVAM","type":"rich","width":600,"height":338,"html":"<blockquote class=\"wp-embedded-content\" data-secret=\"Cs04jzP39O\"><a href=\"https:\/\/ivam.es\/es\/multimedia\/exposiciones-susana-solano-acta\/\">Exposiciones | Susana Solano. Acta<\/a><\/blockquote><iframe sandbox=\"allow-scripts\" security=\"restricted\" src=\"https:\/\/ivam.es\/es\/multimedia\/exposiciones-susana-solano-acta\/embed\/#?secret=Cs04jzP39O\" width=\"600\" height=\"338\" title=\"\u00abExposiciones | Susana Solano. Acta\u00bb \u2014 IVAM\" data-secret=\"Cs04jzP39O\" frameborder=\"0\" marginwidth=\"0\" marginheight=\"0\" scrolling=\"no\" class=\"wp-embedded-content\"><\/iframe><script>\n\/*! This file is auto-generated *\/\n!function(d,l){\"use strict\";l.querySelector&&d.addEventListener&&\"undefined\"!=typeof URL&&(d.wp=d.wp||{},d.wp.receiveEmbedMessage||(d.wp.receiveEmbedMessage=function(e){var t=e.data;if((t||t.secret||t.message||t.value)&&!\/[^a-zA-Z0-9]\/.test(t.secret)){for(var s,r,n,a=l.querySelectorAll('iframe[data-secret=\"'+t.secret+'\"]'),o=l.querySelectorAll('blockquote[data-secret=\"'+t.secret+'\"]'),c=new RegExp(\"^https?:$\",\"i\"),i=0;i<o.length;i++)o[i].style.display=\"none\";for(i=0;i<a.length;i++)s=a[i],e.source===s.contentWindow&&(s.removeAttribute(\"style\"),\"height\"===t.message?(1e3<(r=parseInt(t.value,10))?r=1e3:~~r<200&&(r=200),s.height=r):\"link\"===t.message&&(r=new URL(s.getAttribute(\"src\")),n=new URL(t.value),c.test(n.protocol))&&n.host===r.host&&l.activeElement===s&&(d.top.location.href=t.value))}},d.addEventListener(\"message\",d.wp.receiveEmbedMessage,!1),l.addEventListener(\"DOMContentLoaded\",function(){for(var e,t,s=l.querySelectorAll(\"iframe.wp-embedded-content\"),r=0;r<s.length;r++)(t=(e=s[r]).getAttribute(\"data-secret\"))||(t=Math.random().toString(36).substring(2,12),e.src+=\"#?secret=\"+t,e.setAttribute(\"data-secret\",t)),e.contentWindow.postMessage({message:\"ready\",secret:t},\"*\")},!1)))}(window,document);\n\/\/# sourceURL=https:\/\/ivam.es\/wp-includes\/js\/wp-embed.min.js\n<\/script>\n","description":"Esta exposici\u00f3n retrospectiva titulada \u2018Susana Solano. Acta\u2019 traza un recorrido por la obra de Susana Solano a trav\u00e9s de dibujos, v\u00eddeos, esculturas y maquetas de esta artista singular que en 1888 fue galardonada con el Premio Nacional de Artes Pl\u00e1sticas. Algunos de los trabajos que se muestran es la primera vez que salen de su [&hellip;]"}

Esta exposición retrospectiva titulada ‘Susana Solano. Acta’ traza un recorrido por la obra de Susana Solano a través de dibujos, vídeos, esculturas y maquetas de esta artista singular que en 1888 fue galardonada con el Premio Nacional de Artes Plásticas. Algunos de los trabajos que se muestran es la primera vez que salen de su [&hellip;]
