{"version":"1.0","provider_name":"IVAM","provider_url":"https:\/\/ivam.es\/es\/","title":"Arte holand\u00e9s de entreguerras - IVAM","type":"rich","width":600,"height":338,"html":"<blockquote class=\"wp-embedded-content\" data-secret=\"sFv4hxabz3\"><a href=\"https:\/\/ivam.es\/es\/exposiciones\/reinventando-la-representacion-arte-holandes-de-entreguerras\/\">Arte holand\u00e9s de entreguerras<\/a><\/blockquote><iframe sandbox=\"allow-scripts\" security=\"restricted\" src=\"https:\/\/ivam.es\/es\/exposiciones\/reinventando-la-representacion-arte-holandes-de-entreguerras\/embed\/#?secret=sFv4hxabz3\" width=\"600\" height=\"338\" title=\"\u00abArte holand\u00e9s de entreguerras\u00bb \u2014 IVAM\" data-secret=\"sFv4hxabz3\" frameborder=\"0\" marginwidth=\"0\" marginheight=\"0\" scrolling=\"no\" class=\"wp-embedded-content\"><\/iframe><script>\n\/*! This file is auto-generated *\/\n!function(d,l){\"use strict\";l.querySelector&&d.addEventListener&&\"undefined\"!=typeof URL&&(d.wp=d.wp||{},d.wp.receiveEmbedMessage||(d.wp.receiveEmbedMessage=function(e){var t=e.data;if((t||t.secret||t.message||t.value)&&!\/[^a-zA-Z0-9]\/.test(t.secret)){for(var s,r,n,a=l.querySelectorAll('iframe[data-secret=\"'+t.secret+'\"]'),o=l.querySelectorAll('blockquote[data-secret=\"'+t.secret+'\"]'),c=new RegExp(\"^https?:$\",\"i\"),i=0;i<o.length;i++)o[i].style.display=\"none\";for(i=0;i<a.length;i++)s=a[i],e.source===s.contentWindow&&(s.removeAttribute(\"style\"),\"height\"===t.message?(1e3<(r=parseInt(t.value,10))?r=1e3:~~r<200&&(r=200),s.height=r):\"link\"===t.message&&(r=new URL(s.getAttribute(\"src\")),n=new URL(t.value),c.test(n.protocol))&&n.host===r.host&&l.activeElement===s&&(d.top.location.href=t.value))}},d.addEventListener(\"message\",d.wp.receiveEmbedMessage,!1),l.addEventListener(\"DOMContentLoaded\",function(){for(var e,t,s=l.querySelectorAll(\"iframe.wp-embedded-content\"),r=0;r<s.length;r++)(t=(e=s[r]).getAttribute(\"data-secret\"))||(t=Math.random().toString(36).substring(2,12),e.src+=\"#?secret=\"+t,e.setAttribute(\"data-secret\",t)),e.contentWindow.postMessage({message:\"ready\",secret:t},\"*\")},!1)))}(window,document);\n\/\/# sourceURL=https:\/\/ivam.es\/wp-includes\/js\/wp-embed.min.js\n<\/script>\n","description":"De manera excepcional y por primera vez en Espa\u00f1a se exhibe un importante conjunto de obras de este crucial per\u00edodo creativo del arte holand\u00e9s, cedidas por el Kunstmuseum Den Haag (La Haya, Pa\u00edses Bajos) que anteriormente cont\u00f3 con el apoyo de la colecci\u00f3n del IVAM en la muestra dedicada a Julio Gonz\u00e1lez 2017. Este nuevo [&hellip;]"}

Arte holandés de entreguerras - IVAM

<blockquote class="wp-embedded-content" data-secret="sFv4hxabz3"><a href="https://ivam.es/es/exposiciones/reinventando-la-representacion-arte-holandes-de-entreguerras/">Arte holandés de entreguerras</a></blockquote><iframe sandbox="allow-scripts" security="restricted" src="https://ivam.es/es/exposiciones/reinventando-la-representacion-arte-holandes-de-entreguerras/embed/#?secret=sFv4hxabz3" width="600" height="338" title="«Arte holandés de entreguerras» — IVAM" data-secret="sFv4hxabz3" frameborder="0" marginwidth="0" marginheight="0" scrolling="no" class="wp-embedded-content"></iframe><script>
/*! This file is auto-generated */
!function(d,l){"use strict";l.querySelector&&d.addEventListener&&"undefined"!=typeof URL&&(d.wp=d.wp||{},d.wp.receiveEmbedMessage||(d.wp.receiveEmbedMessage=function(e){var t=e.data;if((t||t.secret||t.message||t.value)&&!/[^a-zA-Z0-9]/.test(t.secret)){for(var s,r,n,a=l.querySelectorAll('iframe[data-secret="'+t.secret+'"]'),o=l.querySelectorAll('blockquote[data-secret="'+t.secret+'"]'),c=new RegExp("^https?:$","i"),i=0;i<o.length;i++)o[i].style.display="none";for(i=0;i<a.length;i++)s=a[i],e.source===s.contentWindow&&(s.removeAttribute("style"),"height"===t.message?(1e3<(r=parseInt(t.value,10))?r=1e3:~~r<200&&(r=200),s.height=r):"link"===t.message&&(r=new URL(s.getAttribute("src")),n=new URL(t.value),c.test(n.protocol))&&n.host===r.host&&l.activeElement===s&&(d.top.location.href=t.value))}},d.addEventListener("message",d.wp.receiveEmbedMessage,!1),l.addEventListener("DOMContentLoaded",function(){for(var e,t,s=l.querySelectorAll("iframe.wp-embedded-content"),r=0;r<s.length;r++)(t=(e=s[r]).getAttribute("data-secret"))||(t=Math.random().toString(36).substring(2,12),e.src+="#?secret="+t,e.setAttribute("data-secret",t)),e.contentWindow.postMessage({message:"ready",secret:t},"*")},!1)))}(window,document);
//# sourceURL=https://ivam.es/wp-includes/js/wp-embed.min.js
</script>

De manera excepcional y por primera vez en España se exhibe un importante conjunto de obras de este crucial período creativo del arte holandés, cedidas por el Kunstmuseum Den Haag (La Haya, Países Bajos) que anteriormente contó con el apoyo de la colección del IVAM en la muestra dedicada a Julio González 2017. Este nuevo [&hellip;]
