{"version":"1.0","provider_name":"IVAM","provider_url":"https:\/\/ivam.es\/es\/","title":"Carmen Velasco. Las Provincias - IVAM","type":"rich","width":600,"height":338,"html":"<blockquote class=\"wp-embedded-content\" data-secret=\"pUArhGbZrJ\"><a href=\"https:\/\/ivam.es\/es\/carmen-velasco-las-provincias\/\">Carmen Velasco. Las Provincias<\/a><\/blockquote><iframe sandbox=\"allow-scripts\" security=\"restricted\" src=\"https:\/\/ivam.es\/es\/carmen-velasco-las-provincias\/embed\/#?secret=pUArhGbZrJ\" width=\"600\" height=\"338\" title=\"\u00abCarmen Velasco. Las Provincias\u00bb \u2014 IVAM\" data-secret=\"pUArhGbZrJ\" frameborder=\"0\" marginwidth=\"0\" marginheight=\"0\" scrolling=\"no\" class=\"wp-embedded-content\"><\/iframe><script>\n\/*! This file is auto-generated *\/\n!function(d,l){\"use strict\";l.querySelector&&d.addEventListener&&\"undefined\"!=typeof URL&&(d.wp=d.wp||{},d.wp.receiveEmbedMessage||(d.wp.receiveEmbedMessage=function(e){var t=e.data;if((t||t.secret||t.message||t.value)&&!\/[^a-zA-Z0-9]\/.test(t.secret)){for(var s,r,n,a=l.querySelectorAll('iframe[data-secret=\"'+t.secret+'\"]'),o=l.querySelectorAll('blockquote[data-secret=\"'+t.secret+'\"]'),c=new RegExp(\"^https?:$\",\"i\"),i=0;i<o.length;i++)o[i].style.display=\"none\";for(i=0;i<a.length;i++)s=a[i],e.source===s.contentWindow&&(s.removeAttribute(\"style\"),\"height\"===t.message?(1e3<(r=parseInt(t.value,10))?r=1e3:~~r<200&&(r=200),s.height=r):\"link\"===t.message&&(r=new URL(s.getAttribute(\"src\")),n=new URL(t.value),c.test(n.protocol))&&n.host===r.host&&l.activeElement===s&&(d.top.location.href=t.value))}},d.addEventListener(\"message\",d.wp.receiveEmbedMessage,!1),l.addEventListener(\"DOMContentLoaded\",function(){for(var e,t,s=l.querySelectorAll(\"iframe.wp-embedded-content\"),r=0;r<s.length;r++)(t=(e=s[r]).getAttribute(\"data-secret\"))||(t=Math.random().toString(36).substring(2,12),e.src+=\"#?secret=\"+t,e.setAttribute(\"data-secret\",t)),e.contentWindow.postMessage({message:\"ready\",secret:t},\"*\")},!1)))}(window,document);\n\/\/# sourceURL=https:\/\/ivam.es\/wp-includes\/js\/wp-embed.min.js\n<\/script>\n","description":"&nbsp; Tristes Armas. Josep Renau y Martha Rosler ante al guerra Galer\u00eda 7. IVAM. 2015 La guerra, ya sea una contienda militar o una batalla contra un virus, genera interrogantes y reflexi\u00f3n. El arte es un arma de construcci\u00f3n de idearios colectivos. La obra de Martha Rosler aborda el papel de la mujer en circunstancias [&hellip;]"}

&nbsp; Tristes Armas. Josep Renau y Martha Rosler ante al guerra Galería 7. IVAM. 2015 La guerra, ya sea una contienda militar o una batalla contra un virus, genera interrogantes y reflexión. El arte es un arma de construcción de idearios colectivos. La obra de Martha Rosler aborda el papel de la mujer en circunstancias [&hellip;]
