{"version":"1.0","provider_name":"IVAM","provider_url":"https:\/\/ivam.es\/es\/","title":"Taller did\u00e1ctico \"Perdent les formes\" - IVAM","type":"rich","width":600,"height":338,"html":"<blockquote class=\"wp-embedded-content\" data-secret=\"b745w5Kp7T\"><a href=\"https:\/\/ivam.es\/es\/actividades\/taller-didactico-perdent-les-formes\/\">Taller did\u00e1ctico \u00abPerdent les formes\u00bb<\/a><\/blockquote><iframe sandbox=\"allow-scripts\" security=\"restricted\" src=\"https:\/\/ivam.es\/es\/actividades\/taller-didactico-perdent-les-formes\/embed\/#?secret=b745w5Kp7T\" width=\"600\" height=\"338\" title=\"\u00abTaller did\u00e1ctico \u00abPerdent les formes\u00bb\u00bb \u2014 IVAM\" data-secret=\"b745w5Kp7T\" frameborder=\"0\" marginwidth=\"0\" marginheight=\"0\" scrolling=\"no\" class=\"wp-embedded-content\"><\/iframe><script>\n\/*! This file is auto-generated *\/\n!function(d,l){\"use strict\";l.querySelector&&d.addEventListener&&\"undefined\"!=typeof URL&&(d.wp=d.wp||{},d.wp.receiveEmbedMessage||(d.wp.receiveEmbedMessage=function(e){var t=e.data;if((t||t.secret||t.message||t.value)&&!\/[^a-zA-Z0-9]\/.test(t.secret)){for(var s,r,n,a=l.querySelectorAll('iframe[data-secret=\"'+t.secret+'\"]'),o=l.querySelectorAll('blockquote[data-secret=\"'+t.secret+'\"]'),c=new RegExp(\"^https?:$\",\"i\"),i=0;i<o.length;i++)o[i].style.display=\"none\";for(i=0;i<a.length;i++)s=a[i],e.source===s.contentWindow&&(s.removeAttribute(\"style\"),\"height\"===t.message?(1e3<(r=parseInt(t.value,10))?r=1e3:~~r<200&&(r=200),s.height=r):\"link\"===t.message&&(r=new URL(s.getAttribute(\"src\")),n=new URL(t.value),c.test(n.protocol))&&n.host===r.host&&l.activeElement===s&&(d.top.location.href=t.value))}},d.addEventListener(\"message\",d.wp.receiveEmbedMessage,!1),l.addEventListener(\"DOMContentLoaded\",function(){for(var e,t,s=l.querySelectorAll(\"iframe.wp-embedded-content\"),r=0;r<s.length;r++)(t=(e=s[r]).getAttribute(\"data-secret\"))||(t=Math.random().toString(36).substring(2,12),e.src+=\"#?secret=\"+t,e.setAttribute(\"data-secret\",t)),e.contentWindow.postMessage({message:\"ready\",secret:t},\"*\")},!1)))}(window,document);\n\/\/# sourceURL=https:\/\/ivam.es\/wp-includes\/js\/wp-embed.min.js\n<\/script>\n","description":"El taller did\u00e1ctico estar\u00e1 vinculado a la exposici\u00f3n La Eclosi\u00f3n de la abstracci\u00f3n. L\u00ednea y color en la colecci\u00f3n del IVAM, compuesta de alrededor de 120 obras, que trata de analizar algunas de las pr\u00e1cticas art\u00edsticas de car\u00e1cter abstracto desarrolladas desde el siglo XX hasta la actualidad. A partir de la visi\u00f3n de algunos\/as de [&hellip;]","thumbnail_url":"https:\/\/ivam.es\/wp-content\/uploads\/LA-CAIXA_vertical-fondo-blancominimini.jpg","thumbnail_width":100,"thumbnail_height":44}

Taller didáctico "Perdent les formes" - IVAM

<blockquote class="wp-embedded-content" data-secret="b745w5Kp7T"><a href="https://ivam.es/es/actividades/taller-didactico-perdent-les-formes/">Taller didáctico «Perdent les formes»</a></blockquote><iframe sandbox="allow-scripts" security="restricted" src="https://ivam.es/es/actividades/taller-didactico-perdent-les-formes/embed/#?secret=b745w5Kp7T" width="600" height="338" title="«Taller didáctico «Perdent les formes»» — IVAM" data-secret="b745w5Kp7T" frameborder="0" marginwidth="0" marginheight="0" scrolling="no" class="wp-embedded-content"></iframe><script>
/*! This file is auto-generated */
!function(d,l){"use strict";l.querySelector&&d.addEventListener&&"undefined"!=typeof URL&&(d.wp=d.wp||{},d.wp.receiveEmbedMessage||(d.wp.receiveEmbedMessage=function(e){var t=e.data;if((t||t.secret||t.message||t.value)&&!/[^a-zA-Z0-9]/.test(t.secret)){for(var s,r,n,a=l.querySelectorAll('iframe[data-secret="'+t.secret+'"]'),o=l.querySelectorAll('blockquote[data-secret="'+t.secret+'"]'),c=new RegExp("^https?:$","i"),i=0;i<o.length;i++)o[i].style.display="none";for(i=0;i<a.length;i++)s=a[i],e.source===s.contentWindow&&(s.removeAttribute("style"),"height"===t.message?(1e3<(r=parseInt(t.value,10))?r=1e3:~~r<200&&(r=200),s.height=r):"link"===t.message&&(r=new URL(s.getAttribute("src")),n=new URL(t.value),c.test(n.protocol))&&n.host===r.host&&l.activeElement===s&&(d.top.location.href=t.value))}},d.addEventListener("message",d.wp.receiveEmbedMessage,!1),l.addEventListener("DOMContentLoaded",function(){for(var e,t,s=l.querySelectorAll("iframe.wp-embedded-content"),r=0;r<s.length;r++)(t=(e=s[r]).getAttribute("data-secret"))||(t=Math.random().toString(36).substring(2,12),e.src+="#?secret="+t,e.setAttribute("data-secret",t)),e.contentWindow.postMessage({message:"ready",secret:t},"*")},!1)))}(window,document);
//# sourceURL=https://ivam.es/wp-includes/js/wp-embed.min.js
</script>

El taller didáctico estará vinculado a la exposición La Eclosión de la abstracción. Línea y color en la colección del IVAM, compuesta de alrededor de 120 obras, que trata de analizar algunas de las prácticas artísticas de carácter abstracto desarrolladas desde el siglo XX hasta la actualidad. A partir de la visión de algunos/as de [&hellip;]
