{"version":"1.0","provider_name":"IVAM","provider_url":"https:\/\/ivam.es\/es\/","title":"Seminario Segni Mossi - IVAM","type":"rich","width":600,"height":338,"html":"<blockquote class=\"wp-embedded-content\" data-secret=\"f7depRnajC\"><a href=\"https:\/\/ivam.es\/es\/actividades\/seminario-segni-mossi\/\">Seminario Segni Mossi<\/a><\/blockquote><iframe sandbox=\"allow-scripts\" security=\"restricted\" src=\"https:\/\/ivam.es\/es\/actividades\/seminario-segni-mossi\/embed\/#?secret=f7depRnajC\" width=\"600\" height=\"338\" title=\"\u00abSeminario Segni Mossi\u00bb \u2014 IVAM\" data-secret=\"f7depRnajC\" frameborder=\"0\" marginwidth=\"0\" marginheight=\"0\" scrolling=\"no\" class=\"wp-embedded-content\"><\/iframe><script>\n\/*! This file is auto-generated *\/\n!function(d,l){\"use strict\";l.querySelector&&d.addEventListener&&\"undefined\"!=typeof URL&&(d.wp=d.wp||{},d.wp.receiveEmbedMessage||(d.wp.receiveEmbedMessage=function(e){var t=e.data;if((t||t.secret||t.message||t.value)&&!\/[^a-zA-Z0-9]\/.test(t.secret)){for(var s,r,n,a=l.querySelectorAll('iframe[data-secret=\"'+t.secret+'\"]'),o=l.querySelectorAll('blockquote[data-secret=\"'+t.secret+'\"]'),c=new RegExp(\"^https?:$\",\"i\"),i=0;i<o.length;i++)o[i].style.display=\"none\";for(i=0;i<a.length;i++)s=a[i],e.source===s.contentWindow&&(s.removeAttribute(\"style\"),\"height\"===t.message?(1e3<(r=parseInt(t.value,10))?r=1e3:~~r<200&&(r=200),s.height=r):\"link\"===t.message&&(r=new URL(s.getAttribute(\"src\")),n=new URL(t.value),c.test(n.protocol))&&n.host===r.host&&l.activeElement===s&&(d.top.location.href=t.value))}},d.addEventListener(\"message\",d.wp.receiveEmbedMessage,!1),l.addEventListener(\"DOMContentLoaded\",function(){for(var e,t,s=l.querySelectorAll(\"iframe.wp-embedded-content\"),r=0;r<s.length;r++)(t=(e=s[r]).getAttribute(\"data-secret\"))||(t=Math.random().toString(36).substring(2,12),e.src+=\"#?secret=\"+t,e.setAttribute(\"data-secret\",t)),e.contentWindow.postMessage({message:\"ready\",secret:t},\"*\")},!1)))}(window,document);\n\/\/# sourceURL=https:\/\/ivam.es\/wp-includes\/js\/wp-embed.min.js\n<\/script>\n","description":"\u00a1Primera vez en Valencia! Destinatarios\/as: Educadores\/as, bailarines\/as, performers, arteterapeutas, m\u00fasicos, actores\/actrices,dise\u00f1adores\/as, creativos\/as, artistas o personas curiosas que tengan un inter\u00e9s en experimentar la relaci\u00f3n entre la danza y el trazo gr\u00e1fico. Fechas y horarios: &#8211; S\u00e1bado 27 de Mayo de 2017. De las 15.00 h a las 19.00 h. (16.00-17.00h video-presentaci\u00f3n del proyecto de Segni [&hellip;]","thumbnail_url":"https:\/\/ivam.es\/wp-content\/uploads\/LA-CAIXA_vertical-fondo-blancominimini.jpg","thumbnail_width":100,"thumbnail_height":44}

¡Primera vez en Valencia! Destinatarios/as: Educadores/as, bailarines/as, performers, arteterapeutas, músicos, actores/actrices,diseñadores/as, creativos/as, artistas o personas curiosas que tengan un interés en experimentar la relación entre la danza y el trazo gráfico. Fechas y horarios: &#8211; Sábado 27 de Mayo de 2017. De las 15.00 h a las 19.00 h. (16.00-17.00h video-presentación del proyecto de Segni [&hellip;]
