{"version":"1.0","provider_name":"IVAM","provider_url":"https:\/\/ivam.es\/es\/","title":"El gesto narrativo. Arte en la posguerra europea - IVAM","type":"rich","width":600,"height":338,"html":"<blockquote class=\"wp-embedded-content\" data-secret=\"0CZoxJIjcG\"><a href=\"https:\/\/ivam.es\/es\/actividades\/el-gesto-narrativo-arte-en-la-posguerra-europea\/\">El gesto narrativo. Arte en la posguerra europea<\/a><\/blockquote><iframe sandbox=\"allow-scripts\" security=\"restricted\" src=\"https:\/\/ivam.es\/es\/actividades\/el-gesto-narrativo-arte-en-la-posguerra-europea\/embed\/#?secret=0CZoxJIjcG\" width=\"600\" height=\"338\" title=\"\u00abEl gesto narrativo. Arte en la posguerra europea\u00bb \u2014 IVAM\" data-secret=\"0CZoxJIjcG\" frameborder=\"0\" marginwidth=\"0\" marginheight=\"0\" scrolling=\"no\" class=\"wp-embedded-content\"><\/iframe><script>\n\/*! This file is auto-generated *\/\n!function(d,l){\"use strict\";l.querySelector&&d.addEventListener&&\"undefined\"!=typeof URL&&(d.wp=d.wp||{},d.wp.receiveEmbedMessage||(d.wp.receiveEmbedMessage=function(e){var t=e.data;if((t||t.secret||t.message||t.value)&&!\/[^a-zA-Z0-9]\/.test(t.secret)){for(var s,r,n,a=l.querySelectorAll('iframe[data-secret=\"'+t.secret+'\"]'),o=l.querySelectorAll('blockquote[data-secret=\"'+t.secret+'\"]'),c=new RegExp(\"^https?:$\",\"i\"),i=0;i<o.length;i++)o[i].style.display=\"none\";for(i=0;i<a.length;i++)s=a[i],e.source===s.contentWindow&&(s.removeAttribute(\"style\"),\"height\"===t.message?(1e3<(r=parseInt(t.value,10))?r=1e3:~~r<200&&(r=200),s.height=r):\"link\"===t.message&&(r=new URL(s.getAttribute(\"src\")),n=new URL(t.value),c.test(n.protocol))&&n.host===r.host&&l.activeElement===s&&(d.top.location.href=t.value))}},d.addEventListener(\"message\",d.wp.receiveEmbedMessage,!1),l.addEventListener(\"DOMContentLoaded\",function(){for(var e,t,s=l.querySelectorAll(\"iframe.wp-embedded-content\"),r=0;r<s.length;r++)(t=(e=s[r]).getAttribute(\"data-secret\"))||(t=Math.random().toString(36).substring(2,12),e.src+=\"#?secret=\"+t,e.setAttribute(\"data-secret\",t)),e.contentWindow.postMessage({message:\"ready\",secret:t},\"*\")},!1)))}(window,document);\n\/\/# sourceURL=https:\/\/ivam.es\/wp-includes\/js\/wp-embed.min.js\n<\/script>\n","description":"La colecci\u00f3n del IVAM se organiza a partir de seis bloques cronol\u00f3gicos y tem\u00e1ticos que explican, con su voz propia, el arte desarrollado desde principios del siglo XX hasta la actualidad. Tal vez no est\u00e1 todo lo que es (o fue), pero s\u00ed es todo lo que est\u00e1. Las historias del presente \u2014y aquellas que [&hellip;]"}

La colección del IVAM se organiza a partir de seis bloques cronológicos y temáticos que explican, con su voz propia, el arte desarrollado desde principios del siglo XX hasta la actualidad. Tal vez no está todo lo que es (o fue), pero sí es todo lo que está. Las historias del presente —y aquellas que [&hellip;]
