{"id":79741,"date":"2023-06-08T14:39:01","date_gmt":"2023-06-08T12:39:01","guid":{"rendered":"https:\/\/ivam.es\/?page_id=79741"},"modified":"2023-10-26T11:35:42","modified_gmt":"2023-10-26T09:35:42","slug":"articulations-ivam-%c2%b7-uv-%c2%b7-upv-study-programme","status":"publish","type":"page","link":"https:\/\/ivam.es\/en\/articulations-ivam-%c2%b7-uv-%c2%b7-upv-study-programme\/","title":{"rendered":"Articulations &#8211; IVAM \u00b7 UV \u00b7 UPV study programme"},"content":{"rendered":"<p>The IVAM, with the Universitat de Val\u00e8ncia and Universitat Polit\u00e8cnica de Val\u00e8ncia, are launching the second edition of our international programme of studies, ARTICULACIONS.<\/p>\n<p>The IVAM, as an institution attentive to the urgent issues and uncertainties of our wounded global present, has set up ARTICULACIONS as a context for hybrid research and education. An experimental space which works with and participates in contemporary art and creation, but also other forms of knowledge and cultural practices, social concerns and public space.<\/p>\n<p>This is a locally anchored, international programme which requires and rehearses new working methods and ways of being in the world. It emphasises collaborative work as a means of learning from those around us, developing ideas and shaping new types of knowledge. Post-identity feminisms, popular and decolonial practices, the processes of globalisation and virtualisation, speculative and collective narratives, and caring for our planet are the frameworks that have structured the four modules of the programme: Contemporary metabolic practices, Ruptures and mediations of discourse, Walking with our heads, thinking with our feet, and the Final project.<\/p>\n<p>Students of this programme will be part of a varied institutional programme which focuses on careful attention to creative and thought processes, \u201cdoing with\u201d a community of students, professors with different academic backgrounds and professionals from the sector, from a variety of geographical areas, whose practices critically and incisively mould our ways of understanding, rehearsing and thinking about the contemporary world and its development.<\/p>\n<p>By joining this programme you will acquire cross-disciplinary critical skills that will enable you to analyse, design and create different types of cultural projects on your own or with others. Final projects will be materialised at the IVAM and associate entities, giving you the possibility to carry out a real programming practice.<\/p>\n<p>\u00a0<\/p>\n\n<p><strong><a href=\"https:\/\/ivam.es\/es\/articulacions-programa-destudis-ivam-uv-upv-23-24\/\">2nd Edition from October 4, 2023 to June 28, 2024<\/a><\/strong><\/p>\n\n\n<\/p>\n<p><strong><a href=\"https:\/\/ivam.es\/wp-content\/uploads\/FAQS-articulacions-23-24_OK_cast.pdf\" data-wplink-edit=\"true\">Frequently Questions<\/a><\/strong><\/p>\n<p>\n\n\n\n<\/p>\n<p><strong><a href=\"https:\/\/ivam.es\/es\/articulacions-programa-destudis-ivam-uv-upv-22-23\/\">1st Edition from October 6, 2022 to June 30, 2023<\/a><\/strong><\/p>\n<p>\n\n\n<p><\/p>\n\n\n<p><\/p>\n\n\n\n<p><\/p>\n\n\n\n<p><\/p>\n","protected":false},"excerpt":{"rendered":"<p>The IVAM, with the Universitat de Val\u00e8ncia and Universitat Polit\u00e8cnica de Val\u00e8ncia, are launching the second edition of our international programme of studies, ARTICULACIONS. The IVAM, as an institution attentive to the urgent issues and uncertainties of our wounded global present, has set up ARTICULACIONS as a context for hybrid research and education. An experimental [&hellip;]<\/p>\n","protected":false},"author":291,"featured_media":0,"parent":0,"menu_order":0,"comment_status":"closed","ping_status":"closed","template":"","meta":{"footnotes":""},"class_list":["post-79741","page","type-page","status-publish","hentry"],"yoast_head":"<!-- This site is optimized with the Yoast SEO plugin v26.0 - https:\/\/yoast.com\/wordpress\/plugins\/seo\/ -->\n<title>Articulations - IVAM \u00b7 UV \u00b7 UPV study programme - IVAM<\/title>\n<meta name=\"robots\" content=\"index, follow, max-snippet:-1, max-image-preview:large, max-video-preview:-1\" \/>\n<link rel=\"canonical\" href=\"https:\/\/ivam.es\/en\/articulations-ivam-%c2%b7-uv-%c2%b7-upv-study-programme\/\" \/>\n<meta property=\"og:locale\" content=\"en_US\" \/>\n<meta property=\"og:type\" content=\"article\" \/>\n<meta property=\"og:title\" content=\"Articulations - IVAM \u00b7 UV \u00b7 UPV study programme - IVAM\" \/>\n<meta property=\"og:description\" content=\"The IVAM, with the Universitat de Val\u00e8ncia and Universitat Polit\u00e8cnica de Val\u00e8ncia, are launching the second edition of our international programme of studies, ARTICULACIONS. The IVAM, as an institution attentive to the urgent issues and uncertainties of our wounded global present, has set up ARTICULACIONS as a context for hybrid research and education. An experimental [&hellip;]\" \/>\n<meta property=\"og:url\" content=\"https:\/\/ivam.es\/en\/articulations-ivam-%c2%b7-uv-%c2%b7-upv-study-programme\/\" \/>\n<meta property=\"og:site_name\" content=\"IVAM\" \/>\n<meta property=\"article:modified_time\" content=\"2023-10-26T09:35:42+00:00\" \/>\n<meta name=\"twitter:card\" content=\"summary_large_image\" \/>\n<meta name=\"twitter:label1\" content=\"Est. reading time\" \/>\n\t<meta name=\"twitter:data1\" content=\"2 minutes\" \/>\n<script type=\"application\/ld+json\" class=\"yoast-schema-graph\">{\"@context\":\"https:\/\/schema.org\",\"@graph\":[{\"@type\":\"WebPage\",\"@id\":\"https:\/\/ivam.es\/en\/articulations-ivam-%c2%b7-uv-%c2%b7-upv-study-programme\/\",\"url\":\"https:\/\/ivam.es\/en\/articulations-ivam-%c2%b7-uv-%c2%b7-upv-study-programme\/\",\"name\":\"Articulations - IVAM \u00b7 UV \u00b7 UPV study programme - IVAM\",\"isPartOf\":{\"@id\":\"https:\/\/ivam.es\/en\/#website\"},\"datePublished\":\"2023-06-08T12:39:01+00:00\",\"dateModified\":\"2023-10-26T09:35:42+00:00\",\"breadcrumb\":{\"@id\":\"https:\/\/ivam.es\/en\/articulations-ivam-%c2%b7-uv-%c2%b7-upv-study-programme\/#breadcrumb\"},\"inLanguage\":\"en-US\",\"potentialAction\":[{\"@type\":\"ReadAction\",\"target\":[\"https:\/\/ivam.es\/en\/articulations-ivam-%c2%b7-uv-%c2%b7-upv-study-programme\/\"]}]},{\"@type\":\"BreadcrumbList\",\"@id\":\"https:\/\/ivam.es\/en\/articulations-ivam-%c2%b7-uv-%c2%b7-upv-study-programme\/#breadcrumb\",\"itemListElement\":[{\"@type\":\"ListItem\",\"position\":1,\"name\":\"Home\",\"item\":\"https:\/\/ivam.es\/en\/\"},{\"@type\":\"ListItem\",\"position\":2,\"name\":\"Articulations &#8211; IVAM \u00b7 UV \u00b7 UPV study programme\"}]},{\"@type\":\"WebSite\",\"@id\":\"https:\/\/ivam.es\/en\/#website\",\"url\":\"https:\/\/ivam.es\/en\/\",\"name\":\"IVAM\",\"description\":\"Institut Valenci\u00e0 d&#039;Art Modern\",\"publisher\":{\"@id\":\"https:\/\/ivam.es\/en\/#organization\"},\"potentialAction\":[{\"@type\":\"SearchAction\",\"target\":{\"@type\":\"EntryPoint\",\"urlTemplate\":\"https:\/\/ivam.es\/en\/?s={search_term_string}\"},\"query-input\":{\"@type\":\"PropertyValueSpecification\",\"valueRequired\":true,\"valueName\":\"search_term_string\"}}],\"inLanguage\":\"en-US\"},{\"@type\":\"Organization\",\"@id\":\"https:\/\/ivam.es\/en\/#organization\",\"name\":\"IVAM\",\"url\":\"https:\/\/ivam.es\/en\/\",\"logo\":{\"@type\":\"ImageObject\",\"inLanguage\":\"en-US\",\"@id\":\"https:\/\/ivam.es\/en\/#\/schema\/logo\/image\/\",\"url\":\"https:\/\/ivam.es\/wp-content\/uploads\/logo-ok-512.png\",\"contentUrl\":\"https:\/\/ivam.es\/wp-content\/uploads\/logo-ok-512.png\",\"width\":512,\"height\":512,\"caption\":\"IVAM\"},\"image\":{\"@id\":\"https:\/\/ivam.es\/en\/#\/schema\/logo\/image\/\"}}]}<\/script>\n<!-- \/ Yoast SEO plugin. -->","yoast_head_json":{"title":"Articulations - IVAM \u00b7 UV \u00b7 UPV study programme - IVAM","robots":{"index":"index","follow":"follow","max-snippet":"max-snippet:-1","max-image-preview":"max-image-preview:large","max-video-preview":"max-video-preview:-1"},"canonical":"https:\/\/ivam.es\/en\/articulations-ivam-%c2%b7-uv-%c2%b7-upv-study-programme\/","og_locale":"en_US","og_type":"article","og_title":"Articulations - IVAM \u00b7 UV \u00b7 UPV study programme - IVAM","og_description":"The IVAM, with the Universitat de Val\u00e8ncia and Universitat Polit\u00e8cnica de Val\u00e8ncia, are launching the second edition of our international programme of studies, ARTICULACIONS. The IVAM, as an institution attentive to the urgent issues and uncertainties of our wounded global present, has set up ARTICULACIONS as a context for hybrid research and education. An experimental [&hellip;]","og_url":"https:\/\/ivam.es\/en\/articulations-ivam-%c2%b7-uv-%c2%b7-upv-study-programme\/","og_site_name":"IVAM","article_modified_time":"2023-10-26T09:35:42+00:00","twitter_card":"summary_large_image","twitter_misc":{"Est. reading time":"2 minutes"},"schema":{"@context":"https:\/\/schema.org","@graph":[{"@type":"WebPage","@id":"https:\/\/ivam.es\/en\/articulations-ivam-%c2%b7-uv-%c2%b7-upv-study-programme\/","url":"https:\/\/ivam.es\/en\/articulations-ivam-%c2%b7-uv-%c2%b7-upv-study-programme\/","name":"Articulations - IVAM \u00b7 UV \u00b7 UPV study programme - IVAM","isPartOf":{"@id":"https:\/\/ivam.es\/en\/#website"},"datePublished":"2023-06-08T12:39:01+00:00","dateModified":"2023-10-26T09:35:42+00:00","breadcrumb":{"@id":"https:\/\/ivam.es\/en\/articulations-ivam-%c2%b7-uv-%c2%b7-upv-study-programme\/#breadcrumb"},"inLanguage":"en-US","potentialAction":[{"@type":"ReadAction","target":["https:\/\/ivam.es\/en\/articulations-ivam-%c2%b7-uv-%c2%b7-upv-study-programme\/"]}]},{"@type":"BreadcrumbList","@id":"https:\/\/ivam.es\/en\/articulations-ivam-%c2%b7-uv-%c2%b7-upv-study-programme\/#breadcrumb","itemListElement":[{"@type":"ListItem","position":1,"name":"Home","item":"https:\/\/ivam.es\/en\/"},{"@type":"ListItem","position":2,"name":"Articulations &#8211; IVAM \u00b7 UV \u00b7 UPV study programme"}]},{"@type":"WebSite","@id":"https:\/\/ivam.es\/en\/#website","url":"https:\/\/ivam.es\/en\/","name":"IVAM","description":"Institut Valenci\u00e0 d&#039;Art Modern","publisher":{"@id":"https:\/\/ivam.es\/en\/#organization"},"potentialAction":[{"@type":"SearchAction","target":{"@type":"EntryPoint","urlTemplate":"https:\/\/ivam.es\/en\/?s={search_term_string}"},"query-input":{"@type":"PropertyValueSpecification","valueRequired":true,"valueName":"search_term_string"}}],"inLanguage":"en-US"},{"@type":"Organization","@id":"https:\/\/ivam.es\/en\/#organization","name":"IVAM","url":"https:\/\/ivam.es\/en\/","logo":{"@type":"ImageObject","inLanguage":"en-US","@id":"https:\/\/ivam.es\/en\/#\/schema\/logo\/image\/","url":"https:\/\/ivam.es\/wp-content\/uploads\/logo-ok-512.png","contentUrl":"https:\/\/ivam.es\/wp-content\/uploads\/logo-ok-512.png","width":512,"height":512,"caption":"IVAM"},"image":{"@id":"https:\/\/ivam.es\/en\/#\/schema\/logo\/image\/"}}]}},"_links":{"self":[{"href":"https:\/\/ivam.es\/en\/wp-json\/wp\/v2\/pages\/79741","targetHints":{"allow":["GET"]}}],"collection":[{"href":"https:\/\/ivam.es\/en\/wp-json\/wp\/v2\/pages"}],"about":[{"href":"https:\/\/ivam.es\/en\/wp-json\/wp\/v2\/types\/page"}],"author":[{"embeddable":true,"href":"https:\/\/ivam.es\/en\/wp-json\/wp\/v2\/users\/291"}],"replies":[{"embeddable":true,"href":"https:\/\/ivam.es\/en\/wp-json\/wp\/v2\/comments?post=79741"}],"version-history":[{"count":8,"href":"https:\/\/ivam.es\/en\/wp-json\/wp\/v2\/pages\/79741\/revisions"}],"predecessor-version":[{"id":83665,"href":"https:\/\/ivam.es\/en\/wp-json\/wp\/v2\/pages\/79741\/revisions\/83665"}],"wp:attachment":[{"href":"https:\/\/ivam.es\/en\/wp-json\/wp\/v2\/media?parent=79741"}],"curies":[{"name":"wp","href":"https:\/\/api.w.org\/{rel}","templated":true}]}}

<p>The IVAM, with the Universitat de València and Universitat Politècnica de València, are launching the second edition of our international programme of studies, ARTICULACIONS.</p>
<p>The IVAM, as an institution attentive to the urgent issues and uncertainties of our wounded global present, has set up ARTICULACIONS as a context for hybrid research and education. An experimental space which works with and participates in contemporary art and creation, but also other forms of knowledge and cultural practices, social concerns and public space.</p>
<p>This is a locally anchored, international programme which requires and rehearses new working methods and ways of being in the world. It emphasises collaborative work as a means of learning from those around us, developing ideas and shaping new types of knowledge. Post-identity feminisms, popular and decolonial practices, the processes of globalisation and virtualisation, speculative and collective narratives, and caring for our planet are the frameworks that have structured the four modules of the programme: Contemporary metabolic practices, Ruptures and mediations of discourse, Walking with our heads, thinking with our feet, and the Final project.</p>
<p>Students of this programme will be part of a varied institutional programme which focuses on careful attention to creative and thought processes, “doing with” a community of students, professors with different academic backgrounds and professionals from the sector, from a variety of geographical areas, whose practices critically and incisively mould our ways of understanding, rehearsing and thinking about the contemporary world and its development.</p>
<p>By joining this programme you will acquire cross-disciplinary critical skills that will enable you to analyse, design and create different types of cultural projects on your own or with others. Final projects will be materialised at the IVAM and associate entities, giving you the possibility to carry out a real programming practice.</p>
<p> </p>

<p><strong><a href="https://ivam.es/es/articulacions-programa-destudis-ivam-uv-upv-23-24/">2nd Edition from October 4, 2023 to June 28, 2024</a></strong></p>


</p>
<p><strong><a href="https://ivam.es/wp-content/uploads/FAQS-articulacions-23-24_OK_cast.pdf" data-wplink-edit="true">Frequently Questions</a></strong></p>
<p>



</p>
<p><strong><a href="https://ivam.es/es/articulacions-programa-destudis-ivam-uv-upv-22-23/">1st Edition from October 6, 2022 to June 30, 2023</a></strong></p>
<p>


<p></p>


<p></p>



<p></p>



<p></p>

<p>The IVAM, with the Universitat de València and Universitat Politècnica de València, are launching the second edition of our international programme of studies, ARTICULACIONS. The IVAM, as an institution attentive to the urgent issues and uncertainties of our wounded global present, has set up ARTICULACIONS as a context for hybrid research and education. An experimental [&hellip;]</p>

<!-- This site is optimized with the Yoast SEO plugin v26.0 - https://yoast.com/wordpress/plugins/seo/ -->
<title>Articulations - IVAM · UV · UPV study programme - IVAM</title>
<meta name="robots" content="index, follow, max-snippet:-1, max-image-preview:large, max-video-preview:-1" />
<link rel="canonical" href="https://ivam.es/en/articulations-ivam-%c2%b7-uv-%c2%b7-upv-study-programme/" />
<meta property="og:locale" content="en_US" />
<meta property="og:type" content="article" />
<meta property="og:title" content="Articulations - IVAM · UV · UPV study programme - IVAM" />
<meta property="og:description" content="The IVAM, with the Universitat de València and Universitat Politècnica de València, are launching the second edition of our international programme of studies, ARTICULACIONS. The IVAM, as an institution attentive to the urgent issues and uncertainties of our wounded global present, has set up ARTICULACIONS as a context for hybrid research and education. An experimental [&hellip;]" />
<meta property="og:url" content="https://ivam.es/en/articulations-ivam-%c2%b7-uv-%c2%b7-upv-study-programme/" />
<meta property="og:site_name" content="IVAM" />
<meta property="article:modified_time" content="2023-10-26T09:35:42+00:00" />
<meta name="twitter:card" content="summary_large_image" />
<meta name="twitter:label1" content="Est. reading time" />
	<meta name="twitter:data1" content="2 minutes" />
<script type="application/ld+json" class="yoast-schema-graph">{"@context":"https://schema.org","@graph":[{"@type":"WebPage","@id":"https://ivam.es/en/articulations-ivam-%c2%b7-uv-%c2%b7-upv-study-programme/","url":"https://ivam.es/en/articulations-ivam-%c2%b7-uv-%c2%b7-upv-study-programme/","name":"Articulations - IVAM · UV · UPV study programme - IVAM","isPartOf":{"@id":"https://ivam.es/en/#website"},"datePublished":"2023-06-08T12:39:01+00:00","dateModified":"2023-10-26T09:35:42+00:00","breadcrumb":{"@id":"https://ivam.es/en/articulations-ivam-%c2%b7-uv-%c2%b7-upv-study-programme/#breadcrumb"},"inLanguage":"en-US","potentialAction":[{"@type":"ReadAction","target":["https://ivam.es/en/articulations-ivam-%c2%b7-uv-%c2%b7-upv-study-programme/"]}]},{"@type":"BreadcrumbList","@id":"https://ivam.es/en/articulations-ivam-%c2%b7-uv-%c2%b7-upv-study-programme/#breadcrumb","itemListElement":[{"@type":"ListItem","position":1,"name":"Home","item":"https://ivam.es/en/"},{"@type":"ListItem","position":2,"name":"Articulations &#8211; IVAM · UV · UPV study programme"}]},{"@type":"WebSite","@id":"https://ivam.es/en/#website","url":"https://ivam.es/en/","name":"IVAM","description":"Institut Valencià d&#039;Art Modern","publisher":{"@id":"https://ivam.es/en/#organization"},"potentialAction":[{"@type":"SearchAction","target":{"@type":"EntryPoint","urlTemplate":"https://ivam.es/en/?s={search_term_string}"},"query-input":{"@type":"PropertyValueSpecification","valueRequired":true,"valueName":"search_term_string"}}],"inLanguage":"en-US"},{"@type":"Organization","@id":"https://ivam.es/en/#organization","name":"IVAM","url":"https://ivam.es/en/","logo":{"@type":"ImageObject","inLanguage":"en-US","@id":"https://ivam.es/en/#/schema/logo/image/","url":"https://ivam.es/wp-content/uploads/logo-ok-512.png","contentUrl":"https://ivam.es/wp-content/uploads/logo-ok-512.png","width":512,"height":512,"caption":"IVAM"},"image":{"@id":"https://ivam.es/en/#/schema/logo/image/"}}]}</script>
<!-- / Yoast SEO plugin. -->

The IVAM, with the Universitat de València and Universitat Politècnica de València, are launching the second edition of our international programme of studies, ARTICULACIONS. The IVAM, as an institution attentive to the urgent issues and uncertainties of our wounded global present, has set up ARTICULACIONS as a context for hybrid research and education. An experimental [&hellip;]

Institut Valencià d&#039;Art Modern
