{"id":45703,"date":"2020-05-06T08:35:25","date_gmt":"2020-05-06T06:35:25","guid":{"rendered":"\/?page_id=45703"},"modified":"2020-05-06T12:16:53","modified_gmt":"2020-05-06T10:16:53","slug":"patricia-gomez-and-ma-jesus-gonzalez","status":"publish","type":"page","link":"https:\/\/ivam.es\/en\/patricia-gomez-and-ma-jesus-gonzalez\/","title":{"rendered":"Patricia G\u00f3mez and M\u00aa Jes\u00fas Gonz\u00e1lez"},"content":{"rendered":"<p><a href=\"\/wp-content\/uploads\/page\/patricia-gomez-y-ma-jesus-gonzalez\/Patricia-y-Maria-Jesus-scaled.jpg\"><img loading=\"lazy\" decoding=\"async\" class=\"alignnone wp-image-45568\" src=\"\/wp-content\/uploads\/page\/patricia-gomez-y-ma-jesus-gonzalez\/Patricia-y-Maria-Jesus-227x300.jpg\" alt=\"Patricia G\u00f3mez y Mar\u00eda Jes\u00fas Gonz\u00e1lez \/ Barrio del Carmen. Plaza del Carmen I\" width=\"455\" height=\"600\" srcset=\"https:\/\/ivam.es\/wp-content\/uploads\/page\/patricia-gomez-y-ma-jesus-gonzalez\/Patricia-y-Maria-Jesus-227x300.jpg 227w, https:\/\/ivam.es\/wp-content\/uploads\/page\/patricia-gomez-y-ma-jesus-gonzalez\/Patricia-y-Maria-Jesus-776x1024.jpg 776w, https:\/\/ivam.es\/wp-content\/uploads\/page\/patricia-gomez-y-ma-jesus-gonzalez\/Patricia-y-Maria-Jesus-768x1013.jpg 768w, https:\/\/ivam.es\/wp-content\/uploads\/page\/patricia-gomez-y-ma-jesus-gonzalez\/Patricia-y-Maria-Jesus-1165x1536.jpg 1165w, https:\/\/ivam.es\/wp-content\/uploads\/page\/patricia-gomez-y-ma-jesus-gonzalez\/Patricia-y-Maria-Jesus-1553x2048.jpg 1553w, https:\/\/ivam.es\/wp-content\/uploads\/page\/patricia-gomez-y-ma-jesus-gonzalez\/Patricia-y-Maria-Jesus-280x369.jpg 280w, https:\/\/ivam.es\/wp-content\/uploads\/page\/patricia-gomez-y-ma-jesus-gonzalez\/Patricia-y-Maria-Jesus-467x616.jpg 467w, https:\/\/ivam.es\/wp-content\/uploads\/page\/patricia-gomez-y-ma-jesus-gonzalez\/Patricia-y-Maria-Jesus-231x305.jpg 231w, https:\/\/ivam.es\/wp-content\/uploads\/page\/patricia-gomez-y-ma-jesus-gonzalez\/Patricia-y-Maria-Jesus-500x660.jpg 500w, https:\/\/ivam.es\/wp-content\/uploads\/page\/patricia-gomez-y-ma-jesus-gonzalez\/Patricia-y-Maria-Jesus-scaled.jpg 1941w\" sizes=\"auto, (max-width: 455px) 100vw, 455px\" \/><\/a><\/p>\n<h4>El Carmen Neighbourhood. El Carmen Square I<br \/>\nIntervention with detachment of wall paintings on the 18th-century building located at 5 El Carmen Square.<\/h4>\n<p>&nbsp;<\/p>\n<p>On the verge of their disappearance, certain places work as memory containers and are capable of making us perceive and rebuild pieces of history and past experiences through their different layers of residual information that remains especially condensed on their walls.<\/p>\n<p>These places offer the possibility to work with a very symbolic and valuable material, the landscape of time. In the presence of their images, we hope for it to provide us with something, some knowledge, some emotion, some feeling\u2026 before it vanishes completely or turns into something different.<\/p>\n<p><strong>Patricia G\u00f3mez and M\u00aa Jes\u00fas Gonz\u00e1lez<\/strong><\/p>\n","protected":false},"excerpt":{"rendered":"<p>El Carmen Neighbourhood. El Carmen Square I Intervention with detachment of wall paintings on the 18th-century building located at 5 El Carmen Square. &nbsp; On the verge of their disappearance, certain places work as memory containers and are capable of making us perceive and rebuild pieces of history and past experiences through their different layers [&hellip;]<\/p>\n","protected":false},"author":3,"featured_media":0,"parent":0,"menu_order":262,"comment_status":"closed","ping_status":"closed","template":"","meta":{"footnotes":""},"class_list":["post-45703","page","type-page","status-publish","hentry"],"yoast_head":"<!-- This site is optimized with the Yoast SEO plugin v26.0 - https:\/\/yoast.com\/wordpress\/plugins\/seo\/ -->\n<title>Patricia G\u00f3mez and M\u00aa Jes\u00fas Gonz\u00e1lez - IVAM<\/title>\n<meta name=\"robots\" content=\"index, follow, max-snippet:-1, max-image-preview:large, max-video-preview:-1\" \/>\n<link rel=\"canonical\" href=\"https:\/\/ivam.es\/en\/patricia-gomez-and-ma-jesus-gonzalez\/\" \/>\n<meta property=\"og:locale\" content=\"en_US\" \/>\n<meta property=\"og:type\" content=\"article\" \/>\n<meta property=\"og:title\" content=\"Patricia G\u00f3mez and M\u00aa Jes\u00fas Gonz\u00e1lez - IVAM\" \/>\n<meta property=\"og:description\" content=\"El Carmen Neighbourhood. El Carmen Square I Intervention with detachment of wall paintings on the 18th-century building located at 5 El Carmen Square. &nbsp; On the verge of their disappearance, certain places work as memory containers and are capable of making us perceive and rebuild pieces of history and past experiences through their different layers [&hellip;]\" \/>\n<meta property=\"og:url\" content=\"https:\/\/ivam.es\/en\/patricia-gomez-and-ma-jesus-gonzalez\/\" \/>\n<meta property=\"og:site_name\" content=\"IVAM\" \/>\n<meta property=\"article:modified_time\" content=\"2020-05-06T10:16:53+00:00\" \/>\n<meta name=\"twitter:card\" content=\"summary_large_image\" \/>\n<meta name=\"twitter:label1\" content=\"Est. reading time\" \/>\n\t<meta name=\"twitter:data1\" content=\"1 minute\" \/>\n<script type=\"application\/ld+json\" class=\"yoast-schema-graph\">{\"@context\":\"https:\/\/schema.org\",\"@graph\":[{\"@type\":\"WebPage\",\"@id\":\"https:\/\/ivam.es\/en\/patricia-gomez-and-ma-jesus-gonzalez\/\",\"url\":\"https:\/\/ivam.es\/en\/patricia-gomez-and-ma-jesus-gonzalez\/\",\"name\":\"Patricia G\u00f3mez and M\u00aa Jes\u00fas Gonz\u00e1lez - IVAM\",\"isPartOf\":{\"@id\":\"https:\/\/ivam.es\/en\/#website\"},\"datePublished\":\"2020-05-06T06:35:25+00:00\",\"dateModified\":\"2020-05-06T10:16:53+00:00\",\"breadcrumb\":{\"@id\":\"https:\/\/ivam.es\/en\/patricia-gomez-and-ma-jesus-gonzalez\/#breadcrumb\"},\"inLanguage\":\"en-US\",\"potentialAction\":[{\"@type\":\"ReadAction\",\"target\":[\"https:\/\/ivam.es\/en\/patricia-gomez-and-ma-jesus-gonzalez\/\"]}]},{\"@type\":\"BreadcrumbList\",\"@id\":\"https:\/\/ivam.es\/en\/patricia-gomez-and-ma-jesus-gonzalez\/#breadcrumb\",\"itemListElement\":[{\"@type\":\"ListItem\",\"position\":1,\"name\":\"Home\",\"item\":\"https:\/\/ivam.es\/en\/\"},{\"@type\":\"ListItem\",\"position\":2,\"name\":\"Patricia G\u00f3mez and M\u00aa Jes\u00fas Gonz\u00e1lez\"}]},{\"@type\":\"WebSite\",\"@id\":\"https:\/\/ivam.es\/en\/#website\",\"url\":\"https:\/\/ivam.es\/en\/\",\"name\":\"IVAM\",\"description\":\"Institut Valenci\u00e0 d&#039;Art Modern\",\"publisher\":{\"@id\":\"https:\/\/ivam.es\/en\/#organization\"},\"potentialAction\":[{\"@type\":\"SearchAction\",\"target\":{\"@type\":\"EntryPoint\",\"urlTemplate\":\"https:\/\/ivam.es\/en\/?s={search_term_string}\"},\"query-input\":{\"@type\":\"PropertyValueSpecification\",\"valueRequired\":true,\"valueName\":\"search_term_string\"}}],\"inLanguage\":\"en-US\"},{\"@type\":\"Organization\",\"@id\":\"https:\/\/ivam.es\/en\/#organization\",\"name\":\"IVAM\",\"url\":\"https:\/\/ivam.es\/en\/\",\"logo\":{\"@type\":\"ImageObject\",\"inLanguage\":\"en-US\",\"@id\":\"https:\/\/ivam.es\/en\/#\/schema\/logo\/image\/\",\"url\":\"https:\/\/ivam.es\/wp-content\/uploads\/logo-ok-512.png\",\"contentUrl\":\"https:\/\/ivam.es\/wp-content\/uploads\/logo-ok-512.png\",\"width\":512,\"height\":512,\"caption\":\"IVAM\"},\"image\":{\"@id\":\"https:\/\/ivam.es\/en\/#\/schema\/logo\/image\/\"}}]}<\/script>\n<!-- \/ Yoast SEO plugin. -->","yoast_head_json":{"title":"Patricia G\u00f3mez and M\u00aa Jes\u00fas Gonz\u00e1lez - IVAM","robots":{"index":"index","follow":"follow","max-snippet":"max-snippet:-1","max-image-preview":"max-image-preview:large","max-video-preview":"max-video-preview:-1"},"canonical":"https:\/\/ivam.es\/en\/patricia-gomez-and-ma-jesus-gonzalez\/","og_locale":"en_US","og_type":"article","og_title":"Patricia G\u00f3mez and M\u00aa Jes\u00fas Gonz\u00e1lez - IVAM","og_description":"El Carmen Neighbourhood. El Carmen Square I Intervention with detachment of wall paintings on the 18th-century building located at 5 El Carmen Square. &nbsp; On the verge of their disappearance, certain places work as memory containers and are capable of making us perceive and rebuild pieces of history and past experiences through their different layers [&hellip;]","og_url":"https:\/\/ivam.es\/en\/patricia-gomez-and-ma-jesus-gonzalez\/","og_site_name":"IVAM","article_modified_time":"2020-05-06T10:16:53+00:00","twitter_card":"summary_large_image","twitter_misc":{"Est. reading time":"1 minute"},"schema":{"@context":"https:\/\/schema.org","@graph":[{"@type":"WebPage","@id":"https:\/\/ivam.es\/en\/patricia-gomez-and-ma-jesus-gonzalez\/","url":"https:\/\/ivam.es\/en\/patricia-gomez-and-ma-jesus-gonzalez\/","name":"Patricia G\u00f3mez and M\u00aa Jes\u00fas Gonz\u00e1lez - IVAM","isPartOf":{"@id":"https:\/\/ivam.es\/en\/#website"},"datePublished":"2020-05-06T06:35:25+00:00","dateModified":"2020-05-06T10:16:53+00:00","breadcrumb":{"@id":"https:\/\/ivam.es\/en\/patricia-gomez-and-ma-jesus-gonzalez\/#breadcrumb"},"inLanguage":"en-US","potentialAction":[{"@type":"ReadAction","target":["https:\/\/ivam.es\/en\/patricia-gomez-and-ma-jesus-gonzalez\/"]}]},{"@type":"BreadcrumbList","@id":"https:\/\/ivam.es\/en\/patricia-gomez-and-ma-jesus-gonzalez\/#breadcrumb","itemListElement":[{"@type":"ListItem","position":1,"name":"Home","item":"https:\/\/ivam.es\/en\/"},{"@type":"ListItem","position":2,"name":"Patricia G\u00f3mez and M\u00aa Jes\u00fas Gonz\u00e1lez"}]},{"@type":"WebSite","@id":"https:\/\/ivam.es\/en\/#website","url":"https:\/\/ivam.es\/en\/","name":"IVAM","description":"Institut Valenci\u00e0 d&#039;Art Modern","publisher":{"@id":"https:\/\/ivam.es\/en\/#organization"},"potentialAction":[{"@type":"SearchAction","target":{"@type":"EntryPoint","urlTemplate":"https:\/\/ivam.es\/en\/?s={search_term_string}"},"query-input":{"@type":"PropertyValueSpecification","valueRequired":true,"valueName":"search_term_string"}}],"inLanguage":"en-US"},{"@type":"Organization","@id":"https:\/\/ivam.es\/en\/#organization","name":"IVAM","url":"https:\/\/ivam.es\/en\/","logo":{"@type":"ImageObject","inLanguage":"en-US","@id":"https:\/\/ivam.es\/en\/#\/schema\/logo\/image\/","url":"https:\/\/ivam.es\/wp-content\/uploads\/logo-ok-512.png","contentUrl":"https:\/\/ivam.es\/wp-content\/uploads\/logo-ok-512.png","width":512,"height":512,"caption":"IVAM"},"image":{"@id":"https:\/\/ivam.es\/en\/#\/schema\/logo\/image\/"}}]}},"_links":{"self":[{"href":"https:\/\/ivam.es\/en\/wp-json\/wp\/v2\/pages\/45703","targetHints":{"allow":["GET"]}}],"collection":[{"href":"https:\/\/ivam.es\/en\/wp-json\/wp\/v2\/pages"}],"about":[{"href":"https:\/\/ivam.es\/en\/wp-json\/wp\/v2\/types\/page"}],"author":[{"embeddable":true,"href":"https:\/\/ivam.es\/en\/wp-json\/wp\/v2\/users\/3"}],"replies":[{"embeddable":true,"href":"https:\/\/ivam.es\/en\/wp-json\/wp\/v2\/comments?post=45703"}],"version-history":[{"count":1,"href":"https:\/\/ivam.es\/en\/wp-json\/wp\/v2\/pages\/45703\/revisions"}],"predecessor-version":[{"id":45704,"href":"https:\/\/ivam.es\/en\/wp-json\/wp\/v2\/pages\/45703\/revisions\/45704"}],"wp:attachment":[{"href":"https:\/\/ivam.es\/en\/wp-json\/wp\/v2\/media?parent=45703"}],"curies":[{"name":"wp","href":"https:\/\/api.w.org\/{rel}","templated":true}]}}

Patricia Gómez and Mª Jesús González

<p><a href="/wp-content/uploads/page/patricia-gomez-y-ma-jesus-gonzalez/Patricia-y-Maria-Jesus-scaled.jpg"><img loading="lazy" decoding="async" class="alignnone wp-image-45568" src="/wp-content/uploads/page/patricia-gomez-y-ma-jesus-gonzalez/Patricia-y-Maria-Jesus-227x300.jpg" alt="Patricia Gómez y María Jesús González / Barrio del Carmen. Plaza del Carmen I" width="455" height="600" srcset="https://ivam.es/wp-content/uploads/page/patricia-gomez-y-ma-jesus-gonzalez/Patricia-y-Maria-Jesus-227x300.jpg 227w, https://ivam.es/wp-content/uploads/page/patricia-gomez-y-ma-jesus-gonzalez/Patricia-y-Maria-Jesus-776x1024.jpg 776w, https://ivam.es/wp-content/uploads/page/patricia-gomez-y-ma-jesus-gonzalez/Patricia-y-Maria-Jesus-768x1013.jpg 768w, https://ivam.es/wp-content/uploads/page/patricia-gomez-y-ma-jesus-gonzalez/Patricia-y-Maria-Jesus-1165x1536.jpg 1165w, https://ivam.es/wp-content/uploads/page/patricia-gomez-y-ma-jesus-gonzalez/Patricia-y-Maria-Jesus-1553x2048.jpg 1553w, https://ivam.es/wp-content/uploads/page/patricia-gomez-y-ma-jesus-gonzalez/Patricia-y-Maria-Jesus-280x369.jpg 280w, https://ivam.es/wp-content/uploads/page/patricia-gomez-y-ma-jesus-gonzalez/Patricia-y-Maria-Jesus-467x616.jpg 467w, https://ivam.es/wp-content/uploads/page/patricia-gomez-y-ma-jesus-gonzalez/Patricia-y-Maria-Jesus-231x305.jpg 231w, https://ivam.es/wp-content/uploads/page/patricia-gomez-y-ma-jesus-gonzalez/Patricia-y-Maria-Jesus-500x660.jpg 500w, https://ivam.es/wp-content/uploads/page/patricia-gomez-y-ma-jesus-gonzalez/Patricia-y-Maria-Jesus-scaled.jpg 1941w" sizes="auto, (max-width: 455px) 100vw, 455px" /></a></p>
<h4>El Carmen Neighbourhood. El Carmen Square I<br />
Intervention with detachment of wall paintings on the 18th-century building located at 5 El Carmen Square.</h4>
<p>&nbsp;</p>
<p>On the verge of their disappearance, certain places work as memory containers and are capable of making us perceive and rebuild pieces of history and past experiences through their different layers of residual information that remains especially condensed on their walls.</p>
<p>These places offer the possibility to work with a very symbolic and valuable material, the landscape of time. In the presence of their images, we hope for it to provide us with something, some knowledge, some emotion, some feeling… before it vanishes completely or turns into something different.</p>
<p><strong>Patricia Gómez and Mª Jesús González</strong></p>

<!-- This site is optimized with the Yoast SEO plugin v26.0 - https://yoast.com/wordpress/plugins/seo/ -->
<title>Patricia Gómez and Mª Jesús González - IVAM</title>
<meta name="robots" content="index, follow, max-snippet:-1, max-image-preview:large, max-video-preview:-1" />
<link rel="canonical" href="https://ivam.es/en/patricia-gomez-and-ma-jesus-gonzalez/" />
<meta property="og:locale" content="en_US" />
<meta property="og:type" content="article" />
<meta property="og:title" content="Patricia Gómez and Mª Jesús González - IVAM" />
<meta property="og:description" content="El Carmen Neighbourhood. El Carmen Square I Intervention with detachment of wall paintings on the 18th-century building located at 5 El Carmen Square. &nbsp; On the verge of their disappearance, certain places work as memory containers and are capable of making us perceive and rebuild pieces of history and past experiences through their different layers [&hellip;]" />
<meta property="og:url" content="https://ivam.es/en/patricia-gomez-and-ma-jesus-gonzalez/" />
<meta property="og:site_name" content="IVAM" />
<meta property="article:modified_time" content="2020-05-06T10:16:53+00:00" />
<meta name="twitter:card" content="summary_large_image" />
<meta name="twitter:label1" content="Est. reading time" />
	<meta name="twitter:data1" content="1 minute" />
<script type="application/ld+json" class="yoast-schema-graph">{"@context":"https://schema.org","@graph":[{"@type":"WebPage","@id":"https://ivam.es/en/patricia-gomez-and-ma-jesus-gonzalez/","url":"https://ivam.es/en/patricia-gomez-and-ma-jesus-gonzalez/","name":"Patricia Gómez and Mª Jesús González - IVAM","isPartOf":{"@id":"https://ivam.es/en/#website"},"datePublished":"2020-05-06T06:35:25+00:00","dateModified":"2020-05-06T10:16:53+00:00","breadcrumb":{"@id":"https://ivam.es/en/patricia-gomez-and-ma-jesus-gonzalez/#breadcrumb"},"inLanguage":"en-US","potentialAction":[{"@type":"ReadAction","target":["https://ivam.es/en/patricia-gomez-and-ma-jesus-gonzalez/"]}]},{"@type":"BreadcrumbList","@id":"https://ivam.es/en/patricia-gomez-and-ma-jesus-gonzalez/#breadcrumb","itemListElement":[{"@type":"ListItem","position":1,"name":"Home","item":"https://ivam.es/en/"},{"@type":"ListItem","position":2,"name":"Patricia Gómez and Mª Jesús González"}]},{"@type":"WebSite","@id":"https://ivam.es/en/#website","url":"https://ivam.es/en/","name":"IVAM","description":"Institut Valencià d&#039;Art Modern","publisher":{"@id":"https://ivam.es/en/#organization"},"potentialAction":[{"@type":"SearchAction","target":{"@type":"EntryPoint","urlTemplate":"https://ivam.es/en/?s={search_term_string}"},"query-input":{"@type":"PropertyValueSpecification","valueRequired":true,"valueName":"search_term_string"}}],"inLanguage":"en-US"},{"@type":"Organization","@id":"https://ivam.es/en/#organization","name":"IVAM","url":"https://ivam.es/en/","logo":{"@type":"ImageObject","inLanguage":"en-US","@id":"https://ivam.es/en/#/schema/logo/image/","url":"https://ivam.es/wp-content/uploads/logo-ok-512.png","contentUrl":"https://ivam.es/wp-content/uploads/logo-ok-512.png","width":512,"height":512,"caption":"IVAM"},"image":{"@id":"https://ivam.es/en/#/schema/logo/image/"}}]}</script>
<!-- / Yoast SEO plugin. -->

Patricia Gómez and Mª Jesús González - IVAM

Institut Valencià d&#039;Art Modern
